{"id":10256,"date":"2025-08-20T16:39:56","date_gmt":"2025-08-20T20:39:56","guid":{"rendered":"https:\/\/www.archspm.org\/?post_type=events&#038;p=10256"},"modified":"2026-08-06T11:49:44","modified_gmt":"2026-08-06T16:49:44","slug":"friends-of-francis-retreat","status":"publish","type":"events","link":"https:\/\/www.archspm.org\/es\/events\/friends-of-francis-retreat\/","title":{"rendered":"Retiro de los Amigos de Francisco"},"content":{"rendered":"<p><strong>Fechas:\u00a0<\/strong>23-25 de octubre<br \/>\n<strong>Ubicaci\u00f3n: <\/strong>Centro Franciscano de Retiros y Espiritualidad, Prior Lake<br \/>\n<a href=\"https:\/\/www.franciscanretreats.net\/friends-of-francis-retreat\" target=\"_blank\" rel=\"noopener\"><strong>M\u00e1s informaci\u00f3n e inscripci\u00f3n<\/strong><\/a><\/p>\n<p><span data-olk-copy-source=\"MessageBody\">\u201cAbri\u00f3 el libro\u201d: Momentos b\u00edblicos en la *Vida de San Francisco* de Celano.<\/span><\/p>\n<p><span data-olk-copy-source=\"MessageBody\">Las sesiones de la conferencia se centrar\u00e1n en cuatro momentos significativos en los que Francisco lee o escucha el Evangelio en el Primer y Segundo Libro de Celano. El Retiro de los Amigos de Francisco est\u00e1 abierto a cualquier persona que sienta un gran aprecio por San Francisco y la espiritualidad franciscana. Presentado por el hermano Ian. Cuenta con una licenciatura en Estudios Religiosos y maestr\u00edas en Ministerio Pastoral y Teolog\u00eda, con especializaci\u00f3n en Estudios B\u00edblicos.<\/span><\/p>\n<p><a href=\"https:\/\/drive.google.com\/file\/d\/1BxneYHt0qflm31UDDn4GoGaAYoUZ2KAn\/view\" target=\"_blank\" rel=\"noopener\"><strong>Folleto promocional<\/strong><\/a><\/p>","protected":false},"featured_media":16938,"template":"","class_list":["post-10256","events","type-events","status-publish","has-post-thumbnail","hentry"],"_links":{"self":[{"href":"https:\/\/www.archspm.org\/es\/wp-json\/wp\/v2\/events\/10256","targetHints":{"allow":["GET"]}}],"collection":[{"href":"https:\/\/www.archspm.org\/es\/wp-json\/wp\/v2\/events"}],"about":[{"href":"https:\/\/www.archspm.org\/es\/wp-json\/wp\/v2\/types\/events"}],"version-history":[{"count":1,"href":"https:\/\/www.archspm.org\/es\/wp-json\/wp\/v2\/events\/10256\/revisions"}],"predecessor-version":[{"id":16939,"href":"https:\/\/www.archspm.org\/es\/wp-json\/wp\/v2\/events\/10256\/revisions\/16939"}],"wp:featuredmedia":[{"embeddable":true,"href":"https:\/\/www.archspm.org\/es\/wp-json\/wp\/v2\/media\/16938"}],"wp:attachment":[{"href":"https:\/\/www.archspm.org\/es\/wp-json\/wp\/v2\/media?parent=10256"}],"curies":[{"name":"wp","href":"https:\/\/api.w.org\/{rel}","templated":true}]}}

<p><strong>Fechas: </strong>23-25 de octubre<br />
<strong>Ubicación: </strong>Centro Franciscano de Retiros y Espiritualidad, Prior Lake<br />
<a href="https://www.franciscanretreats.net/friends-of-francis-retreat" target="_blank" rel="noopener"><strong>Más información e inscripción</strong></a></p>
<p><span data-olk-copy-source="MessageBody">“Abrió el libro”: Momentos bíblicos en la *Vida de San Francisco* de Celano.</span></p>
<p><span data-olk-copy-source="MessageBody">Las sesiones de la conferencia se centrarán en cuatro momentos significativos en los que Francisco lee o escucha el Evangelio en el Primer y Segundo Libro de Celano. El Retiro de los Amigos de Francisco está abierto a cualquier persona que sienta un gran aprecio por San Francisco y la espiritualidad franciscana. Presentado por el hermano Ian. Cuenta con una licenciatura en Estudios Religiosos y maestrías en Ministerio Pastoral y Teología, con especialización en Estudios Bíblicos.</span></p>
<p><a href="https://drive.google.com/file/d/1BxneYHt0qflm31UDDn4GoGaAYoUZ2KAn/view" target="_blank" rel="noopener"><strong>Folleto promocional</strong></a></p>
