{"id":10517,"date":"2025-09-08T14:11:05","date_gmt":"2025-09-08T18:11:05","guid":{"rendered":"https:\/\/www.archspm.org\/?post_type=events&#038;p=10517"},"modified":"2026-09-01T10:37:12","modified_gmt":"2026-09-01T15:37:12","slug":"solidarity-mass","status":"publish","type":"events","link":"https:\/\/www.archspm.org\/es\/events\/solidarity-mass\/","title":{"rendered":"Misa solidaria"},"content":{"rendered":"<p><strong>Date:\u00a0<\/strong>Domingo, 27 de septiembre<br \/>\n<strong>Hora:\u00a0<\/strong>5 de la tarde.<br \/>\n<strong>Ubicaci\u00f3n:\u00a0<\/strong><a href=\"https:\/\/www.archspm.org\/es\/location\/cathedral-of-saint-paul-catholic-church\/\">Catedral de San Pablo, San Pablo<\/a><\/p>\n<p>El arzobispo Bernard Hebda los invita a acompa\u00f1arlo en esta misa. El tema de este a\u00f1o se centra en los menores directamente afectados por la migraci\u00f3n y en el deber de proteger sus derechos y dignidad. Todos est\u00e1n invitados a compartir la riqueza de su cultura vistiendo la vestimenta t\u00edpica de su cultura o etnia de origen. La liturgia se celebrar\u00e1 principalmente en ingl\u00e9s, con algo de espa\u00f1ol, as\u00ed como en otros idiomas.<\/p>\n<p>El Papa Le\u00f3n XIV nos invita a acoger con compasi\u00f3n a los ni\u00f1os migrantes y refugiados, reconociendo en cada uno de ellos el rostro de Cristo. Con motivo de la Jornada Mundial de los Migrantes y Refugiados, el Papa Le\u00f3n XIV nos recuerda que cada ni\u00f1o migrante tiene una dignidad infinita y merece nuestra acogida, protecci\u00f3n y cuidado.<\/p>\n<p><strong>Folleto promocional (<a href=\"https:\/\/archspmmainsite.s3.us-east-1.amazonaws.com\/Offices\/Ministerio+Latino\/2026\/1264_Latino_SolidarityMass_2026_FLY_R3v1_english.pdf\" target=\"_blank\" rel=\"noopener\">Ingl\u00e9s<\/a>, <a href=\"https:\/\/archspmmainsite.s3.us-east-1.amazonaws.com\/Offices\/Ministerio+Latino\/2026\/1264_Latino_SolidarityMass_2026_FLY_R3v2_spanish.pdf\" target=\"_blank\" rel=\"noopener\">Espa\u00f1ol<\/a>)<\/strong><\/p>","protected":false},"featured_media":17285,"template":"","class_list":["post-10517","events","type-events","status-publish","has-post-thumbnail","hentry"],"_links":{"self":[{"href":"https:\/\/www.archspm.org\/es\/wp-json\/wp\/v2\/events\/10517","targetHints":{"allow":["GET"]}}],"collection":[{"href":"https:\/\/www.archspm.org\/es\/wp-json\/wp\/v2\/events"}],"about":[{"href":"https:\/\/www.archspm.org\/es\/wp-json\/wp\/v2\/types\/events"}],"version-history":[{"count":4,"href":"https:\/\/www.archspm.org\/es\/wp-json\/wp\/v2\/events\/10517\/revisions"}],"predecessor-version":[{"id":17286,"href":"https:\/\/www.archspm.org\/es\/wp-json\/wp\/v2\/events\/10517\/revisions\/17286"}],"wp:featuredmedia":[{"embeddable":true,"href":"https:\/\/www.archspm.org\/es\/wp-json\/wp\/v2\/media\/17285"}],"wp:attachment":[{"href":"https:\/\/www.archspm.org\/es\/wp-json\/wp\/v2\/media?parent=10517"}],"curies":[{"name":"wp","href":"https:\/\/api.w.org\/{rel}","templated":true}]}}

<p><strong>Date: </strong>Domingo, 27 de septiembre<br />
<strong>Hora: </strong>5 de la tarde.<br />
<strong>Ubicación: </strong><a href="https://www.archspm.org/es/location/cathedral-of-saint-paul-catholic-church/">Catedral de San Pablo, San Pablo</a></p>
<p>El arzobispo Bernard Hebda los invita a acompañarlo en esta misa. El tema de este año se centra en los menores directamente afectados por la migración y en el deber de proteger sus derechos y dignidad. Todos están invitados a compartir la riqueza de su cultura vistiendo la vestimenta típica de su cultura o etnia de origen. La liturgia se celebrará principalmente en inglés, con algo de español, así como en otros idiomas.</p>
<p>El Papa León XIV nos invita a acoger con compasión a los niños migrantes y refugiados, reconociendo en cada uno de ellos el rostro de Cristo. Con motivo de la Jornada Mundial de los Migrantes y Refugiados, el Papa León XIV nos recuerda que cada niño migrante tiene una dignidad infinita y merece nuestra acogida, protección y cuidado.</p>
<p><strong>Folleto promocional (<a href="https://archspmmainsite.s3.us-east-1.amazonaws.com/Offices/Ministerio+Latino/2026/1264_Latino_SolidarityMass_2026_FLY_R3v1_english.pdf" target="_blank" rel="noopener">Inglés</a>, <a href="https://archspmmainsite.s3.us-east-1.amazonaws.com/Offices/Ministerio+Latino/2026/1264_Latino_SolidarityMass_2026_FLY_R3v2_spanish.pdf" target="_blank" rel="noopener">Español</a>)</strong></p>
