{"id":14533,"date":"2026-03-10T16:10:26","date_gmt":"2026-03-10T20:10:26","guid":{"rendered":"https:\/\/www.archspm.org\/?post_type=events&#038;p=14533"},"modified":"2026-03-10T16:13:48","modified_gmt":"2026-03-10T20:13:48","slug":"the-passion-of-the-monarca-migrante-prayer-service","status":"publish","type":"events","link":"https:\/\/www.archspm.org\/es\/events\/the-passion-of-the-monarca-migrante-prayer-service\/","title":{"rendered":"La Pasi\u00f3n del Monarca Migrante Servicio de oraci\u00f3n"},"content":{"rendered":"<p><strong>Date:\u00a0<\/strong>Viernes, 27 de marzo<br \/>\n<strong>Hora:\u00a0<\/strong>7 p. m.<br \/>\n<strong>Ubicaci\u00f3n:\u00a0<\/strong>Virtual<br \/>\n<a href=\"https:\/\/forms.gle\/XBWZhTpn8664HiUUA\" target=\"_blank\" rel=\"noopener\"><strong>Reg\u00edstrese aqu\u00ed<\/strong><\/a><\/p>\n<p><span data-olk-copy-source=\"MessageBody\">\u00danase a Maryknoll, al Ministerio Latino y al Centro para la Misi\u00f3n en la oraci\u00f3n de un v\u00eda crucis biling\u00fce especial por nuestros hermanos y hermanas migrantes. \u201cLa pasi\u00f3n del monarca migrante. Una reflexi\u00f3n: la pasi\u00f3n de Cristo en las fronteras de nuestro mundo\u201d destaca la lucha y el viaje de los migrantes.\u00a0<\/span><\/p>\n<p><span data-olk-copy-source=\"MessageBody\">\u00bfPreguntas? Comun\u00edquese con Janine Ricker a rickerj@archspm.org o al 651-291-4504.<\/span><\/p>\n<p><strong>Material promocional:<\/strong><\/p>\n<ul>\n<li><a href=\"https:\/\/archspmmainsite.s3.us-east-1.amazonaws.com\/Events\/2026\/Monarca+Migrante+Flyer.pdf\" target=\"_blank\" rel=\"noopener\">Folleto<\/a><\/li>\n<\/ul>","protected":false},"featured_media":14397,"template":"","class_list":["post-14533","events","type-events","status-publish","has-post-thumbnail","hentry"],"_links":{"self":[{"href":"https:\/\/www.archspm.org\/es\/wp-json\/wp\/v2\/events\/14533","targetHints":{"allow":["GET"]}}],"collection":[{"href":"https:\/\/www.archspm.org\/es\/wp-json\/wp\/v2\/events"}],"about":[{"href":"https:\/\/www.archspm.org\/es\/wp-json\/wp\/v2\/types\/events"}],"version-history":[{"count":3,"href":"https:\/\/www.archspm.org\/es\/wp-json\/wp\/v2\/events\/14533\/revisions"}],"predecessor-version":[{"id":14536,"href":"https:\/\/www.archspm.org\/es\/wp-json\/wp\/v2\/events\/14533\/revisions\/14536"}],"wp:featuredmedia":[{"embeddable":true,"href":"https:\/\/www.archspm.org\/es\/wp-json\/wp\/v2\/media\/14397"}],"wp:attachment":[{"href":"https:\/\/www.archspm.org\/es\/wp-json\/wp\/v2\/media?parent=14533"}],"curies":[{"name":"wp","href":"https:\/\/api.w.org\/{rel}","templated":true}]}}

La Pasión del Monarca Migrante Servicio de oración

<p><strong>Date: </strong>Viernes, 27 de marzo<br />
<strong>Hora: </strong>7 p. m.<br />
<strong>Ubicación: </strong>Virtual<br />
<a href="https://forms.gle/XBWZhTpn8664HiUUA" target="_blank" rel="noopener"><strong>Regístrese aquí</strong></a></p>
<p><span data-olk-copy-source="MessageBody">Únase a Maryknoll, al Ministerio Latino y al Centro para la Misión en la oración de un vía crucis bilingüe especial por nuestros hermanos y hermanas migrantes. “La pasión del monarca migrante. Una reflexión: la pasión de Cristo en las fronteras de nuestro mundo” destaca la lucha y el viaje de los migrantes. </span></p>
<p><span data-olk-copy-source="MessageBody">¿Preguntas? Comuníquese con Janine Ricker a rickerj@archspm.org o al 651-291-4504.</span></p>
<p><strong>Material promocional:</strong></p>
<ul>
<li><a href="https://archspmmainsite.s3.us-east-1.amazonaws.com/Events/2026/Monarca+Migrante+Flyer.pdf" target="_blank" rel="noopener">Folleto</a></li>
</ul>
