{"id":15220,"date":"2026-04-24T12:55:56","date_gmt":"2026-04-24T16:55:56","guid":{"rendered":"https:\/\/www.archspm.org\/?post_type=events&#038;p=15220"},"modified":"2026-04-24T13:07:52","modified_gmt":"2026-04-24T17:07:52","slug":"mass-with-archbishop-hebda-on-10th-anniversary-of-installation","status":"publish","type":"events","link":"https:\/\/www.archspm.org\/es\/events\/mass-with-archbishop-hebda-on-10th-anniversary-of-installation\/","title":{"rendered":"Misa con el arzobispo Hebda con motivo del d\u00e9cimo aniversario de su toma de posesi\u00f3n"},"content":{"rendered":"<p><strong><a href=\"https:\/\/www.archspm.org\/wp-content\/uploads\/2026\/04\/Hebda-installation-Mass.webp\"><img fetchpriority=\"high\" decoding=\"async\" class=\"alignright size-medium wp-image-15222\" src=\"https:\/\/www.archspm.org\/wp-content\/uploads\/2026\/04\/Hebda-installation-Mass-300x222.webp\" alt=\"\" width=\"300\" height=\"222\" srcset=\"https:\/\/www.archspm.org\/wp-content\/uploads\/2026\/04\/Hebda-installation-Mass-300x222.webp 300w, https:\/\/www.archspm.org\/wp-content\/uploads\/2026\/04\/Hebda-installation-Mass-1024x756.webp 1024w, https:\/\/www.archspm.org\/wp-content\/uploads\/2026\/04\/Hebda-installation-Mass-768x567.webp 768w, https:\/\/www.archspm.org\/wp-content\/uploads\/2026\/04\/Hebda-installation-Mass-1536x1134.webp 1536w, https:\/\/www.archspm.org\/wp-content\/uploads\/2026\/04\/Hebda-installation-Mass-16x12.webp 16w, https:\/\/www.archspm.org\/wp-content\/uploads\/2026\/04\/Hebda-installation-Mass.webp 2000w\" sizes=\"(max-width: 300px) 100vw, 300px\" \/><\/a>Date:\u00a0<\/strong>Mi\u00e9rcoles, 13 de mayo<br \/>\n<strong>Hora:\u00a0<\/strong>5:15 p. m.<br \/>\n<strong>Ubicaci\u00f3n:\u00a0<\/strong><a href=\"https:\/\/www.archspm.org\/es\/location\/cathedral-of-saint-paul-catholic-church\/\">Catedral de San Pablo, St. Paul<\/a><\/p>\n<p>El 13 de mayo de 2016, festividad de Nuestra Se\u00f1ora de F\u00e1tima, el arzobispo Bernard Hebda tom\u00f3 posesi\u00f3n como arzobispo de Saint Paul y Minneapolis. \u00danase a esta misa, celebrada por el arzobispo Hebda, con motivo del d\u00e9cimo aniversario de su toma de posesi\u00f3n.<\/p>","protected":false},"featured_media":15222,"template":"","class_list":["post-15220","events","type-events","status-publish","has-post-thumbnail","hentry"],"_links":{"self":[{"href":"https:\/\/www.archspm.org\/es\/wp-json\/wp\/v2\/events\/15220","targetHints":{"allow":["GET"]}}],"collection":[{"href":"https:\/\/www.archspm.org\/es\/wp-json\/wp\/v2\/events"}],"about":[{"href":"https:\/\/www.archspm.org\/es\/wp-json\/wp\/v2\/types\/events"}],"version-history":[{"count":3,"href":"https:\/\/www.archspm.org\/es\/wp-json\/wp\/v2\/events\/15220\/revisions"}],"predecessor-version":[{"id":15225,"href":"https:\/\/www.archspm.org\/es\/wp-json\/wp\/v2\/events\/15220\/revisions\/15225"}],"wp:featuredmedia":[{"embeddable":true,"href":"https:\/\/www.archspm.org\/es\/wp-json\/wp\/v2\/media\/15222"}],"wp:attachment":[{"href":"https:\/\/www.archspm.org\/es\/wp-json\/wp\/v2\/media?parent=15220"}],"curies":[{"name":"wp","href":"https:\/\/api.w.org\/{rel}","templated":true}]}}

Misa con el arzobispo Hebda con motivo del décimo aniversario de su toma de posesión

<p><strong><a href="https://www.archspm.org/wp-content/uploads/2026/04/Hebda-installation-Mass.webp"><img fetchpriority="high" decoding="async" class="alignright size-medium wp-image-15222" src="https://www.archspm.org/wp-content/uploads/2026/04/Hebda-installation-Mass-300x222.webp" alt="" width="300" height="222" srcset="https://www.archspm.org/wp-content/uploads/2026/04/Hebda-installation-Mass-300x222.webp 300w, https://www.archspm.org/wp-content/uploads/2026/04/Hebda-installation-Mass-1024x756.webp 1024w, https://www.archspm.org/wp-content/uploads/2026/04/Hebda-installation-Mass-768x567.webp 768w, https://www.archspm.org/wp-content/uploads/2026/04/Hebda-installation-Mass-1536x1134.webp 1536w, https://www.archspm.org/wp-content/uploads/2026/04/Hebda-installation-Mass-16x12.webp 16w, https://www.archspm.org/wp-content/uploads/2026/04/Hebda-installation-Mass.webp 2000w" sizes="(max-width: 300px) 100vw, 300px" /></a>Date: </strong>Miércoles, 13 de mayo<br />
<strong>Hora: </strong>5:15 p. m.<br />
<strong>Ubicación: </strong><a href="https://www.archspm.org/es/location/cathedral-of-saint-paul-catholic-church/">Catedral de San Pablo, St. Paul</a></p>
<p>El 13 de mayo de 2016, festividad de Nuestra Señora de Fátima, el arzobispo Bernard Hebda tomó posesión como arzobispo de Saint Paul y Minneapolis. Únase a esta misa, celebrada por el arzobispo Hebda, con motivo del décimo aniversario de su toma de posesión.</p>
