{"id":15303,"date":"2026-04-29T13:13:55","date_gmt":"2026-04-29T17:13:55","guid":{"rendered":"https:\/\/www.archspm.org\/?post_type=events&#038;p=15303"},"modified":"2026-04-29T13:13:55","modified_gmt":"2026-04-29T17:13:55","slug":"silent-retreat-for-men-and-women","status":"publish","type":"events","link":"https:\/\/www.archspm.org\/es\/events\/silent-retreat-for-men-and-women\/","title":{"rendered":"Retiro de silencio para hombres y mujeres"},"content":{"rendered":"<p><strong>Date: <\/strong>Del 25 al 28 de junio<br \/>\n<strong>Ubicaci\u00f3n:<\/strong> Centro Franciscano de Retiros y Espiritualidad, Prior Lake<br \/>\n<strong>M\u00e1s informaci\u00f3n e inscripciones:\u00a0<\/strong><a href=\"https:\/\/www.franciscanretreats.net\/silent-catholic-retreat-men-women-june-\" target=\"_blank\" rel=\"noopener\">Pulse aqu\u00ed<\/a><\/p>\n<p><span data-olk-copy-source=\"MessageBody\">Abierto tanto a hombres como a mujeres, el silencio comienza tras la oraci\u00f3n vespertina del jueves y finaliza tras la \u00faltima charla del \u00faltimo d\u00eda del retiro. Tema: <em>Abre la puerta: Yo hago nuevas todas las cosas<\/em>. Acompa\u00f1amiento espiritual individual. Confesi\u00f3n. Misa. Unci\u00f3n de los enfermos. Suite privada. Comidas preparadas en el lugar. \u00a1Una \u00e9poca del a\u00f1o preciosa para visitarnos! 60 acres de naturaleza con senderos y preciosas puestas de sol sobre el lago. Los terrenos incluyen un patio con jardines, un mirador, un laberinto y estaciones al aire libre.<\/span><\/p>\n<p><strong>Material promocional:\u00a0<\/strong><\/p>\n<ul>\n<li><a href=\"https:\/\/drive.google.com\/file\/d\/1dvQuNrff2C0ej_T3ZZ_dmdhgzGhQ9Tni\/view?usp=sharing\" target=\"_blank\" rel=\"noopener\">Folleto<\/a><\/li>\n<\/ul>","protected":false},"featured_media":15305,"template":"","class_list":["post-15303","events","type-events","status-publish","has-post-thumbnail","hentry"],"_links":{"self":[{"href":"https:\/\/www.archspm.org\/es\/wp-json\/wp\/v2\/events\/15303","targetHints":{"allow":["GET"]}}],"collection":[{"href":"https:\/\/www.archspm.org\/es\/wp-json\/wp\/v2\/events"}],"about":[{"href":"https:\/\/www.archspm.org\/es\/wp-json\/wp\/v2\/types\/events"}],"version-history":[{"count":2,"href":"https:\/\/www.archspm.org\/es\/wp-json\/wp\/v2\/events\/15303\/revisions"}],"predecessor-version":[{"id":15308,"href":"https:\/\/www.archspm.org\/es\/wp-json\/wp\/v2\/events\/15303\/revisions\/15308"}],"wp:featuredmedia":[{"embeddable":true,"href":"https:\/\/www.archspm.org\/es\/wp-json\/wp\/v2\/media\/15305"}],"wp:attachment":[{"href":"https:\/\/www.archspm.org\/es\/wp-json\/wp\/v2\/media?parent=15303"}],"curies":[{"name":"wp","href":"https:\/\/api.w.org\/{rel}","templated":true}]}}

<p><strong>Date: </strong>Del 25 al 28 de junio<br />
<strong>Ubicación:</strong> Centro Franciscano de Retiros y Espiritualidad, Prior Lake<br />
<strong>Más información e inscripciones: </strong><a href="https://www.franciscanretreats.net/silent-catholic-retreat-men-women-june-" target="_blank" rel="noopener">Pulse aquí</a></p>
<p><span data-olk-copy-source="MessageBody">Abierto tanto a hombres como a mujeres, el silencio comienza tras la oración vespertina del jueves y finaliza tras la última charla del último día del retiro. Tema: <em>Abre la puerta: Yo hago nuevas todas las cosas</em>. Acompañamiento espiritual individual. Confesión. Misa. Unción de los enfermos. Suite privada. Comidas preparadas en el lugar. ¡Una época del año preciosa para visitarnos! 60 acres de naturaleza con senderos y preciosas puestas de sol sobre el lago. Los terrenos incluyen un patio con jardines, un mirador, un laberinto y estaciones al aire libre.</span></p>
<p><strong>Material promocional: </strong></p>
<ul>
<li><a href="https://drive.google.com/file/d/1dvQuNrff2C0ej_T3ZZ_dmdhgzGhQ9Tni/view?usp=sharing" target="_blank" rel="noopener">Folleto</a></li>
</ul>
