{"id":17292,"date":"2026-09-01T14:26:32","date_gmt":"2026-09-01T19:26:32","guid":{"rendered":"https:\/\/www.archspm.org\/?post_type=events&#038;p=17292"},"modified":"2026-09-01T14:26:32","modified_gmt":"2026-09-01T19:26:32","slug":"listening-session-care-for-creation","status":"publish","type":"events","link":"https:\/\/www.archspm.org\/es\/events\/listening-session-care-for-creation\/","title":{"rendered":"Sesi\u00f3n de di\u00e1logo: El cuidado de la creaci\u00f3n y la crisis clim\u00e1tica"},"content":{"rendered":"<p><strong>Date:\u00a0<\/strong>S\u00e1bado, de octubre.<br \/>\n<strong>Hora de inicio:\u00a0<\/strong>8:30 a. m.<br \/>\n<strong>Hora de finalizaci\u00f3n:\u00a0<\/strong>11 de la ma\u00f1ana<br \/>\n<strong>Ubicaci\u00f3n:\u00a0<\/strong>Centro Cat\u00f3lico Arquidiocesano, St. Paul<br \/>\n<a href=\"https:\/\/lp.constantcontactpages.com\/ev\/reg\/8f9f2d12-db45-4559-9629-e04b85059054?source_id=b3aaedc3-0f10-4170-9d20-8a09b61acfaa&amp;source_type=em&amp;c=I_G9Gvr8WqzXvX2_IBvDF1YUI86LKLOwrAALXUJof-9AuigHoRMTzQ==\" target=\"_blank\" rel=\"noopener\"><strong>Reg\u00edstrese aqu\u00ed<\/strong><\/a><\/p>\n<p><span data-olk-copy-source=\"MessageBody\">Se invita a todas las personas de la Arquidi\u00f3cesis de San Pablo y Minneapolis interesadas en los temas relacionados con el cuidado de la creaci\u00f3n a una sesi\u00f3n de escucha para compartir historias sobre el clima y c\u00f3mo les gustar\u00eda que la Iglesia nos acompa\u00f1ara ante los impactos clim\u00e1ticos.<\/span><\/p>\n<p><a href=\"https:\/\/files.constantcontact.com\/bc92665f901\/ebf14a06-53bf-4a9b-889e-6d33b59c919d.pdf?rdr=true\" target=\"_blank\" rel=\"noopener\"><strong>Folleto promocional<\/strong><\/a><\/p>","protected":false},"featured_media":17293,"template":"","class_list":["post-17292","events","type-events","status-publish","has-post-thumbnail","hentry"],"_links":{"self":[{"href":"https:\/\/www.archspm.org\/es\/wp-json\/wp\/v2\/events\/17292","targetHints":{"allow":["GET"]}}],"collection":[{"href":"https:\/\/www.archspm.org\/es\/wp-json\/wp\/v2\/events"}],"about":[{"href":"https:\/\/www.archspm.org\/es\/wp-json\/wp\/v2\/types\/events"}],"version-history":[{"count":1,"href":"https:\/\/www.archspm.org\/es\/wp-json\/wp\/v2\/events\/17292\/revisions"}],"predecessor-version":[{"id":17294,"href":"https:\/\/www.archspm.org\/es\/wp-json\/wp\/v2\/events\/17292\/revisions\/17294"}],"wp:featuredmedia":[{"embeddable":true,"href":"https:\/\/www.archspm.org\/es\/wp-json\/wp\/v2\/media\/17293"}],"wp:attachment":[{"href":"https:\/\/www.archspm.org\/es\/wp-json\/wp\/v2\/media?parent=17292"}],"curies":[{"name":"wp","href":"https:\/\/api.w.org\/{rel}","templated":true}]}}

Sesión de diálogo: El cuidado de la creación y la crisis climática

<p><strong>Date: </strong>Sábado, de octubre.<br />
<strong>Hora de inicio: </strong>8:30 a. m.<br />
<strong>Hora de finalización: </strong>11 de la mañana<br />
<strong>Ubicación: </strong>Centro Católico Arquidiocesano, St. Paul<br />
<a href="https://lp.constantcontactpages.com/ev/reg/8f9f2d12-db45-4559-9629-e04b85059054?source_id=b3aaedc3-0f10-4170-9d20-8a09b61acfaa&amp;source_type=em&amp;c=I_G9Gvr8WqzXvX2_IBvDF1YUI86LKLOwrAALXUJof-9AuigHoRMTzQ==" target="_blank" rel="noopener"><strong>Regístrese aquí</strong></a></p>
<p><span data-olk-copy-source="MessageBody">Se invita a todas las personas de la Arquidiócesis de San Pablo y Minneapolis interesadas en los temas relacionados con el cuidado de la creación a una sesión de escucha para compartir historias sobre el clima y cómo les gustaría que la Iglesia nos acompañara ante los impactos climáticos.</span></p>
<p><a href="https://files.constantcontact.com/bc92665f901/ebf14a06-53bf-4a9b-889e-6d33b59c919d.pdf?rdr=true" target="_blank" rel="noopener"><strong>Folleto promocional</strong></a></p>
