{"id":4451,"date":"2025-02-11T03:42:02","date_gmt":"2025-02-11T08:42:02","guid":{"rendered":"https:\/\/www.archspm.org\/?post_type=events&#038;p=4451"},"modified":"2026-04-07T15:11:15","modified_gmt":"2026-04-07T19:11:15","slug":"annual-family-rosary-procession","status":"publish","type":"events","link":"https:\/\/www.archspm.org\/es\/events\/annual-family-rosary-procession\/","title":{"rendered":"Procesi\u00f3n anual del Rosario Familiar"},"content":{"rendered":"<p><strong>Date:<\/strong> Domingo, 3 de mayo<br \/>\n<strong>Hora:<\/strong> 14:00 h (Formaci\u00f3n de la procesi\u00f3n a las 13:30 h)<br \/>\n<strong>Ubicaci\u00f3n: <\/strong>Procesi\u00f3n desde Kellogg y John Ireland hasta <a href=\"https:\/\/www.archspm.org\/es\/location\/cathedral-of-saint-paul-catholic-church\/\">Catedral de San Pablo, St. Paul<\/a><\/p>\n<p>Como testimonio p\u00fablico de nuestra fe cat\u00f3lica durante el mes de mayo, dedicado a nuestra Sant\u00edsima Madre Mar\u00eda, ven con tu familia y amigos a la Procesi\u00f3n Arquidiocesana Anual del Rosario en Familia.<\/p>\n<p><span data-olk-copy-source=\"MessageBody\">Debido a las obras en la carretera, el recorrido ser\u00e1 considerablemente m\u00e1s corto este a\u00f1o, ya que la salida comenzar\u00e1 en John Ireland y Kellogg <\/span>a la 1:30 p. m. La procesi\u00f3n comenzar\u00e1 a las 2 p. m. Se invita a las parroquias a traer estandartes que representen a sus comunidades. Se invita a los ni\u00f1os que han recibido la Primera Comuni\u00f3n a que vistan su atuendo de la Primera Comuni\u00f3n.<\/p>\n<p>Aquellos que no puedan recorrer el itinerario de la procesi\u00f3n pueden dirigirse directamente a la Catedral para rezar el Rosario con los que participan en la procesi\u00f3n.<\/p>\n<p><strong>Materiales promocionales:<\/strong><\/p>\n<ul>\n<li>Folleto (<a href=\"https:\/\/archspmmainsite.s3.us-east-1.amazonaws.com\/Events\/2026\/1162_Worship_Rosary_Procession_May2026_FLY_english_R1v2.pdf\" target=\"_blank\" rel=\"noopener\">Ingl\u00e9s<\/a>, <a href=\"https:\/\/archspmmainsite.s3.us-east-1.amazonaws.com\/Events\/2026\/1162_Worship_Rosary_Procession_May2026_FLY_spanish_R1v2.pdf\" target=\"_blank\" rel=\"noopener\">Espa\u00f1ol<\/a>)<\/li>\n<li>Cartel (<a href=\"https:\/\/archspmmainsite.s3.us-east-1.amazonaws.com\/Events\/2026\/1162_Worship_Rosary_Procession_May2026_POSTER_english_R1v1.pdf\" target=\"_blank\" rel=\"noopener\">Ingl\u00e9s<\/a>, <a href=\"https:\/\/archspmmainsite.s3.us-east-1.amazonaws.com\/Events\/2026\/1162_Worship_Rosary_Procession_May2026_POSTER_spanish_R1v1.pdf\" target=\"_blank\" rel=\"noopener\">Espa\u00f1ol<\/a>)<\/li>\n<\/ul>","protected":false},"featured_media":4452,"template":"","class_list":["post-4451","events","type-events","status-publish","has-post-thumbnail","hentry"],"_links":{"self":[{"href":"https:\/\/www.archspm.org\/es\/wp-json\/wp\/v2\/events\/4451","targetHints":{"allow":["GET"]}}],"collection":[{"href":"https:\/\/www.archspm.org\/es\/wp-json\/wp\/v2\/events"}],"about":[{"href":"https:\/\/www.archspm.org\/es\/wp-json\/wp\/v2\/types\/events"}],"version-history":[{"count":4,"href":"https:\/\/www.archspm.org\/es\/wp-json\/wp\/v2\/events\/4451\/revisions"}],"predecessor-version":[{"id":14907,"href":"https:\/\/www.archspm.org\/es\/wp-json\/wp\/v2\/events\/4451\/revisions\/14907"}],"wp:featuredmedia":[{"embeddable":true,"href":"https:\/\/www.archspm.org\/es\/wp-json\/wp\/v2\/media\/4452"}],"wp:attachment":[{"href":"https:\/\/www.archspm.org\/es\/wp-json\/wp\/v2\/media?parent=4451"}],"curies":[{"name":"wp","href":"https:\/\/api.w.org\/{rel}","templated":true}]}}

Procesión anual del Rosario Familiar

<p><strong>Date:</strong> Domingo, 3 de mayo<br />
<strong>Hora:</strong> 14:00 h (Formación de la procesión a las 13:30 h)<br />
<strong>Ubicación: </strong>Procesión desde Kellogg y John Ireland hasta <a href="https://www.archspm.org/es/location/cathedral-of-saint-paul-catholic-church/">Catedral de San Pablo, St. Paul</a></p>
<p>Como testimonio público de nuestra fe católica durante el mes de mayo, dedicado a nuestra Santísima Madre María, ven con tu familia y amigos a la Procesión Arquidiocesana Anual del Rosario en Familia.</p>
<p><span data-olk-copy-source="MessageBody">Debido a las obras en la carretera, el recorrido será considerablemente más corto este año, ya que la salida comenzará en John Ireland y Kellogg </span>a la 1:30 p. m. La procesión comenzará a las 2 p. m. Se invita a las parroquias a traer estandartes que representen a sus comunidades. Se invita a los niños que han recibido la Primera Comunión a que vistan su atuendo de la Primera Comunión.</p>
<p>Aquellos que no puedan recorrer el itinerario de la procesión pueden dirigirse directamente a la Catedral para rezar el Rosario con los que participan en la procesión.</p>
<p><strong>Materiales promocionales:</strong></p>
<ul>
<li>Folleto (<a href="https://archspmmainsite.s3.us-east-1.amazonaws.com/Events/2026/1162_Worship_Rosary_Procession_May2026_FLY_english_R1v2.pdf" target="_blank" rel="noopener">Inglés</a>, <a href="https://archspmmainsite.s3.us-east-1.amazonaws.com/Events/2026/1162_Worship_Rosary_Procession_May2026_FLY_spanish_R1v2.pdf" target="_blank" rel="noopener">Español</a>)</li>
<li>Cartel (<a href="https://archspmmainsite.s3.us-east-1.amazonaws.com/Events/2026/1162_Worship_Rosary_Procession_May2026_POSTER_english_R1v1.pdf" target="_blank" rel="noopener">Inglés</a>, <a href="https://archspmmainsite.s3.us-east-1.amazonaws.com/Events/2026/1162_Worship_Rosary_Procession_May2026_POSTER_spanish_R1v1.pdf" target="_blank" rel="noopener">Español</a>)</li>
</ul>
