{"id":5231,"date":"2023-04-05T21:26:07","date_gmt":"2023-04-06T01:26:07","guid":{"rendered":"https:\/\/www.archspm.org\/?post_type=events&#038;p=5231"},"modified":"2025-09-24T11:41:50","modified_gmt":"2025-09-24T15:41:50","slug":"evening-prayer-for-young-adults","status":"publish","type":"events","link":"https:\/\/www.archspm.org\/es\/events\/evening-prayer-for-young-adults\/","title":{"rendered":"Oraci\u00f3n vespertina en l\u00ednea para j\u00f3venes adultos"},"content":{"rendered":"<p><strong>Fecha(s): <\/strong>Martes, 28 de octubre, 25 de noviembre, 16 de diciembre<br \/>\n<strong>Hora:<\/strong> 7 p. m.<br \/>\n<strong>Hora de finalizaci\u00f3n:<\/strong> 8 p. m.<br \/>\n<strong>Ubicaci\u00f3n:<\/strong> Evento virtual<br \/>\n<strong>M\u00e1s informaci\u00f3n: <\/strong><a href=\"https:\/\/ssnd.org\/events\/\" target=\"_blank\" rel=\"noopener\">M\u00e1s informaci\u00f3n e inscripci\u00f3n<\/a><\/p>\n<p>Los j\u00f3venes mayores de 18 a\u00f1os est\u00e1n invitados a la oraci\u00f3n vespertina en l\u00ednea con las Hermanas Escolares de Notre Dame. Habr\u00e1 tiempo para compartir la fe con j\u00f3venes y hermanas de todo Estados Unidos y Canad\u00e1.<\/p>\n<p><em>Todos son bienvenidos a este acto, en el que se hablar\u00e1 ingl\u00e9s.<\/em><\/p>\n<p><strong>Material promocional:<\/strong><\/p>\n<ul>\n<li><a href=\"https:\/\/ssnd.org\/wp-content\/uploads\/2024\/11\/SSND-Evening-Prayer-flyer.pdf\" target=\"_blank\" rel=\"noopener\">Folleto<\/a><\/li>\n<\/ul>","protected":false},"featured_media":10028,"template":"","class_list":["post-5231","events","type-events","status-publish","has-post-thumbnail","hentry"],"_links":{"self":[{"href":"https:\/\/www.archspm.org\/es\/wp-json\/wp\/v2\/events\/5231","targetHints":{"allow":["GET"]}}],"collection":[{"href":"https:\/\/www.archspm.org\/es\/wp-json\/wp\/v2\/events"}],"about":[{"href":"https:\/\/www.archspm.org\/es\/wp-json\/wp\/v2\/types\/events"}],"version-history":[{"count":0,"href":"https:\/\/www.archspm.org\/es\/wp-json\/wp\/v2\/events\/5231\/revisions"}],"wp:featuredmedia":[{"embeddable":true,"href":"https:\/\/www.archspm.org\/es\/wp-json\/wp\/v2\/media\/10028"}],"wp:attachment":[{"href":"https:\/\/www.archspm.org\/es\/wp-json\/wp\/v2\/media?parent=5231"}],"curies":[{"name":"wp","href":"https:\/\/api.w.org\/{rel}","templated":true}]}}

Oración vespertina en línea para jóvenes adultos

<p><strong>Fecha(s): </strong>Martes, 28 de octubre, 25 de noviembre, 16 de diciembre<br />
<strong>Hora:</strong> 7 p. m.<br />
<strong>Hora de finalización:</strong> 8 p. m.<br />
<strong>Ubicación:</strong> Evento virtual<br />
<strong>Más información: </strong><a href="https://ssnd.org/events/" target="_blank" rel="noopener">Más información e inscripción</a></p>
<p>Los jóvenes mayores de 18 años están invitados a la oración vespertina en línea con las Hermanas Escolares de Notre Dame. Habrá tiempo para compartir la fe con jóvenes y hermanas de todo Estados Unidos y Canadá.</p>
<p><em>Todos son bienvenidos a este acto, en el que se hablará inglés.</em></p>
<p><strong>Material promocional:</strong></p>
<ul>
<li><a href="https://ssnd.org/wp-content/uploads/2024/11/SSND-Evening-Prayer-flyer.pdf" target="_blank" rel="noopener">Folleto</a></li>
</ul>
