{"id":5473,"date":"2024-09-03T19:54:30","date_gmt":"2024-09-03T23:54:30","guid":{"rendered":"https:\/\/www.archspm.org\/?post_type=events&#038;p=5473"},"modified":"2025-09-22T13:46:08","modified_gmt":"2025-09-22T17:46:08","slug":"mind-body-and-spirit-series-healthcare-from-a-catholic-perspective","status":"publish","type":"events","link":"https:\/\/www.archspm.org\/es\/events\/mind-body-and-spirit-series-healthcare-from-a-catholic-perspective\/","title":{"rendered":"Serie Mente, Cuerpo y Esp\u00edritu: La atenci\u00f3n m\u00e9dica desde una perspectiva cat\u00f3lica"},"content":{"rendered":"<p><strong>Date: <\/strong>Martes, 7 de octubre<br \/>\n<strong>Ubicaci\u00f3n:\u00a0<\/strong>San Juan Neumann, Eagan<br \/>\n<strong>M\u00e1s informaci\u00f3n: <\/strong><a href=\"https:\/\/www.sjn.org\/pastoral-care\" target=\"_blank\" rel=\"noopener\">Pulse aqu\u00ed<\/a><\/p>\n<p><em>El cuerpo, de hecho, y solo el cuerpo, es capaz de hacer visible lo invisible: lo espiritual y lo divino. Ha sido creado para transferir a la realidad visible del mundo el misterio oculto desde la eternidad en Dios, y as\u00ed ser un signo de \u00e9l.\u00a0<\/em>(Teolog\u00eda del cuerpo 19:4)<\/p>\n<p>Hechos a imagen y semejanza de Dios, es a trav\u00e9s de nuestros cuerpos que, en cierto sentido, hacemos visible a un Dios invisible. Comprender lo sagrado y misterioso que somos nos ayuda a entender la importancia de cuidar nuestro cuerpo f\u00edsico durante todas las etapas de la vida.<\/p>\n<p><em>Todos son bienvenidos a este acto, en el que se hablar\u00e1 ingl\u00e9s.<\/em><\/p>\n<p><strong>Material promocional:\u00a0<\/strong><\/p>\n<ul>\n<li><a href=\"https:\/\/acrobat.adobe.com\/id\/urn:aaid:sc:VA6C2:d2525dbd-aca3-422c-8597-0632c965544b\" target=\"_blank\" rel=\"noopener\">Folleto<\/a><\/li>\n<li><a href=\"https:\/\/tinyurl.com\/SJN-Mind-Body-Spirit-Series\" target=\"_blank\" rel=\"noopener\">Folleto<\/a><\/li>\n<\/ul>\n<p>&nbsp;<\/p>\n<p><b data-olk-copy-source=\"MessageBody\">Teolog\u00eda del cuerpo<br \/>\n<\/b>Martes, 7 de octubre<br \/>\nJustin Matelski, MAT, CCSL<\/p>\n<p><b>Depresi\u00f3n y ansiedad<br \/>\n<\/b>Martes, 4 de noviembre<br \/>\nDra. Anne Stocker, doctora en Filosof\u00eda.<\/p>\n<p><b>Perimenopausia y menopausia<br \/>\n<\/b>Martes, 2 de diciembre<br \/>\nDra. Jessi Grajczyk, DO<\/p>\n<p><b>Tecnolog\u00eda y salud mental<br \/>\n<\/b>Martes, 6 de enero de 2026<br \/>\nIsaac Wicker, LPC, MS<\/p>\n<p><b>Autismo y TDAH<br \/>\n<\/b>Martes, 3 de febrero de 2026<br \/>\nDra. Anne Stocker, doctora en Filosof\u00eda.<\/p>\n<p><b>Sufrimiento y enfermedades cr\u00f3nicas<br \/>\n<\/b>Martes, 3 de marzo de 2026<br \/>\nSydney March, enfermera titulada, MAT<br \/>\nSarah McCauley, m\u00e1ster, terapeuta matrimonial y familiar licenciada<\/p>\n<p><b>Prevenci\u00f3n del suicidio en el QPR<br \/>\n<\/b>Martes, 7 de abril de 2026<br \/>\nLori Hannasch, MAPL<\/p>","protected":false},"featured_media":4382,"template":"","class_list":["post-5473","events","type-events","status-publish","has-post-thumbnail","hentry"],"_links":{"self":[{"href":"https:\/\/www.archspm.org\/es\/wp-json\/wp\/v2\/events\/5473","targetHints":{"allow":["GET"]}}],"collection":[{"href":"https:\/\/www.archspm.org\/es\/wp-json\/wp\/v2\/events"}],"about":[{"href":"https:\/\/www.archspm.org\/es\/wp-json\/wp\/v2\/types\/events"}],"version-history":[{"count":0,"href":"https:\/\/www.archspm.org\/es\/wp-json\/wp\/v2\/events\/5473\/revisions"}],"wp:featuredmedia":[{"embeddable":true,"href":"https:\/\/www.archspm.org\/es\/wp-json\/wp\/v2\/media\/4382"}],"wp:attachment":[{"href":"https:\/\/www.archspm.org\/es\/wp-json\/wp\/v2\/media?parent=5473"}],"curies":[{"name":"wp","href":"https:\/\/api.w.org\/{rel}","templated":true}]}}

Serie Mente, Cuerpo y Espíritu: La atención médica desde una perspectiva católica

<p><strong>Date: </strong>Martes, 7 de octubre<br />
<strong>Ubicación: </strong>San Juan Neumann, Eagan<br />
<strong>Más información: </strong><a href="https://www.sjn.org/pastoral-care" target="_blank" rel="noopener">Pulse aquí</a></p>
<p><em>El cuerpo, de hecho, y solo el cuerpo, es capaz de hacer visible lo invisible: lo espiritual y lo divino. Ha sido creado para transferir a la realidad visible del mundo el misterio oculto desde la eternidad en Dios, y así ser un signo de él. </em>(Teología del cuerpo 19:4)</p>
<p>Hechos a imagen y semejanza de Dios, es a través de nuestros cuerpos que, en cierto sentido, hacemos visible a un Dios invisible. Comprender lo sagrado y misterioso que somos nos ayuda a entender la importancia de cuidar nuestro cuerpo físico durante todas las etapas de la vida.</p>
<p><em>Todos son bienvenidos a este acto, en el que se hablará inglés.</em></p>
<p><strong>Material promocional: </strong></p>
<ul>
<li><a href="https://acrobat.adobe.com/id/urn:aaid:sc:VA6C2:d2525dbd-aca3-422c-8597-0632c965544b" target="_blank" rel="noopener">Folleto</a></li>
<li><a href="https://tinyurl.com/SJN-Mind-Body-Spirit-Series" target="_blank" rel="noopener">Folleto</a></li>
</ul>
<p>&nbsp;</p>
<p><b data-olk-copy-source="MessageBody">Teología del cuerpo<br />
</b>Martes, 7 de octubre<br />
Justin Matelski, MAT, CCSL</p>
<p><b>Depresión y ansiedad<br />
</b>Martes, 4 de noviembre<br />
Dra. Anne Stocker, doctora en Filosofía.</p>
<p><b>Perimenopausia y menopausia<br />
</b>Martes, 2 de diciembre<br />
Dra. Jessi Grajczyk, DO</p>
<p><b>Tecnología y salud mental<br />
</b>Martes, 6 de enero de 2026<br />
Isaac Wicker, LPC, MS</p>
<p><b>Autismo y TDAH<br />
</b>Martes, 3 de febrero de 2026<br />
Dra. Anne Stocker, doctora en Filosofía.</p>
<p><b>Sufrimiento y enfermedades crónicas<br />
</b>Martes, 3 de marzo de 2026<br />
Sydney March, enfermera titulada, MAT<br />
Sarah McCauley, máster, terapeuta matrimonial y familiar licenciada</p>
<p><b>Prevención del suicidio en el QPR<br />
</b>Martes, 7 de abril de 2026<br />
Lori Hannasch, MAPL</p>
