{"id":8770,"date":"2025-05-03T23:50:35","date_gmt":"2025-05-04T03:50:35","guid":{"rendered":"https:\/\/www.archspm.org\/?post_type=events&#038;p=8770"},"modified":"2026-03-31T17:09:21","modified_gmt":"2026-03-31T21:09:21","slug":"pentecost-vigil-mass","status":"publish","type":"events","link":"https:\/\/www.archspm.org\/es\/events\/pentecost-vigil-mass\/","title":{"rendered":"Vigilia de Pentecost\u00e9s"},"content":{"rendered":"<p><strong>Date:\u00a0<\/strong>S\u00e1bado, 23 de mayo<br \/>\n<strong>Hora de inicio: <\/strong>5:15 p. m.<br \/>\n<strong>Ubicaci\u00f3n:<\/strong> Catedral de San Pablo, St. Paul<\/p>\n<p>Todos est\u00e1n invitados a acompa\u00f1ar al arzobispo Hebda en la misa de vigilia de Pentecost\u00e9s. Tras la misa tendr\u00e1 lugar un encuentro de oraci\u00f3n.<\/p>","protected":false},"featured_media":6509,"template":"","class_list":["post-8770","events","type-events","status-publish","has-post-thumbnail","hentry"],"_links":{"self":[{"href":"https:\/\/www.archspm.org\/es\/wp-json\/wp\/v2\/events\/8770","targetHints":{"allow":["GET"]}}],"collection":[{"href":"https:\/\/www.archspm.org\/es\/wp-json\/wp\/v2\/events"}],"about":[{"href":"https:\/\/www.archspm.org\/es\/wp-json\/wp\/v2\/types\/events"}],"version-history":[{"count":2,"href":"https:\/\/www.archspm.org\/es\/wp-json\/wp\/v2\/events\/8770\/revisions"}],"predecessor-version":[{"id":14863,"href":"https:\/\/www.archspm.org\/es\/wp-json\/wp\/v2\/events\/8770\/revisions\/14863"}],"wp:featuredmedia":[{"embeddable":true,"href":"https:\/\/www.archspm.org\/es\/wp-json\/wp\/v2\/media\/6509"}],"wp:attachment":[{"href":"https:\/\/www.archspm.org\/es\/wp-json\/wp\/v2\/media?parent=8770"}],"curies":[{"name":"wp","href":"https:\/\/api.w.org\/{rel}","templated":true}]}}

Vigilia de Pentecostés

<p><strong>Date: </strong>Sábado, 23 de mayo<br />
<strong>Hora de inicio: </strong>5:15 p. m.<br />
<strong>Ubicación:</strong> Catedral de San Pablo, St. Paul</p>
<p>Todos están invitados a acompañar al arzobispo Hebda en la misa de vigilia de Pentecostés. Tras la misa tendrá lugar un encuentro de oración.</p>
