{"id":9837,"date":"2025-07-15T15:53:47","date_gmt":"2025-07-15T19:53:47","guid":{"rendered":"https:\/\/www.archspm.org\/?post_type=events&#038;p=9837"},"modified":"2025-07-15T15:53:47","modified_gmt":"2025-07-15T19:53:47","slug":"shadows-of-silence-a-webinar-for-survivors-and-those-who-care-for-them","status":"publish","type":"events","link":"https:\/\/www.archspm.org\/es\/events\/shadows-of-silence-a-webinar-for-survivors-and-those-who-care-for-them\/","title":{"rendered":"Sombras del silencio: un seminario web para sobrevivientes y quienes los cuidan"},"content":{"rendered":"<p><strong>Date: <\/strong>Lunes, 28 de julio<br \/>\n<strong>Hora de inicio:\u00a0<\/strong>6:30 p. m.<br \/>\n<strong>Hora de finalizaci\u00f3n:\u00a0<\/strong>8 p. m.<br \/>\n<strong>Ubicaci\u00f3n:\u00a0<\/strong><a href=\"https:\/\/archspm-org.zoom.us\/webinar\/register\/WN_Lkjx66qhSp2il5a_9t4N0g#\/\" target=\"_blank\" rel=\"noopener\">Virtual<\/a><\/p>\n<p>Esta presentaci\u00f3n examina el fen\u00f3meno generalizado, aunque poco denunciado, del abuso emocional, espiritual y sexual perpetrado contra hermanas y monjas cat\u00f3licas en \u00f3rdenes religiosas. Bas\u00e1ndose en testimonios de sobrevivientes, documentos institucionales e investigaciones recientes, esta presentaci\u00f3n explorar\u00e1 los desequilibrios de poder, las culturas del silencio y los mecanismos de rendici\u00f3n de cuentas inadecuados que han permitido que este abuso persista a lo largo de siglos y continentes.<\/p>\n<p>TERENCE MCKIERNAN fund\u00f3 BishopAccountability.org en 2003 y es el presidente de la organizaci\u00f3n. Fue l\u00edder del proyecto G\u00e9nero, Sexo y Poder en el Centro Cushwa de Notre Dame entre 2020 y 2022. Terry y BishopAccountability.org recibieron el Premio al Servicio Distinguido 2023 de la Asociaci\u00f3n Cat\u00f3lica Hist\u00f3rica Estadounidense.<\/p>\n<p>LUCY HUH es candidata a doctorado en la Escuela de Trabajo Social Diana R. Garland de la Universidad Baylor. Su investigaci\u00f3n examina la explotaci\u00f3n sexual de adultos por parte del clero, con un enfoque particular en el desarrollo de medidas preventivas a trav\u00e9s de reformas legislativas e institucionales. Ha trabajado directamente en iniciativas de protecci\u00f3n para la Iglesia cat\u00f3lica y es miembro de la junta directiva de Awake. Sus trabajos acad\u00e9micos y comentarios han sido publicados en diversos medios, entre ellos la revista America Magazine.<\/p>\n<p>Para m\u00e1s informaci\u00f3n, p\u00f3ngase en contacto con: Paula Kaempffer en kaempfferp@archspm.org<br \/>\nCoordinador de pr\u00e1cticas restaurativas y apoyo a sobrevivientes<br \/>\nArchidi\u00f3cesis de Saint Paul y Minneapolis<\/p>\n<p><strong>Material promocional:<\/strong><\/p>\n<ul>\n<li><a href=\"https:\/\/archspmmainsite.s3.us-east-1.amazonaws.com\/Events\/2025\/OMSSE_JULY_RestorativeJusticeWebinar_FLY_R2v1.pdf\" target=\"_blank\" rel=\"noopener\">Folleto<\/a><\/li>\n<\/ul>","protected":false},"featured_media":4382,"template":"","class_list":["post-9837","events","type-events","status-publish","has-post-thumbnail","hentry"],"_links":{"self":[{"href":"https:\/\/www.archspm.org\/es\/wp-json\/wp\/v2\/events\/9837","targetHints":{"allow":["GET"]}}],"collection":[{"href":"https:\/\/www.archspm.org\/es\/wp-json\/wp\/v2\/events"}],"about":[{"href":"https:\/\/www.archspm.org\/es\/wp-json\/wp\/v2\/types\/events"}],"version-history":[{"count":0,"href":"https:\/\/www.archspm.org\/es\/wp-json\/wp\/v2\/events\/9837\/revisions"}],"wp:featuredmedia":[{"embeddable":true,"href":"https:\/\/www.archspm.org\/es\/wp-json\/wp\/v2\/media\/4382"}],"wp:attachment":[{"href":"https:\/\/www.archspm.org\/es\/wp-json\/wp\/v2\/media?parent=9837"}],"curies":[{"name":"wp","href":"https:\/\/api.w.org\/{rel}","templated":true}]}}

<p><strong>Date: </strong>Lunes, 28 de julio<br />
<strong>Hora de inicio: </strong>6:30 p. m.<br />
<strong>Hora de finalización: </strong>8 p. m.<br />
<strong>Ubicación: </strong><a href="https://archspm-org.zoom.us/webinar/register/WN_Lkjx66qhSp2il5a_9t4N0g#/" target="_blank" rel="noopener">Virtual</a></p>
<p>Esta presentación examina el fenómeno generalizado, aunque poco denunciado, del abuso emocional, espiritual y sexual perpetrado contra hermanas y monjas católicas en órdenes religiosas. Basándose en testimonios de sobrevivientes, documentos institucionales e investigaciones recientes, esta presentación explorará los desequilibrios de poder, las culturas del silencio y los mecanismos de rendición de cuentas inadecuados que han permitido que este abuso persista a lo largo de siglos y continentes.</p>
<p>TERENCE MCKIERNAN fundó BishopAccountability.org en 2003 y es el presidente de la organización. Fue líder del proyecto Género, Sexo y Poder en el Centro Cushwa de Notre Dame entre 2020 y 2022. Terry y BishopAccountability.org recibieron el Premio al Servicio Distinguido 2023 de la Asociación Católica Histórica Estadounidense.</p>
<p>LUCY HUH es candidata a doctorado en la Escuela de Trabajo Social Diana R. Garland de la Universidad Baylor. Su investigación examina la explotación sexual de adultos por parte del clero, con un enfoque particular en el desarrollo de medidas preventivas a través de reformas legislativas e institucionales. Ha trabajado directamente en iniciativas de protección para la Iglesia católica y es miembro de la junta directiva de Awake. Sus trabajos académicos y comentarios han sido publicados en diversos medios, entre ellos la revista America Magazine.</p>
<p>Para más información, póngase en contacto con: Paula Kaempffer en kaempfferp@archspm.org<br />
Coordinador de prácticas restaurativas y apoyo a sobrevivientes<br />
Archidiócesis de Saint Paul y Minneapolis</p>
<p><strong>Material promocional:</strong></p>
<ul>
<li><a href="https://archspmmainsite.s3.us-east-1.amazonaws.com/Events/2025/OMSSE_JULY_RestorativeJusticeWebinar_FLY_R2v1.pdf" target="_blank" rel="noopener">Folleto</a></li>
</ul>
