{"id":1027,"date":"2019-01-04T16:12:49","date_gmt":"2019-01-04T21:12:49","guid":{"rendered":"https:\/\/www.archspm.org\/end-of-life\/"},"modified":"2025-04-30T13:02:36","modified_gmt":"2025-04-30T17:02:36","slug":"end-of-life","status":"publish","type":"page","link":"https:\/\/www.archspm.org\/es\/end-of-life\/","title":{"rendered":"Final de la vida"},"content":{"rendered":"<div data-elementor-type=\"wp-page\" data-elementor-id=\"1027\" class=\"elementor elementor-1027\" data-elementor-post-type=\"page\">\n\t\t\t\t<div class=\"elementor-element elementor-element-57096205 e-flex e-con-boxed e-con e-parent\" data-id=\"57096205\" data-element_type=\"container\" data-e-type=\"container\" data-settings=\"{&quot;jet_parallax_layout_list&quot;:[]}\">\n\t\t\t\t\t<div class=\"e-con-inner\">\n\t\t\t\t<div class=\"elementor-element elementor-element-43a64bde elementor-widget elementor-widget-text-editor\" data-id=\"43a64bde\" data-element_type=\"widget\" data-e-type=\"widget\" data-widget_type=\"text-editor.default\">\n\t\t\t\t\t\t\t\t\tCreados a imagen y semejanza de Dios, cada persona es \u00fanica y especial. Cada uno de nosotros tiene la responsabilidad ante Dios, ante nosotros mismos y ante los dem\u00e1s de cuidar, proteger y sostener la vida en todas sus etapas. Como se afirma en el Catecismo de la Iglesia Cat\u00f3lica (2276), \u201clas personas cuya vida est\u00e1 disminuida o debilitada merecen un respeto especial. Se debe ayudar a los enfermos y a los discapacitados a llevar una vida lo m\u00e1s normal posible\u201d.\u201d\n\n<strong>La Conferencia Cat\u00f3lica de Minnesota proporciona recursos relacionados con cuestiones y decisiones sobre el final de la vida, incluidas las directivas de atenci\u00f3n m\u00e9dica.<\/strong> Acceda a una Directiva Cat\u00f3lica sobre Atenci\u00f3n M\u00e9dica y otros recursos en el <a href=\"https:\/\/www.mncatholic.org\/healthcaredirective\" target=\"_blank\" rel=\"noopener\">Sitio web de la Conferencia Cat\u00f3lica de Minnesota<\/a> y encuentra m\u00e1s informaci\u00f3n a continuaci\u00f3n. Lee m\u00e1s sobre las ense\u00f1anzas de la Iglesia cat\u00f3lica en el <a href=\"http:\/\/www.vatican.va\/archive\/ccc_css\/archive\/catechism\/p3s2c2a5.htm\" target=\"_blank\" rel=\"noopener noreferrer\">Catecismo de la Iglesia Cat\u00f3lica<\/a>.\n<h2>Recursos<\/h2>\n<ul>\n \t<li class=\"resources_wrapper\"><a href=\"https:\/\/www.mncatholic.org\/healthcaredirective\" target=\"_blank\" rel=\"noopener\">Minnesota Catholic Conference - Decisiones cat\u00f3licas sobre los cuidados al final de la vida<\/a><\/li>\n \t<li class=\"resources_wrapper\"><a href=\"https:\/\/www.catholicendoflife.org\/\" target=\"_blank\" rel=\"noopener\">Fin de la vida cat\u00f3lica: recursos a nivel nacional<\/a><\/li>\n \t<li class=\"resources_wrapper\"><a href=\"http:\/\/www.vatican.va\/roman_curia\/pontifical_academies\/acdlife\/documents\/rc_pa_acdlife_doc_20001209_eutanasia_en.html\" target=\"_blank\" rel=\"noopener\">Respeto por la dignidad de los moribundos (Pontificia Academia para la Vida)<\/a><\/li>\n \t<li class=\"resources_wrapper\"><a href=\"http:\/\/www.vatican.va\/roman_curia\/congregations\/cfaith\/documents\/rc_con_cfaith_doc_19800505_euthanasia_en.html\" target=\"_blank\" rel=\"noopener\">Declaraci\u00f3n sobre la eutanasia (Sagrada Congregaci\u00f3n para la Doctrina de la Fe)<\/a><\/li>\n \t<li class=\"resources_wrapper\"><a href=\"http:\/\/usccb.org\/issues-and-action\/human-life-and-dignity\/index.cfm\" target=\"_blank\" rel=\"noopener\">USCCB - Vida humana y dignidad<\/a><\/li>\n \t<li class=\"resources_wrapper\"><a href=\"https:\/\/www.ncbcenter.org\/\" target=\"_blank\" rel=\"noopener\">Centro Nacional Cat\u00f3lico de Bio\u00e9tica<\/a><\/li>\n \t<li class=\"resources_wrapper\"><a href=\"http:\/\/ethicalcaremn.org\/\" target=\"_blank\" rel=\"noopener\">Alianza de MN para una asistencia sanitaria \u00e9tica<\/a><\/li>\n<\/ul>\n<h2>Temas adicionales<\/h2>\n<ul>\n \t<li><a href=\"\/es\/biomedical-ethics\/\">\u00c9tica biom\u00e9dica<\/a><\/li>\n \t<li><a href=\"https:\/\/www.archspm.org\/es\/infertility-adoption\/\">Infertilidad y adopci\u00f3n<\/a><\/li>\n<\/ul>\t\t\t\t\t\t\t\t<\/div>\n\t\t\t\t\t<\/div>\n\t\t\t\t<\/div>\n\t\t\t\t<\/div>","protected":false},"excerpt":{"rendered":"<p>Created in the image and likeness of God, every person is unique and special. Each of us has a responsibility to God, to self and to others to nurture, protect and sustain life at all stages. As stated in the Catechism of the Catholic Church (2276), \u201cThose whose lives are diminished or weakened deserve special [&hellip;]<\/p>\n","protected":false},"author":2,"featured_media":8227,"parent":0,"menu_order":0,"comment_status":"closed","ping_status":"closed","template":"","meta":{"footnotes":""},"class_list":["post-1027","page","type-page","status-publish","has-post-thumbnail","hentry"],"_links":{"self":[{"href":"https:\/\/www.archspm.org\/es\/wp-json\/wp\/v2\/pages\/1027","targetHints":{"allow":["GET"]}}],"collection":[{"href":"https:\/\/www.archspm.org\/es\/wp-json\/wp\/v2\/pages"}],"about":[{"href":"https:\/\/www.archspm.org\/es\/wp-json\/wp\/v2\/types\/page"}],"author":[{"embeddable":true,"href":"https:\/\/www.archspm.org\/es\/wp-json\/wp\/v2\/users\/2"}],"replies":[{"embeddable":true,"href":"https:\/\/www.archspm.org\/es\/wp-json\/wp\/v2\/comments?post=1027"}],"version-history":[{"count":0,"href":"https:\/\/www.archspm.org\/es\/wp-json\/wp\/v2\/pages\/1027\/revisions"}],"wp:featuredmedia":[{"embeddable":true,"href":"https:\/\/www.archspm.org\/es\/wp-json\/wp\/v2\/media\/8227"}],"wp:attachment":[{"href":"https:\/\/www.archspm.org\/es\/wp-json\/wp\/v2\/media?parent=1027"}],"curies":[{"name":"wp","href":"https:\/\/api.w.org\/{rel}","templated":true}]}}

<div data-elementor-type="wp-page" data-elementor-id="1027" class="elementor elementor-1027" data-elementor-post-type="page">
				<div class="elementor-element elementor-element-57096205 e-flex e-con-boxed e-con e-parent" data-id="57096205" data-element_type="container" data-e-type="container" data-settings="{&quot;jet_parallax_layout_list&quot;:[]}">
					<div class="e-con-inner">
				<div class="elementor-element elementor-element-43a64bde elementor-widget elementor-widget-text-editor" data-id="43a64bde" data-element_type="widget" data-e-type="widget" data-widget_type="text-editor.default">
									Creados a imagen y semejanza de Dios, cada persona es única y especial. Cada uno de nosotros tiene la responsabilidad ante Dios, ante nosotros mismos y ante los demás de cuidar, proteger y sostener la vida en todas sus etapas. Como se afirma en el Catecismo de la Iglesia Católica (2276), “las personas cuya vida está disminuida o debilitada merecen un respeto especial. Se debe ayudar a los enfermos y a los discapacitados a llevar una vida lo más normal posible”.”

<strong>La Conferencia Católica de Minnesota proporciona recursos relacionados con cuestiones y decisiones sobre el final de la vida, incluidas las directivas de atención médica.</strong> Acceda a una Directiva Católica sobre Atención Médica y otros recursos en el <a href="https://www.mncatholic.org/healthcaredirective" target="_blank" rel="noopener">Sitio web de la Conferencia Católica de Minnesota</a> y encuentra más información a continuación. Lee más sobre las enseñanzas de la Iglesia católica en el <a href="http://www.vatican.va/archive/ccc_css/archive/catechism/p3s2c2a5.htm" target="_blank" rel="noopener noreferrer">Catecismo de la Iglesia Católica</a>.
<h2>Recursos</h2>
<ul>
 	<li class="resources_wrapper"><a href="https://www.mncatholic.org/healthcaredirective" target="_blank" rel="noopener">Minnesota Catholic Conference - Decisiones católicas sobre los cuidados al final de la vida</a></li>
 	<li class="resources_wrapper"><a href="https://www.catholicendoflife.org/" target="_blank" rel="noopener">Fin de la vida católica: recursos a nivel nacional</a></li>
 	<li class="resources_wrapper"><a href="http://www.vatican.va/roman_curia/pontifical_academies/acdlife/documents/rc_pa_acdlife_doc_20001209_eutanasia_en.html" target="_blank" rel="noopener">Respeto por la dignidad de los moribundos (Pontificia Academia para la Vida)</a></li>
 	<li class="resources_wrapper"><a href="http://www.vatican.va/roman_curia/congregations/cfaith/documents/rc_con_cfaith_doc_19800505_euthanasia_en.html" target="_blank" rel="noopener">Declaración sobre la eutanasia (Sagrada Congregación para la Doctrina de la Fe)</a></li>
 	<li class="resources_wrapper"><a href="http://usccb.org/issues-and-action/human-life-and-dignity/index.cfm" target="_blank" rel="noopener">USCCB - Vida humana y dignidad</a></li>
 	<li class="resources_wrapper"><a href="https://www.ncbcenter.org/" target="_blank" rel="noopener">Centro Nacional Católico de Bioética</a></li>
 	<li class="resources_wrapper"><a href="http://ethicalcaremn.org/" target="_blank" rel="noopener">Alianza de MN para una asistencia sanitaria ética</a></li>
</ul>
<h2>Temas adicionales</h2>
<ul>
 	<li><a href="/es/biomedical-ethics/">Ética biomédica</a></li>
 	<li><a href="https://www.archspm.org/es/infertility-adoption/">Infertilidad y adopción</a></li>
</ul>								</div>
					</div>
				</div>
				</div>
