{"id":1065,"date":"2019-01-11T13:43:30","date_gmt":"2019-01-11T18:43:30","guid":{"rendered":"https:\/\/www.archspm.org\/formacion\/"},"modified":"2025-12-05T12:14:20","modified_gmt":"2025-12-05T17:14:20","slug":"formacion","status":"publish","type":"page","link":"https:\/\/www.archspm.org\/es\/formacion\/","title":{"rendered":"Formaci\u00f3n"},"content":{"rendered":"<div data-elementor-type=\"wp-page\" data-elementor-id=\"1065\" class=\"elementor elementor-1065\" data-elementor-post-type=\"page\">\n\t\t\t\t<div class=\"elementor-element elementor-element-380fee34 e-flex e-con-boxed e-con e-parent\" data-id=\"380fee34\" data-element_type=\"container\" data-e-type=\"container\" data-settings=\"{&quot;jet_parallax_layout_list&quot;:[]}\">\n\t\t\t\t\t<div class=\"e-con-inner\">\n\t\t\t\t<div class=\"elementor-element elementor-element-27123b9d elementor-widget elementor-widget-text-editor\" data-id=\"27123b9d\" data-element_type=\"widget\" data-e-type=\"widget\" data-widget_type=\"text-editor.default\">\n\t\t\t\t\t\t\t\t\t<p>El departamento de Formaci\u00f3n de la Oficina del Ministerio Latino tiene como objetivo la preparaci\u00f3n de laicos activos, responsables y participativos dentro de las parroquias con ministerio latino dentro de la Arquidi\u00f3cesis de St. Paul y Minneapolis. Como se menciona en el documento de Aparecida \"La vocaci\u00f3n y el compromiso de ser hoy disc\u00edpulos y misioneros de Jesucristo...requieren una clara y decidida opci\u00f3n por la formaci\u00f3n de los miembros de nuestras comunidades, en bien de todos los bautizados, cualquiera sea la funci\u00f3n que desarrollen en la Iglesia.\"(DA-276)<\/p><p>Sirviendo a las necesidades de los l\u00edderes cat\u00f3licos dehabla hispana, contamos con cuatro institutos de formaci\u00f3n de fe y de desarrollo de liderazgo pastoral dentro de la Arquidi\u00f3cesisen espa\u00f1ol:<\/p><p><strong>Instituto B\u00e1sico de Teolog\u00eda<\/strong><\/p><p>(Requisito para cursarlo: haber terminado los Institutos: B\u00edblico, Catequ\u00e9tico y de Liderazgo Pastoral)<\/p><p>El objetivo de este Instituto es introducir a los participantes en las \u00e1reas b\u00e1sicas dentro de la disciplina de la teolog\u00eda.<\/p><p><img decoding=\"async\" class=\"wp-image-10753 size-full aligncenter\" src=\"https:\/\/www.archspm.org\/wp-content\/uploads\/2025\/07\/new1.gif\" alt=\"\" width=\"200\" height=\"200\" \/><\/p><p><strong>Instituto B\u00edblico<\/strong><\/p><p>Este Instituto ofrece una presentaci\u00f3n de los elementos b\u00edblicos necesarios para profundizar la experiencia de la Palabra de Dios, como una palabra siempre actual en nuestra vida.<\/p><p><img decoding=\"async\" class=\"wp-image-43119 size-full aligncenter\" src=\"https:\/\/www.archspm.org\/wp-content\/uploads\/2025\/07\/Bible_200.jpg\" alt=\"\" width=\"200\" height=\"200\" \/><\/p><p><strong>Instituto Catequ\u00e9tico<\/strong><\/p><p>El objetivo de este Instituto es ofrecer una s\u00f3lida formaci\u00f3n de fe basada en el Catecismo de la Iglesia Cat\u00f3lica. Est\u00e1 enfocado, de manera especial, en aquellos que tienen la tarea de ense\u00f1ar la fe en las parroquias.<\/p><p><img decoding=\"async\" class=\"wp-image-10756 size-full aligncenter\" src=\"https:\/\/www.archspm.org\/wp-content\/uploads\/2025\/07\/new2.gif\" alt=\"\" width=\"200\" height=\"200\" \/><\/p><p><strong>Instituto de Liderazgo Pastoral<\/strong><\/p><p>(Requisito para cursarlo: ser recomendado por su sacerdote y elaborar un proyecto para la parroquia en colaboraci\u00f3n con su sacerdote y\/o coordinador\/a)<\/p><p>Con una formaci\u00f3n enraizada en los valores del Evangelio y en las ense\u00f1anzas de la Iglesia, este Instituto provee a todos los participantes con la experiencia de asesor\u00eda y seguimiento personal, para desarrollar sus destrezas pastorales y espirituales como l\u00edderes en sus parroquias.<\/p><p>Las clases se llevan a cabo un s\u00e1bado al mes.<\/p><p><img loading=\"lazy\" decoding=\"async\" class=\"aligncenter wp-image-10757 size-full\" src=\"https:\/\/www.archspm.org\/wp-content\/uploads\/2025\/07\/new3.gif\" alt=\"\" width=\"200\" height=\"200\" \/><\/p><p><strong>Instituto Catequ\u00e9tico de Verano<\/strong><\/p><p>El objetivo de este instituto es proveerformaci\u00f3n para el crecimiento espiritual del(la)catequista; aumentar su conocimiento teol\u00f3gico y ampliar las habilidades en los m\u00e9todos de ense\u00f1anza a trav\u00e9s del estudio y lapr\u00e1ctica.<\/p><p><strong>Registro<\/strong><\/p><p>Por favor reg\u00edstrate con tu coordinador@ del Ministerio Latino de tu parroquia o con Beatriz L\u00f3pez alTel. 651-291-4496, Fax. 651-290-1620 oenv\u00eda un correo electr\u00f3nico con tu informaci\u00f3n a: <a href=\"mailto:lopezb@archspm.org\">lopezb@archspm.org<\/a><\/p><p>Por favor, inscr\u00edbase con el coordinador del Ministerio Latino en su parroquia o con Beatriz L\u00f3pez,Tel. 651-291-4496, Fax. 651-290-1620 o env\u00ede un correo electr\u00f3nico con su informaci\u00f3n a: <a href=\"mailto:lopezb@archspm.org\">lopezb@archspm.org<\/a><\/p>\t\t\t\t\t\t\t\t<\/div>\n\t\t\t\t\t<\/div>\n\t\t\t\t<\/div>\n\t\t\t\t<\/div>","protected":false},"excerpt":{"rendered":"<p>El departamento de Formaci\u00f3n de la Oficina del Ministerio Latino tiene como objetivo la preparaci\u00f3n de laicos activos, responsables y participativos dentro de las parroquias con ministerio latino dentro de la Arquidi\u00f3cesis de St. Paul y Minneapolis. Como se menciona en el documento de Aparecida \u201cLa vocaci\u00f3n y el compromiso de ser hoy disc\u00edpulos y [&hellip;]<\/p>\n","protected":false},"author":2,"featured_media":8653,"parent":0,"menu_order":0,"comment_status":"closed","ping_status":"closed","template":"","meta":{"footnotes":""},"class_list":["post-1065","page","type-page","status-publish","has-post-thumbnail","hentry"],"_links":{"self":[{"href":"https:\/\/www.archspm.org\/es\/wp-json\/wp\/v2\/pages\/1065","targetHints":{"allow":["GET"]}}],"collection":[{"href":"https:\/\/www.archspm.org\/es\/wp-json\/wp\/v2\/pages"}],"about":[{"href":"https:\/\/www.archspm.org\/es\/wp-json\/wp\/v2\/types\/page"}],"author":[{"embeddable":true,"href":"https:\/\/www.archspm.org\/es\/wp-json\/wp\/v2\/users\/2"}],"replies":[{"embeddable":true,"href":"https:\/\/www.archspm.org\/es\/wp-json\/wp\/v2\/comments?post=1065"}],"version-history":[{"count":0,"href":"https:\/\/www.archspm.org\/es\/wp-json\/wp\/v2\/pages\/1065\/revisions"}],"wp:featuredmedia":[{"embeddable":true,"href":"https:\/\/www.archspm.org\/es\/wp-json\/wp\/v2\/media\/8653"}],"wp:attachment":[{"href":"https:\/\/www.archspm.org\/es\/wp-json\/wp\/v2\/media?parent=1065"}],"curies":[{"name":"wp","href":"https:\/\/api.w.org\/{rel}","templated":true}]}}

Formación

<div data-elementor-type="wp-page" data-elementor-id="1065" class="elementor elementor-1065" data-elementor-post-type="page">
				<div class="elementor-element elementor-element-380fee34 e-flex e-con-boxed e-con e-parent" data-id="380fee34" data-element_type="container" data-e-type="container" data-settings="{&quot;jet_parallax_layout_list&quot;:[]}">
					<div class="e-con-inner">
				<div class="elementor-element elementor-element-27123b9d elementor-widget elementor-widget-text-editor" data-id="27123b9d" data-element_type="widget" data-e-type="widget" data-widget_type="text-editor.default">
									<p>El departamento de Formación de la Oficina del Ministerio Latino tiene como objetivo la preparación de laicos activos, responsables y participativos dentro de las parroquias con ministerio latino dentro de la Arquidiócesis de St. Paul y Minneapolis. Como se menciona en el documento de Aparecida "La vocación y el compromiso de ser hoy discípulos y misioneros de Jesucristo...requieren una clara y decidida opción por la formación de los miembros de nuestras comunidades, en bien de todos los bautizados, cualquiera sea la función que desarrollen en la Iglesia."(DA-276)</p><p>Sirviendo a las necesidades de los líderes católicos dehabla hispana, contamos con cuatro institutos de formación de fe y de desarrollo de liderazgo pastoral dentro de la Arquidiócesisen español:</p><p><strong>Instituto Básico de Teología</strong></p><p>(Requisito para cursarlo: haber terminado los Institutos: Bíblico, Catequético y de Liderazgo Pastoral)</p><p>El objetivo de este Instituto es introducir a los participantes en las áreas básicas dentro de la disciplina de la teología.</p><p><img decoding="async" class="wp-image-10753 size-full aligncenter" src="https://www.archspm.org/wp-content/uploads/2025/07/new1.gif" alt="" width="200" height="200" /></p><p><strong>Instituto Bíblico</strong></p><p>Este Instituto ofrece una presentación de los elementos bíblicos necesarios para profundizar la experiencia de la Palabra de Dios, como una palabra siempre actual en nuestra vida.</p><p><img decoding="async" class="wp-image-43119 size-full aligncenter" src="https://www.archspm.org/wp-content/uploads/2025/07/Bible_200.jpg" alt="" width="200" height="200" /></p><p><strong>Instituto Catequético</strong></p><p>El objetivo de este Instituto es ofrecer una sólida formación de fe basada en el Catecismo de la Iglesia Católica. Está enfocado, de manera especial, en aquellos que tienen la tarea de enseñar la fe en las parroquias.</p><p><img decoding="async" class="wp-image-10756 size-full aligncenter" src="https://www.archspm.org/wp-content/uploads/2025/07/new2.gif" alt="" width="200" height="200" /></p><p><strong>Instituto de Liderazgo Pastoral</strong></p><p>(Requisito para cursarlo: ser recomendado por su sacerdote y elaborar un proyecto para la parroquia en colaboración con su sacerdote y/o coordinador/a)</p><p>Con una formación enraizada en los valores del Evangelio y en las enseñanzas de la Iglesia, este Instituto provee a todos los participantes con la experiencia de asesoría y seguimiento personal, para desarrollar sus destrezas pastorales y espirituales como líderes en sus parroquias.</p><p>Las clases se llevan a cabo un sábado al mes.</p><p><img loading="lazy" decoding="async" class="aligncenter wp-image-10757 size-full" src="https://www.archspm.org/wp-content/uploads/2025/07/new3.gif" alt="" width="200" height="200" /></p><p><strong>Instituto Catequético de Verano</strong></p><p>El objetivo de este instituto es proveerformación para el crecimiento espiritual del(la)catequista; aumentar su conocimiento teológico y ampliar las habilidades en los métodos de enseñanza a través del estudio y lapráctica.</p><p><strong>Registro</strong></p><p>Por favor regístrate con tu coordinador@ del Ministerio Latino de tu parroquia o con Beatriz López alTel. 651-291-4496, Fax. 651-290-1620 oenvía un correo electrónico con tu información a: <a href="mailto:lopezb@archspm.org">lopezb@archspm.org</a></p><p>Por favor, inscríbase con el coordinador del Ministerio Latino en su parroquia o con Beatriz López,Tel. 651-291-4496, Fax. 651-290-1620 o envíe un correo electrónico con su información a: <a href="mailto:lopezb@archspm.org">lopezb@archspm.org</a></p>								</div>
					</div>
				</div>
				</div>

<p>El departamento de Formación de la Oficina del Ministerio Latino tiene como objetivo la preparación de laicos activos, responsables y participativos dentro de las parroquias con ministerio latino dentro de la Arquidiócesis de St. Paul y Minneapolis. Como se menciona en el documento de Aparecida “La vocación y el compromiso de ser hoy discípulos y [&hellip;]</p>
