{"id":1157,"date":"2019-10-29T19:57:49","date_gmt":"2019-10-29T23:57:49","guid":{"rendered":"https:\/\/www.archspm.org\/cana-family-institute\/"},"modified":"2025-10-24T15:31:06","modified_gmt":"2025-10-24T19:31:06","slug":"cana-family-institute","status":"publish","type":"page","link":"https:\/\/www.archspm.org\/es\/marriage\/cana-family-institute\/","title":{"rendered":"Familia: La Iglesia dom\u00e9stica"},"content":{"rendered":"<div data-elementor-type=\"wp-page\" data-elementor-id=\"1157\" class=\"elementor elementor-1157\" data-elementor-post-type=\"page\">\n\t\t\t\t<div class=\"elementor-element elementor-element-856e841 e-flex e-con-boxed e-con e-parent\" data-id=\"856e841\" data-element_type=\"container\" data-e-type=\"container\" data-settings=\"{&quot;jet_parallax_layout_list&quot;:[]}\">\n\t\t\t\t\t<div class=\"e-con-inner\">\n\t\t\t\t<div class=\"elementor-element elementor-element-728faa7 elementor-widget__width-initial elementor-widget elementor-widget-text-editor\" data-id=\"728faa7\" data-element_type=\"widget\" data-e-type=\"widget\" data-widget_type=\"text-editor.default\">\n\t\t\t\t\t\t\t\t\t<p><strong>\u201cTal como est\u00e1 la familia, as\u00ed est\u00e1 la naci\u00f3n, y as\u00ed est\u00e1 el mundo en el que vivimos\u201d.\u201d<\/strong><\/p><p><strong>\u2013 El papa San Juan Pablo II<\/strong><\/p>\t\t\t\t\t\t\t\t<\/div>\n\t\t\t\t<div class=\"elementor-element elementor-element-e8332c3 elementor-widget elementor-widget-text-editor\" data-id=\"e8332c3\" data-element_type=\"widget\" data-e-type=\"widget\" data-widget_type=\"text-editor.default\">\n\t\t\t\t\t\t\t\t\t<p>Estos ministerios est\u00e1n pensados para las familias, para ayudarles a crecer juntos en la fe en las distintas etapas de la vida.<\/p>\t\t\t\t\t\t\t\t<\/div>\n\t\t\t\t\t<\/div>\n\t\t\t\t<\/div>\n\t\t<div class=\"elementor-element elementor-element-f8a0306 e-grid e-con-boxed e-con e-parent\" data-id=\"f8a0306\" data-element_type=\"container\" data-e-type=\"container\" data-settings=\"{&quot;jet_parallax_layout_list&quot;:[]}\">\n\t\t\t\t\t<div class=\"e-con-inner\">\n\t\t<div class=\"elementor-element elementor-element-660b4ee e-con-full e-flex e-con e-child\" data-id=\"660b4ee\" data-element_type=\"container\" data-e-type=\"container\" data-settings=\"{&quot;jet_parallax_layout_list&quot;:[],&quot;background_background&quot;:&quot;classic&quot;}\">\n\t\t\t\t<div class=\"elementor-element elementor-element-f4eb425 elementor-widget elementor-widget-heading\" data-id=\"f4eb425\" data-element_type=\"widget\" data-e-type=\"widget\" data-widget_type=\"heading.default\">\n\t\t\t\t\t<h2 class=\"elementor-heading-title elementor-size-default\"><a href=\"https:\/\/www.archspm.org\/es\/marriage\/family\/\">Recursos arquidiocesanos sobre el matrimonio y la familia<\/a><\/h2>\t\t\t\t<\/div>\n\t\t\t\t<\/div>\n\t\t<div class=\"elementor-element elementor-element-94c3cc1 e-con-full e-flex e-con e-child\" data-id=\"94c3cc1\" data-element_type=\"container\" data-e-type=\"container\" data-settings=\"{&quot;jet_parallax_layout_list&quot;:[],&quot;background_background&quot;:&quot;classic&quot;}\">\n\t\t\t\t<div class=\"elementor-element elementor-element-3ee1731 elementor-widget elementor-widget-heading\" data-id=\"3ee1731\" data-element_type=\"widget\" data-e-type=\"widget\" data-widget_type=\"heading.default\">\n\t\t\t\t\t<h2 class=\"elementor-heading-title elementor-size-default\"><a href=\"https:\/\/www.foryourmarriage.org\/family-life-parenting\/\" target=\"_blank\" rel=\"noopener\">Otros aspectos de la vida familiar y la crianza de los hijos <\/a><\/h2>\t\t\t\t<\/div>\n\t\t\t\t<\/div>\n\t\t\t\t\t<\/div>\n\t\t\t\t<\/div>\n\t\t<div class=\"elementor-element elementor-element-174e11b e-flex e-con-boxed e-con e-parent\" data-id=\"174e11b\" data-element_type=\"container\" data-e-type=\"container\" data-settings=\"{&quot;jet_parallax_layout_list&quot;:[]}\">\n\t\t\t\t\t<div class=\"e-con-inner\">\n\t\t\t\t<div class=\"elementor-element elementor-element-625f322 elementor-widget elementor-widget-heading\" data-id=\"625f322\" data-element_type=\"widget\" data-e-type=\"widget\" data-widget_type=\"heading.default\">\n\t\t\t\t\t<h2 class=\"elementor-heading-title elementor-size-default\">Instituto Can\u00e1 de la Familia<\/h2>\t\t\t\t<\/div>\n\t\t\t\t<div class=\"elementor-element elementor-element-752bbf0d elementor-widget elementor-widget-text-editor\" data-id=\"752bbf0d\" data-element_type=\"widget\" data-e-type=\"widget\" data-widget_type=\"text-editor.default\">\n\t\t\t\t\t\t\t\t\t<p>El Instituto de la Familia Cana tiene como objetivo colaborar con las parroquias y las escuelas para fomentar una vida matrimonial y familiar s\u00f3lida y din\u00e1mica dentro de su comunidad.<\/p><p>Creemos que el elemento central de esta comunidad floreciente es el discipulado. Sabemos que el personal de la parroquia y de la escuela est\u00e1 desbordado por las necesidades urgentes de las organizaciones que dirigen. Nos encanta colaborar con ellos para construir una s\u00f3lida cultura de discipulado y formar l\u00edderes dentro de su comunidad, juntos.<\/p><hr \/><h3>La experiencia de Can\u00e1<\/h3><p>El Instituto Familiar Cana existe para apoyarte en tus esfuerzos por construir una vida familiar s\u00f3lida y encontrar la tranquilidad de saber que tu familia va por buen camino.<\/p><p>\u00a1Los grupos peque\u00f1os, retiros y eventos de The Cana Experience est\u00e1n dise\u00f1ados espec\u00edficamente para ayudar a los padres de ni\u00f1os peque\u00f1os a desarrollar matrimonios s\u00f3lidos y satisfactorios, y a criar hijos maravillosos!<\/p><p>Para obtener m\u00e1s informaci\u00f3n sobre d\u00f3nde encontrar un grupo o para preguntar c\u00f3mo puedes iniciar \u00abThe Cana Experience\u00bb en tu parroquia o escuela cat\u00f3lica, visita: <a href=\"https:\/\/canafamilyinstitute.com\/\" target=\"_blank\" rel=\"noopener\">canafamilyinstitute.com<\/a>\u00a0o por correo electr\u00f3nico <a href=\"mailto:info@canafamilyinstitute.com\">info@canafamilyinstitute.com<\/a>.<\/p><ul><li>El temperamento que Dios te dio (Se re\u00fane dos veces al mes, de enero a abril)<\/li><li>Serie de grupos peque\u00f1os \u00abCreated and Called\u00bb para madres de ni\u00f1os peque\u00f1os (Se re\u00fane dos veces al mes, de septiembre a mayo)<\/li><li>Serie de grupos peque\u00f1os \u00abReigning in Life\u00bb para maridos y padres (Se re\u00fane dos veces al mes, de octubre a mayo)<\/li><\/ul><p><strong>Materiales promocionales<\/strong><\/p><ul><li><a href=\"https:\/\/archspmmainsite.s3.amazonaws.com\/Offices\/Marriage%2C+Family+%26+Life\/Cana\/Cana+Social+Media.zip\" target=\"_blank\" rel=\"noopener\">Gr\u00e1ficos para redes sociales<\/a><\/li><\/ul>\t\t\t\t\t\t\t\t<\/div>\n\t\t\t\t\t<\/div>\n\t\t\t\t<\/div>\n\t\t\t\t<\/div>","protected":false},"excerpt":{"rendered":"<p>&#8220;As the family goes, so goes the nation, and so goes the world in which we live.&#8221; &#8211; Pope St. John Paul II These ministries are designed for families \u2013 helping you grow in faith together at different stages of life. Archdiocesan Marriage and Family Resources Other Family Life and Parenting Cana Family Institute Cana [&hellip;]<\/p>\n","protected":false},"author":2,"featured_media":8360,"parent":959,"menu_order":0,"comment_status":"closed","ping_status":"closed","template":"","meta":{"footnotes":""},"class_list":["post-1157","page","type-page","status-publish","has-post-thumbnail","hentry"],"_links":{"self":[{"href":"https:\/\/www.archspm.org\/es\/wp-json\/wp\/v2\/pages\/1157","targetHints":{"allow":["GET"]}}],"collection":[{"href":"https:\/\/www.archspm.org\/es\/wp-json\/wp\/v2\/pages"}],"about":[{"href":"https:\/\/www.archspm.org\/es\/wp-json\/wp\/v2\/types\/page"}],"author":[{"embeddable":true,"href":"https:\/\/www.archspm.org\/es\/wp-json\/wp\/v2\/users\/2"}],"replies":[{"embeddable":true,"href":"https:\/\/www.archspm.org\/es\/wp-json\/wp\/v2\/comments?post=1157"}],"version-history":[{"count":0,"href":"https:\/\/www.archspm.org\/es\/wp-json\/wp\/v2\/pages\/1157\/revisions"}],"up":[{"embeddable":true,"href":"https:\/\/www.archspm.org\/es\/wp-json\/wp\/v2\/pages\/959"}],"wp:featuredmedia":[{"embeddable":true,"href":"https:\/\/www.archspm.org\/es\/wp-json\/wp\/v2\/media\/8360"}],"wp:attachment":[{"href":"https:\/\/www.archspm.org\/es\/wp-json\/wp\/v2\/media?parent=1157"}],"curies":[{"name":"wp","href":"https:\/\/api.w.org\/{rel}","templated":true}]}}

Familia: La Iglesia doméstica

<div data-elementor-type="wp-page" data-elementor-id="1157" class="elementor elementor-1157" data-elementor-post-type="page">
				<div class="elementor-element elementor-element-856e841 e-flex e-con-boxed e-con e-parent" data-id="856e841" data-element_type="container" data-e-type="container" data-settings="{&quot;jet_parallax_layout_list&quot;:[]}">
					<div class="e-con-inner">
				<div class="elementor-element elementor-element-728faa7 elementor-widget__width-initial elementor-widget elementor-widget-text-editor" data-id="728faa7" data-element_type="widget" data-e-type="widget" data-widget_type="text-editor.default">
									<p><strong>“Tal como está la familia, así está la nación, y así está el mundo en el que vivimos”.”</strong></p><p><strong>– El papa San Juan Pablo II</strong></p>								</div>
				<div class="elementor-element elementor-element-e8332c3 elementor-widget elementor-widget-text-editor" data-id="e8332c3" data-element_type="widget" data-e-type="widget" data-widget_type="text-editor.default">
									<p>Estos ministerios están pensados para las familias, para ayudarles a crecer juntos en la fe en las distintas etapas de la vida.</p>								</div>
					</div>
				</div>
		<div class="elementor-element elementor-element-f8a0306 e-grid e-con-boxed e-con e-parent" data-id="f8a0306" data-element_type="container" data-e-type="container" data-settings="{&quot;jet_parallax_layout_list&quot;:[]}">
					<div class="e-con-inner">
		<div class="elementor-element elementor-element-660b4ee e-con-full e-flex e-con e-child" data-id="660b4ee" data-element_type="container" data-e-type="container" data-settings="{&quot;jet_parallax_layout_list&quot;:[],&quot;background_background&quot;:&quot;classic&quot;}">
				<div class="elementor-element elementor-element-f4eb425 elementor-widget elementor-widget-heading" data-id="f4eb425" data-element_type="widget" data-e-type="widget" data-widget_type="heading.default">
					<h2 class="elementor-heading-title elementor-size-default"><a href="https://www.archspm.org/es/marriage/family/">Recursos arquidiocesanos sobre el matrimonio y la familia</a></h2>				</div>
				</div>
		<div class="elementor-element elementor-element-94c3cc1 e-con-full e-flex e-con e-child" data-id="94c3cc1" data-element_type="container" data-e-type="container" data-settings="{&quot;jet_parallax_layout_list&quot;:[],&quot;background_background&quot;:&quot;classic&quot;}">
				<div class="elementor-element elementor-element-3ee1731 elementor-widget elementor-widget-heading" data-id="3ee1731" data-element_type="widget" data-e-type="widget" data-widget_type="heading.default">
					<h2 class="elementor-heading-title elementor-size-default"><a href="https://www.foryourmarriage.org/family-life-parenting/" target="_blank" rel="noopener">Otros aspectos de la vida familiar y la crianza de los hijos </a></h2>				</div>
				</div>
					</div>
				</div>
		<div class="elementor-element elementor-element-174e11b e-flex e-con-boxed e-con e-parent" data-id="174e11b" data-element_type="container" data-e-type="container" data-settings="{&quot;jet_parallax_layout_list&quot;:[]}">
					<div class="e-con-inner">
				<div class="elementor-element elementor-element-625f322 elementor-widget elementor-widget-heading" data-id="625f322" data-element_type="widget" data-e-type="widget" data-widget_type="heading.default">
					<h2 class="elementor-heading-title elementor-size-default">Instituto Caná de la Familia</h2>				</div>
				<div class="elementor-element elementor-element-752bbf0d elementor-widget elementor-widget-text-editor" data-id="752bbf0d" data-element_type="widget" data-e-type="widget" data-widget_type="text-editor.default">
									<p>El Instituto de la Familia Cana tiene como objetivo colaborar con las parroquias y las escuelas para fomentar una vida matrimonial y familiar sólida y dinámica dentro de su comunidad.</p><p>Creemos que el elemento central de esta comunidad floreciente es el discipulado. Sabemos que el personal de la parroquia y de la escuela está desbordado por las necesidades urgentes de las organizaciones que dirigen. Nos encanta colaborar con ellos para construir una sólida cultura de discipulado y formar líderes dentro de su comunidad, juntos.</p><hr /><h3>La experiencia de Caná</h3><p>El Instituto Familiar Cana existe para apoyarte en tus esfuerzos por construir una vida familiar sólida y encontrar la tranquilidad de saber que tu familia va por buen camino.</p><p>¡Los grupos pequeños, retiros y eventos de The Cana Experience están diseñados específicamente para ayudar a los padres de niños pequeños a desarrollar matrimonios sólidos y satisfactorios, y a criar hijos maravillosos!</p><p>Para obtener más información sobre dónde encontrar un grupo o para preguntar cómo puedes iniciar «The Cana Experience» en tu parroquia o escuela católica, visita: <a href="https://canafamilyinstitute.com/" target="_blank" rel="noopener">canafamilyinstitute.com</a> o por correo electrónico <a href="mailto:info@canafamilyinstitute.com">info@canafamilyinstitute.com</a>.</p><ul><li>El temperamento que Dios te dio (Se reúne dos veces al mes, de enero a abril)</li><li>Serie de grupos pequeños «Created and Called» para madres de niños pequeños (Se reúne dos veces al mes, de septiembre a mayo)</li><li>Serie de grupos pequeños «Reigning in Life» para maridos y padres (Se reúne dos veces al mes, de octubre a mayo)</li></ul><p><strong>Materiales promocionales</strong></p><ul><li><a href="https://archspmmainsite.s3.amazonaws.com/Offices/Marriage%2C+Family+%26+Life/Cana/Cana+Social+Media.zip" target="_blank" rel="noopener">Gráficos para redes sociales</a></li></ul>								</div>
					</div>
				</div>
				</div>
