{"id":1160,"date":"2019-12-23T17:49:07","date_gmt":"2019-12-23T22:49:07","guid":{"rendered":"https:\/\/www.archspm.org\/the-confiteor\/"},"modified":"2019-12-23T17:49:07","modified_gmt":"2019-12-23T22:49:07","slug":"the-confiteor","status":"publish","type":"page","link":"https:\/\/www.archspm.org\/es\/the-confiteor\/","title":{"rendered":"El Confiteor"},"content":{"rendered":"<h1 class=\"entry-title\">El Confiteor<\/h1>\n<p><em>(Traducci\u00f3n de 2012)<\/em><\/p>\n<p>Confieso ante Dios todopoderoso<br \/>\ny a ustedes, hermanos y hermanas,<br \/>\nque he pecado gravemente<br \/>\nen mis pensamientos y en mis palabras,<br \/>\nen lo que he hecho,<br \/>\ny en lo que no he logrado hacer;<br \/>\npor mi culpa, por mi culpa,<br \/>\npor mi culpa, la m\u00e1s grave;<br \/>\npor eso le pido a la Sant\u00edsima Virgen Mar\u00eda,<br \/>\ntodos los \u00e1ngeles y santos,<br \/>\ny ustedes, hermanos y hermanas,<br \/>\npara que oren por m\u00ed al Se\u00f1or nuestro Dios.<\/p>\n<p>Confieso ante Dios Todopoderoso,<br \/>\na la bendita Mar\u00eda, siempre Virgen,<br \/>\nal beato San Miguel Arc\u00e1ngel,<br \/>\nal beato Juan el Bautista,<br \/>\na los santos ap\u00f3stoles Pedro y Pablo,<br \/>\ny a todos los santos<br \/>\nque he pecado gravemente<br \/>\nen pensamiento, palabra y obra,<br \/>\npor mi culpa,<br \/>\npor mi culpa,<br \/>\npor mi culpa, la m\u00e1s grave.<br \/>\nPor eso, ruego a la bendita Mar\u00eda, siempre Virgen,<br \/>\nel bienaventurado San Miguel Arc\u00e1ngel,<br \/>\nel beato Juan el Bautista,<br \/>\nlos santos ap\u00f3stoles Pedro y Pablo,<br \/>\ny todos los santos,<br \/>\npara que oren por m\u00ed al Se\u00f1or nuestro Dios.<\/p>\n<p>Am\u00e9n.<\/p>\n<p>&nbsp;<\/p>\n<p><em>\u00a92005 Catholic Book Publishing Company. Libro cat\u00f3lico de oraciones.<\/em><\/p>\n<p>Para adquirir el Libro Cat\u00f3lico de Oraciones, acuda a una librer\u00eda cat\u00f3lica o c\u00f3mprelo en l\u00ednea.<\/p>\n<p>Para m\u00e1s oraciones cat\u00f3licas y recursos adicionales, visite la p\u00e1gina\u00a0<a href=\"https:\/\/www.ewtn.com\/catholicism\/devotions\/prayers-69\" target=\"_blank\" rel=\"noopener noreferrer\">P\u00e1gina web de EWTN<\/a>.<\/p>","protected":false},"excerpt":{"rendered":"<p>The Confiteor (2012 Translation) I confess to almighty God and to you, my brothers and sisters, that I have greatly sinned in my thoughts and in my words, in what I have done, and in what I have failed to do; through my fault, through my fault, through my most grievous fault; therefore I ask [&hellip;]<\/p>\n","protected":false},"author":2,"featured_media":6958,"parent":0,"menu_order":0,"comment_status":"closed","ping_status":"closed","template":"","meta":{"footnotes":""},"class_list":["post-1160","page","type-page","status-publish","has-post-thumbnail","hentry"],"_links":{"self":[{"href":"https:\/\/www.archspm.org\/es\/wp-json\/wp\/v2\/pages\/1160","targetHints":{"allow":["GET"]}}],"collection":[{"href":"https:\/\/www.archspm.org\/es\/wp-json\/wp\/v2\/pages"}],"about":[{"href":"https:\/\/www.archspm.org\/es\/wp-json\/wp\/v2\/types\/page"}],"author":[{"embeddable":true,"href":"https:\/\/www.archspm.org\/es\/wp-json\/wp\/v2\/users\/2"}],"replies":[{"embeddable":true,"href":"https:\/\/www.archspm.org\/es\/wp-json\/wp\/v2\/comments?post=1160"}],"version-history":[{"count":0,"href":"https:\/\/www.archspm.org\/es\/wp-json\/wp\/v2\/pages\/1160\/revisions"}],"wp:featuredmedia":[{"embeddable":true,"href":"https:\/\/www.archspm.org\/es\/wp-json\/wp\/v2\/media\/6958"}],"wp:attachment":[{"href":"https:\/\/www.archspm.org\/es\/wp-json\/wp\/v2\/media?parent=1160"}],"curies":[{"name":"wp","href":"https:\/\/api.w.org\/{rel}","templated":true}]}}

<h1 class="entry-title">El Confiteor</h1>
<p><em>(Traducción de 2012)</em></p>
<p>Confieso ante Dios todopoderoso<br />
y a ustedes, hermanos y hermanas,<br />
que he pecado gravemente<br />
en mis pensamientos y en mis palabras,<br />
en lo que he hecho,<br />
y en lo que no he logrado hacer;<br />
por mi culpa, por mi culpa,<br />
por mi culpa, la más grave;<br />
por eso le pido a la Santísima Virgen María,<br />
todos los ángeles y santos,<br />
y ustedes, hermanos y hermanas,<br />
para que oren por mí al Señor nuestro Dios.</p>
<p>Confieso ante Dios Todopoderoso,<br />
a la bendita María, siempre Virgen,<br />
al beato San Miguel Arcángel,<br />
al beato Juan el Bautista,<br />
a los santos apóstoles Pedro y Pablo,<br />
y a todos los santos<br />
que he pecado gravemente<br />
en pensamiento, palabra y obra,<br />
por mi culpa,<br />
por mi culpa,<br />
por mi culpa, la más grave.<br />
Por eso, ruego a la bendita María, siempre Virgen,<br />
el bienaventurado San Miguel Arcángel,<br />
el beato Juan el Bautista,<br />
los santos apóstoles Pedro y Pablo,<br />
y todos los santos,<br />
para que oren por mí al Señor nuestro Dios.</p>
<p>Amén.</p>
<p>&nbsp;</p>
<p><em>©2005 Catholic Book Publishing Company. Libro católico de oraciones.</em></p>
<p>Para adquirir el Libro Católico de Oraciones, acuda a una librería católica o cómprelo en línea.</p>
<p>Para más oraciones católicas y recursos adicionales, visite la página <a href="https://www.ewtn.com/catholicism/devotions/prayers-69" target="_blank" rel="noopener noreferrer">Página web de EWTN</a>.</p>
