{"id":1217,"date":"2019-12-26T22:24:06","date_gmt":"2019-12-27T03:24:06","guid":{"rendered":"https:\/\/www.archspm.org\/prayer-to-our-lady-of-lourdes\/"},"modified":"2019-12-26T22:24:06","modified_gmt":"2019-12-27T03:24:06","slug":"prayer-to-our-lady-of-lourdes","status":"publish","type":"page","link":"https:\/\/www.archspm.org\/es\/prayer-to-our-lady-of-lourdes\/","title":{"rendered":"Oraci\u00f3n a Nuestra Se\u00f1ora de Lourdes"},"content":{"rendered":"<h1 class=\"entry-title\">Oraci\u00f3n a Nuestra Se\u00f1ora de Lourdes<\/h1>\n<div class=\"entry-content\">\n<p><em>Esta oraci\u00f3n fue pronunciada durante la visita del Santo Padre a Lourdes (Francia) el 15 de agosto de 2004. El Papa le pidi\u00f3, entre otras cosas, que \u201cfuera nuestra gu\u00eda por los caminos del mundo\u201d.\u201d<\/em><\/p>\n<p>\u00a1Salve, Mar\u00eda, mujer pobre y humilde, bendita por el Alt\u00edsimo! Virgen de la esperanza, aurora de una nueva era, nos unimos a tu canto de alabanza para celebrar la misericordia del Se\u00f1or, para proclamar la llegada del Reino y la plena liberaci\u00f3n de la humanidad.<\/p>\n<p>\u00a1Salve, Mar\u00eda, humilde sierva del Se\u00f1or, gloriosa Madre de Cristo! Virgen fiel, santa morada del Verbo, ens\u00e9\u00f1anos a perseverar en la escucha de la Palabra y a ser d\u00f3ciles a la voz del Esp\u00edritu, atentos a sus impulsos en lo m\u00e1s profundo de nuestra conciencia y a sus manifestaciones en los acontecimientos de la historia.<\/p>\n<p>\u00a1Salve Mar\u00eda, Mujer de dolores, Madre de los vivos! Virgen esposa bajo la Cruz, nueva Eva, gu\u00edanos por los caminos del mundo. Ens\u00e9\u00f1anos a vivir y a difundir el amor de Cristo, a permanecer junto a ti ante las innumerables cruces en las que tu Hijo sigue crucificado.<\/p>\n<p>\u00a1Salve Mar\u00eda, mujer de fe, primera entre los disc\u00edpulos! Virgen Madre de la Iglesia, ay\u00fadanos a dar siempre raz\u00f3n de la esperanza que hay en nosotros, confiando en la bondad humana y en el amor del Padre. Ens\u00e9\u00f1anos a construir el mundo partiendo de nuestro interior: en lo m\u00e1s profundo del silencio y la oraci\u00f3n, en la alegr\u00eda del amor fraterno, en la fecundidad \u00fanica de la Cruz.<\/p>\n<p>Santa Mar\u00eda, Madre de los creyentes, Nuestra Se\u00f1ora de Lourdes, ruega por nosotros.<\/p>\n<p>Am\u00e9n.<\/p>\n<p>-<em>El papa Juan Pablo II, el 15 de agosto de 2004, en Lourdes, Francia.<\/em><\/p>\n<p>&nbsp;<\/p>\n<p><em>\u00a92012 EWTN. Utilizado con permiso.<\/em><\/p>\n<p>Para m\u00e1s oraciones cat\u00f3licas y recursos adicionales, visite la p\u00e1gina\u00a0<a href=\"https:\/\/www.ewtn.com\/catholicism\/devotions\/prayers-69\" target=\"_blank\" rel=\"noopener noreferrer\">P\u00e1gina web de EWTN<\/a>.<\/p>\n<\/div>","protected":false},"excerpt":{"rendered":"<p>Prayer to Our Lady of Lourdes This prayer was said during the Holy Father\u2019s August 15, 2004 visit to Lourdes, France. The Pope asked her among other things to \u201cbe our guide along the paths of the world.\u201d Hail Mary, poor and humble Woman, Blessed by the Most High! Virgin of hope, dawn of a [&hellip;]<\/p>\n","protected":false},"author":2,"featured_media":6958,"parent":0,"menu_order":0,"comment_status":"closed","ping_status":"closed","template":"","meta":{"footnotes":""},"class_list":["post-1217","page","type-page","status-publish","has-post-thumbnail","hentry"],"_links":{"self":[{"href":"https:\/\/www.archspm.org\/es\/wp-json\/wp\/v2\/pages\/1217","targetHints":{"allow":["GET"]}}],"collection":[{"href":"https:\/\/www.archspm.org\/es\/wp-json\/wp\/v2\/pages"}],"about":[{"href":"https:\/\/www.archspm.org\/es\/wp-json\/wp\/v2\/types\/page"}],"author":[{"embeddable":true,"href":"https:\/\/www.archspm.org\/es\/wp-json\/wp\/v2\/users\/2"}],"replies":[{"embeddable":true,"href":"https:\/\/www.archspm.org\/es\/wp-json\/wp\/v2\/comments?post=1217"}],"version-history":[{"count":0,"href":"https:\/\/www.archspm.org\/es\/wp-json\/wp\/v2\/pages\/1217\/revisions"}],"wp:featuredmedia":[{"embeddable":true,"href":"https:\/\/www.archspm.org\/es\/wp-json\/wp\/v2\/media\/6958"}],"wp:attachment":[{"href":"https:\/\/www.archspm.org\/es\/wp-json\/wp\/v2\/media?parent=1217"}],"curies":[{"name":"wp","href":"https:\/\/api.w.org\/{rel}","templated":true}]}}

Oración a Nuestra Señora de Lourdes

<h1 class="entry-title">Oración a Nuestra Señora de Lourdes</h1>
<div class="entry-content">
<p><em>Esta oración fue pronunciada durante la visita del Santo Padre a Lourdes (Francia) el 15 de agosto de 2004. El Papa le pidió, entre otras cosas, que “fuera nuestra guía por los caminos del mundo”.”</em></p>
<p>¡Salve, María, mujer pobre y humilde, bendita por el Altísimo! Virgen de la esperanza, aurora de una nueva era, nos unimos a tu canto de alabanza para celebrar la misericordia del Señor, para proclamar la llegada del Reino y la plena liberación de la humanidad.</p>
<p>¡Salve, María, humilde sierva del Señor, gloriosa Madre de Cristo! Virgen fiel, santa morada del Verbo, enséñanos a perseverar en la escucha de la Palabra y a ser dóciles a la voz del Espíritu, atentos a sus impulsos en lo más profundo de nuestra conciencia y a sus manifestaciones en los acontecimientos de la historia.</p>
<p>¡Salve María, Mujer de dolores, Madre de los vivos! Virgen esposa bajo la Cruz, nueva Eva, guíanos por los caminos del mundo. Enséñanos a vivir y a difundir el amor de Cristo, a permanecer junto a ti ante las innumerables cruces en las que tu Hijo sigue crucificado.</p>
<p>¡Salve María, mujer de fe, primera entre los discípulos! Virgen Madre de la Iglesia, ayúdanos a dar siempre razón de la esperanza que hay en nosotros, confiando en la bondad humana y en el amor del Padre. Enséñanos a construir el mundo partiendo de nuestro interior: en lo más profundo del silencio y la oración, en la alegría del amor fraterno, en la fecundidad única de la Cruz.</p>
<p>Santa María, Madre de los creyentes, Nuestra Señora de Lourdes, ruega por nosotros.</p>
<p>Amén.</p>
<p>-<em>El papa Juan Pablo II, el 15 de agosto de 2004, en Lourdes, Francia.</em></p>
<p>&nbsp;</p>
<p><em>©2012 EWTN. Utilizado con permiso.</em></p>
<p>Para más oraciones católicas y recursos adicionales, visite la página <a href="https://www.ewtn.com/catholicism/devotions/prayers-69" target="_blank" rel="noopener noreferrer">Página web de EWTN</a>.</p>
</div>
