{"id":1360,"date":"2020-05-11T17:47:22","date_gmt":"2020-05-11T21:47:22","guid":{"rendered":"https:\/\/www.archspm.org\/why-is-jesus-referred-to-as-the-light-of-the-world-and-how-does-that-relate-to-christmas\/"},"modified":"2025-07-24T12:48:34","modified_gmt":"2025-07-24T16:48:34","slug":"why-is-jesus-referred-to-as-the-light-of-the-world-and-how-does-that-relate-to-christmas","status":"publish","type":"page","link":"https:\/\/www.archspm.org\/es\/why-is-jesus-referred-to-as-the-light-of-the-world-and-how-does-that-relate-to-christmas\/","title":{"rendered":"\u00bfPor qu\u00e9 se llama a Jes\u00fas \"Luz del mundo\" y qu\u00e9 relaci\u00f3n tiene con la Navidad?"},"content":{"rendered":"<div data-elementor-type=\"wp-page\" data-elementor-id=\"1360\" class=\"elementor elementor-1360\" data-elementor-post-type=\"page\">\n\t\t\t\t<div class=\"elementor-element elementor-element-295055b e-flex e-con-boxed e-con e-parent\" data-id=\"295055b\" data-element_type=\"container\" data-e-type=\"container\" data-settings=\"{&quot;background_background&quot;:&quot;classic&quot;,&quot;jet_parallax_layout_list&quot;:[]}\">\n\t\t\t\t\t<div class=\"e-con-inner\">\n\t\t<div class=\"elementor-element elementor-element-d170566 e-con-full e-flex e-con e-child\" data-id=\"d170566\" data-element_type=\"container\" data-e-type=\"container\" data-settings=\"{&quot;jet_parallax_layout_list&quot;:[]}\">\n\t\t\t\t<div class=\"elementor-element elementor-element-a32256b elementor-widget elementor-widget-image\" data-id=\"a32256b\" data-element_type=\"widget\" data-e-type=\"widget\" data-widget_type=\"image.default\">\n\t\t\t\t\t\t\t\t\t\t\t\t\t\t\t<img decoding=\"async\" width=\"150\" height=\"150\" src=\"https:\/\/www.archspm.org\/wp-content\/uploads\/2025\/07\/Archbishop-Hebda_sm-e1752783360797-150x150.jpg\" class=\"attachment-thumbnail size-thumbnail wp-image-9864\" alt=\"\" srcset=\"https:\/\/www.archspm.org\/wp-content\/uploads\/2025\/07\/Archbishop-Hebda_sm-e1752783360797-150x150.jpg 150w, https:\/\/www.archspm.org\/wp-content\/uploads\/2025\/07\/Archbishop-Hebda_sm-e1752783360797-300x300.jpg 300w, https:\/\/www.archspm.org\/wp-content\/uploads\/2025\/07\/Archbishop-Hebda_sm-e1752783360797-768x768.jpg 768w, https:\/\/www.archspm.org\/wp-content\/uploads\/2025\/07\/Archbishop-Hebda_sm-e1752783360797-12x12.jpg 12w, https:\/\/www.archspm.org\/wp-content\/uploads\/2025\/07\/Archbishop-Hebda_sm-e1752783360797-400x400.jpg 400w, https:\/\/www.archspm.org\/wp-content\/uploads\/2025\/07\/Archbishop-Hebda_sm-e1752783360797-600x600.jpg 600w, https:\/\/www.archspm.org\/wp-content\/uploads\/2025\/07\/Archbishop-Hebda_sm-e1752783360797.jpg 858w\" sizes=\"(max-width: 150px) 100vw, 150px\" \/>\t\t\t\t\t\t\t\t\t\t\t\t\t\t\t<\/div>\n\t\t\t\t<\/div>\n\t\t<div class=\"elementor-element elementor-element-27a7baa e-con-full e-flex e-con e-child\" data-id=\"27a7baa\" data-element_type=\"container\" data-e-type=\"container\" data-settings=\"{&quot;jet_parallax_layout_list&quot;:[]}\">\n\t\t\t\t<div class=\"elementor-element elementor-element-c45aa68 elementor-widget elementor-widget-text-editor\" data-id=\"c45aa68\" data-element_type=\"widget\" data-e-type=\"widget\" data-widget_type=\"text-editor.default\">\n\t\t\t\t\t\t\t\t\t<h2 style=\"text-align: left;\"><span style=\"color: #c39519;\"><strong><a style=\"color: #c39519;\" href=\"https:\/\/www.archspm.org\/es\/togetheronthejourney\/\">\u00a1Suscr\u00edbase a Juntos en el viaje del arzobispo Hebda!<\/a><\/strong><\/span><\/h2><p><span class=\"ui-provider en ccw bzq ccx ccy ccz cda cdb cdc cdd cde cdf cdg cdh cdi cdj cdk cdl cdm cdn cdo cdp cdq cdr cds cdt cdu cdv cdw cdx cdy cdz cea ceb cec\" dir=\"ltr\" style=\"color: #ffffff;\"> Reciba un v\u00eddeo mensual y actualizaciones semanales del arzobispo Bernard Hebda. <span style=\"text-decoration: underline;\"><strong><a class=\"fui-Link ___1eya986 f3rmtva f1ewtqcl fyind8e f1k6fduh f1w7gpdv fk6fouc fjoy568 figsok6 f1hu3pq6 f11qmguv f19f4twv f1tyq0we f1g0x7ka fhxju0i f1qch9an f1cnd47f fqv5qza f1vmzxwi f1o700av f13mvf36 f1cmlufx f9n3di6 f1ids18y f1tx3yz7 f1deo86v f1eh06m1 f1iescvh fhgqx19 f1olyrje f1p93eir f1nev41a f1h8hb77 f1x7u7e9 f10aw75t fsle3fq f17ae5zn\" style=\"color: #ffffff; text-decoration: underline;\" title=\"https:\/\/www.archspm.org\/togetheronthejourney\" href=\"https:\/\/www.archspm.org\/es\/togetheronthejourney\/\" target=\"_blank\" rel=\"noreferrer noopener\" aria-label=\"Enlace \u00a1Inscr\u00edbete aqu\u00ed!\">Inscr\u00edbete aqu\u00ed<\/a><\/strong><\/span><\/span><\/p>\t\t\t\t\t\t\t\t<\/div>\n\t\t\t\t<\/div>\n\t\t\t\t\t<\/div>\n\t\t\t\t<\/div>\n\t\t<div class=\"elementor-element elementor-element-74488291 e-flex e-con-boxed e-con e-parent\" data-id=\"74488291\" data-element_type=\"container\" data-e-type=\"container\" data-settings=\"{&quot;jet_parallax_layout_list&quot;:[]}\">\n\t\t\t\t\t<div class=\"e-con-inner\">\n\t\t\t\t<div class=\"elementor-element elementor-element-1ae7996d elementor-widget elementor-widget-text-editor\" data-id=\"1ae7996d\" data-element_type=\"widget\" data-e-type=\"widget\" data-widget_type=\"text-editor.default\">\n\t\t\t\t\t\t\t\t\t<h1 class=\"entry-title\">\u00bfPor qu\u00e9 se llama a Jes\u00fas \"Luz del mundo\" y qu\u00e9 relaci\u00f3n tiene con la Navidad?<\/h1><div class=\"entry-content\"><div><p><strong>La luz atraviesa la oscuridad<\/strong>. Jes\u00fas es la \u201cluz verdadera\u201d (Jn 1, 9), la \u201cLuz del mundo\u201d (Jn 8, 12; 9, 5; 12, 46), y naci\u00f3 durante la vigilia nocturna (Lc 2, 8), a medianoche, cuando afuera reinaba la m\u00e1s absoluta oscuridad, el momento en que las tinieblas eran m\u00e1s profundas e intensas. En aquella primera noche de Navidad, la luz brill\u00f3 en la oscuridad (Jn 1,5a), resplandeci\u00f3 la gloria del Se\u00f1or (Lc 2,9), la oscuridad no la venci\u00f3 (Jn 1,5b) y alumbra a todo hombre (Jn 1,9).<\/p><p><strong>La luz tan esperada<\/strong>. El nacimiento del Ni\u00f1o Jes\u00fas cumpli\u00f3 la antigua profec\u00eda de Isa\u00edas: \u201cEl pueblo que caminaba en tinieblas ha visto una gran luz; sobre los que habitaban en tierra de sombra de muerte, una luz ha resplandecido\u201d (Is 9, 1). El Hijo de Dios reci\u00e9n nacido resplandece como el sol; es el \u201csol de justicia\u201d que trae \u201crayos sanadores\u201d (Mal 3, 20).<\/p><p><strong>El simbolismo de la luz<\/strong>. La luz es un s\u00edmbolo rico en significados. Puede representar lo sagrado, la santidad, la bendici\u00f3n o la santidad; la pureza, la inocencia, la bondad o la perfecci\u00f3n; la gloria, el esplendor, la grandeza, la majestad, la magnificencia, la grandeza o la maravilla; la inteligencia, la iluminaci\u00f3n, la perspicacia, la sabidur\u00eda, la inteligencia o el conocimiento; la divinidad; la presencia de Dios; la alegr\u00eda; y la verdad.<\/p><p><strong>S\u00edmbolos luminosos<\/strong>. El s\u00edmbolo m\u00e1s com\u00fan de Jes\u00fas como Luz es una sola vela blanca sin adornos. Esta vela puede colocarse sola o dentro de la corona de Adviento. Otra costumbre habitual es retirar las cuatro velas de colores de la corona de Adviento el d\u00eda de Navidad y sustituirlas por cuatro velas blancas durante el resto de la temporada navide\u00f1a. Otras formas de destacar a Jes\u00fas como Luz ser\u00edan utilizar velas blancas como centro de mesa, colocar una o m\u00e1s velas votivas blancas en lugares destacados de la casa, o colocar una sola luz blanca o una serie de luces blancas en el \u00e1rbol de Navidad, una corona o cualquier otra decoraci\u00f3n. En la iglesia, las velas del santuario tambi\u00e9n nos recuerdan que Jes\u00fas es\u00a0<em>el\u00a0<\/em>Luz.<\/p><p><strong>Una reflexi\u00f3n navide\u00f1a<\/strong>. La luz de una vela puede servir como punto de referencia para la oraci\u00f3n y la meditaci\u00f3n en privado. Considera lo siguiente como una posible forma de orar. Dedica un tiempo, tal vez diez minutos, tal vez media hora. Qu\u00e9date a solas. Coloca una sola vela sobre una mesa o un candelabro. Enci\u00e9ndela. Oscurece el resto de la habitaci\u00f3n. Apaga todas las l\u00e1mparas. Cierra las cortinas. Deja que la vela sea la \u00fanica fuente de luz. Busca una posici\u00f3n c\u00f3moda frente a ella. C\u00e1lmate. Respira profundamente. Rel\u00e1jate. Elimina cualquier distracci\u00f3n mental. Dedica toda tu atenci\u00f3n a la llama danzante y a los rayos resplandecientes. Mant\u00e9n los ojos bien abiertos. Deja que la luz te inunde. Contempla a Jes\u00fas en la luz. Deja que Jes\u00fas ilumine tu vida. Deja que Jes\u00fas caliente tu coraz\u00f3n. Deja que su Palabra ilumine tu mente y gu\u00ede tus pasos.<\/p><p><em>\u00a9 2006, Rev. Michael A. Van Sloun<\/em><br \/><em>Utilizado con autorizaci\u00f3n.<\/em><\/p><\/div><\/div>\t\t\t\t\t\t\t\t<\/div>\n\t\t\t\t\t<\/div>\n\t\t\t\t<\/div>\n\t\t\t\t<\/div>","protected":false},"excerpt":{"rendered":"<p>Subscribe to Together on the Journey from Archbishop Hebda! Receive a monthly video plus weekly updates from Archbishop Bernard Hebda. Sign up here! Why is Jesus referred to as the \u201cLight of the World\u201d and how does that relate to Christmas? The Light pierces the darkness. Jesus is the \u201ctrue light\u201d (Jn 1:9), the \u201cLight [&hellip;]<\/p>\n","protected":false},"author":2,"featured_media":6955,"parent":0,"menu_order":0,"comment_status":"closed","ping_status":"closed","template":"","meta":{"footnotes":""},"class_list":["post-1360","page","type-page","status-publish","has-post-thumbnail","hentry"],"_links":{"self":[{"href":"https:\/\/www.archspm.org\/es\/wp-json\/wp\/v2\/pages\/1360","targetHints":{"allow":["GET"]}}],"collection":[{"href":"https:\/\/www.archspm.org\/es\/wp-json\/wp\/v2\/pages"}],"about":[{"href":"https:\/\/www.archspm.org\/es\/wp-json\/wp\/v2\/types\/page"}],"author":[{"embeddable":true,"href":"https:\/\/www.archspm.org\/es\/wp-json\/wp\/v2\/users\/2"}],"replies":[{"embeddable":true,"href":"https:\/\/www.archspm.org\/es\/wp-json\/wp\/v2\/comments?post=1360"}],"version-history":[{"count":0,"href":"https:\/\/www.archspm.org\/es\/wp-json\/wp\/v2\/pages\/1360\/revisions"}],"wp:featuredmedia":[{"embeddable":true,"href":"https:\/\/www.archspm.org\/es\/wp-json\/wp\/v2\/media\/6955"}],"wp:attachment":[{"href":"https:\/\/www.archspm.org\/es\/wp-json\/wp\/v2\/media?parent=1360"}],"curies":[{"name":"wp","href":"https:\/\/api.w.org\/{rel}","templated":true}]}}

¿Por qué se llama a Jesús "Luz del mundo" y qué relación tiene con la Navidad?

<div data-elementor-type="wp-page" data-elementor-id="1360" class="elementor elementor-1360" data-elementor-post-type="page">
				<div class="elementor-element elementor-element-295055b e-flex e-con-boxed e-con e-parent" data-id="295055b" data-element_type="container" data-e-type="container" data-settings="{&quot;background_background&quot;:&quot;classic&quot;,&quot;jet_parallax_layout_list&quot;:[]}">
					<div class="e-con-inner">
		<div class="elementor-element elementor-element-d170566 e-con-full e-flex e-con e-child" data-id="d170566" data-element_type="container" data-e-type="container" data-settings="{&quot;jet_parallax_layout_list&quot;:[]}">
				<div class="elementor-element elementor-element-a32256b elementor-widget elementor-widget-image" data-id="a32256b" data-element_type="widget" data-e-type="widget" data-widget_type="image.default">
															<img decoding="async" width="150" height="150" src="https://www.archspm.org/wp-content/uploads/2025/07/Archbishop-Hebda_sm-e1752783360797-150x150.jpg" class="attachment-thumbnail size-thumbnail wp-image-9864" alt="" srcset="https://www.archspm.org/wp-content/uploads/2025/07/Archbishop-Hebda_sm-e1752783360797-150x150.jpg 150w, https://www.archspm.org/wp-content/uploads/2025/07/Archbishop-Hebda_sm-e1752783360797-300x300.jpg 300w, https://www.archspm.org/wp-content/uploads/2025/07/Archbishop-Hebda_sm-e1752783360797-768x768.jpg 768w, https://www.archspm.org/wp-content/uploads/2025/07/Archbishop-Hebda_sm-e1752783360797-12x12.jpg 12w, https://www.archspm.org/wp-content/uploads/2025/07/Archbishop-Hebda_sm-e1752783360797-400x400.jpg 400w, https://www.archspm.org/wp-content/uploads/2025/07/Archbishop-Hebda_sm-e1752783360797-600x600.jpg 600w, https://www.archspm.org/wp-content/uploads/2025/07/Archbishop-Hebda_sm-e1752783360797.jpg 858w" sizes="(max-width: 150px) 100vw, 150px" />															</div>
				</div>
		<div class="elementor-element elementor-element-27a7baa e-con-full e-flex e-con e-child" data-id="27a7baa" data-element_type="container" data-e-type="container" data-settings="{&quot;jet_parallax_layout_list&quot;:[]}">
				<div class="elementor-element elementor-element-c45aa68 elementor-widget elementor-widget-text-editor" data-id="c45aa68" data-element_type="widget" data-e-type="widget" data-widget_type="text-editor.default">
									<h2 style="text-align: left;"><span style="color: #c39519;"><strong><a style="color: #c39519;" href="https://www.archspm.org/es/togetheronthejourney/">¡Suscríbase a Juntos en el viaje del arzobispo Hebda!</a></strong></span></h2><p><span class="ui-provider en ccw bzq ccx ccy ccz cda cdb cdc cdd cde cdf cdg cdh cdi cdj cdk cdl cdm cdn cdo cdp cdq cdr cds cdt cdu cdv cdw cdx cdy cdz cea ceb cec" dir="ltr" style="color: #ffffff;"> Reciba un vídeo mensual y actualizaciones semanales del arzobispo Bernard Hebda. <span style="text-decoration: underline;"><strong><a class="fui-Link ___1eya986 f3rmtva f1ewtqcl fyind8e f1k6fduh f1w7gpdv fk6fouc fjoy568 figsok6 f1hu3pq6 f11qmguv f19f4twv f1tyq0we f1g0x7ka fhxju0i f1qch9an f1cnd47f fqv5qza f1vmzxwi f1o700av f13mvf36 f1cmlufx f9n3di6 f1ids18y f1tx3yz7 f1deo86v f1eh06m1 f1iescvh fhgqx19 f1olyrje f1p93eir f1nev41a f1h8hb77 f1x7u7e9 f10aw75t fsle3fq f17ae5zn" style="color: #ffffff; text-decoration: underline;" title="https://www.archspm.org/togetheronthejourney" href="https://www.archspm.org/es/togetheronthejourney/" target="_blank" rel="noreferrer noopener" aria-label="Enlace ¡Inscríbete aquí!">Inscríbete aquí</a></strong></span></span></p>								</div>
				</div>
					</div>
				</div>
		<div class="elementor-element elementor-element-74488291 e-flex e-con-boxed e-con e-parent" data-id="74488291" data-element_type="container" data-e-type="container" data-settings="{&quot;jet_parallax_layout_list&quot;:[]}">
					<div class="e-con-inner">
				<div class="elementor-element elementor-element-1ae7996d elementor-widget elementor-widget-text-editor" data-id="1ae7996d" data-element_type="widget" data-e-type="widget" data-widget_type="text-editor.default">
									<h1 class="entry-title">¿Por qué se llama a Jesús "Luz del mundo" y qué relación tiene con la Navidad?</h1><div class="entry-content"><div><p><strong>La luz atraviesa la oscuridad</strong>. Jesús es la “luz verdadera” (Jn 1, 9), la “Luz del mundo” (Jn 8, 12; 9, 5; 12, 46), y nació durante la vigilia nocturna (Lc 2, 8), a medianoche, cuando afuera reinaba la más absoluta oscuridad, el momento en que las tinieblas eran más profundas e intensas. En aquella primera noche de Navidad, la luz brilló en la oscuridad (Jn 1,5a), resplandeció la gloria del Señor (Lc 2,9), la oscuridad no la venció (Jn 1,5b) y alumbra a todo hombre (Jn 1,9).</p><p><strong>La luz tan esperada</strong>. El nacimiento del Niño Jesús cumplió la antigua profecía de Isaías: “El pueblo que caminaba en tinieblas ha visto una gran luz; sobre los que habitaban en tierra de sombra de muerte, una luz ha resplandecido” (Is 9, 1). El Hijo de Dios recién nacido resplandece como el sol; es el “sol de justicia” que trae “rayos sanadores” (Mal 3, 20).</p><p><strong>El simbolismo de la luz</strong>. La luz es un símbolo rico en significados. Puede representar lo sagrado, la santidad, la bendición o la santidad; la pureza, la inocencia, la bondad o la perfección; la gloria, el esplendor, la grandeza, la majestad, la magnificencia, la grandeza o la maravilla; la inteligencia, la iluminación, la perspicacia, la sabiduría, la inteligencia o el conocimiento; la divinidad; la presencia de Dios; la alegría; y la verdad.</p><p><strong>Símbolos luminosos</strong>. El símbolo más común de Jesús como Luz es una sola vela blanca sin adornos. Esta vela puede colocarse sola o dentro de la corona de Adviento. Otra costumbre habitual es retirar las cuatro velas de colores de la corona de Adviento el día de Navidad y sustituirlas por cuatro velas blancas durante el resto de la temporada navideña. Otras formas de destacar a Jesús como Luz serían utilizar velas blancas como centro de mesa, colocar una o más velas votivas blancas en lugares destacados de la casa, o colocar una sola luz blanca o una serie de luces blancas en el árbol de Navidad, una corona o cualquier otra decoración. En la iglesia, las velas del santuario también nos recuerdan que Jesús es <em>el </em>Luz.</p><p><strong>Una reflexión navideña</strong>. La luz de una vela puede servir como punto de referencia para la oración y la meditación en privado. Considera lo siguiente como una posible forma de orar. Dedica un tiempo, tal vez diez minutos, tal vez media hora. Quédate a solas. Coloca una sola vela sobre una mesa o un candelabro. Enciéndela. Oscurece el resto de la habitación. Apaga todas las lámparas. Cierra las cortinas. Deja que la vela sea la única fuente de luz. Busca una posición cómoda frente a ella. Cálmate. Respira profundamente. Relájate. Elimina cualquier distracción mental. Dedica toda tu atención a la llama danzante y a los rayos resplandecientes. Mantén los ojos bien abiertos. Deja que la luz te inunde. Contempla a Jesús en la luz. Deja que Jesús ilumine tu vida. Deja que Jesús caliente tu corazón. Deja que su Palabra ilumine tu mente y guíe tus pasos.</p><p><em>© 2006, Rev. Michael A. Van Sloun</em><br /><em>Utilizado con autorización.</em></p></div></div>								</div>
					</div>
				</div>
				</div>
