{"id":1361,"date":"2020-05-11T17:53:14","date_gmt":"2020-05-11T21:53:14","guid":{"rendered":"https:\/\/www.archspm.org\/what-is-advent-and-why-is-it-very-important-to-us-as-catholics\/"},"modified":"2025-07-24T17:06:07","modified_gmt":"2025-07-24T21:06:07","slug":"what-is-advent-and-why-is-it-very-important-to-us-as-catholics","status":"publish","type":"page","link":"https:\/\/www.archspm.org\/es\/what-is-advent-and-why-is-it-very-important-to-us-as-catholics\/","title":{"rendered":"\u00bfQu\u00e9 es el Adviento y por qu\u00e9 es tan importante para nosotros como cat\u00f3licos?"},"content":{"rendered":"<div data-elementor-type=\"wp-page\" data-elementor-id=\"1361\" class=\"elementor elementor-1361\" data-elementor-post-type=\"page\">\n\t\t\t\t<div class=\"elementor-element elementor-element-0f0170f e-flex e-con-boxed e-con e-parent\" data-id=\"0f0170f\" data-element_type=\"container\" data-e-type=\"container\" data-settings=\"{&quot;background_background&quot;:&quot;classic&quot;,&quot;jet_parallax_layout_list&quot;:[]}\">\n\t\t\t\t\t<div class=\"e-con-inner\">\n\t\t<div class=\"elementor-element elementor-element-7d15ab3 e-con-full e-flex e-con e-child\" data-id=\"7d15ab3\" data-element_type=\"container\" data-e-type=\"container\" data-settings=\"{&quot;jet_parallax_layout_list&quot;:[]}\">\n\t\t\t\t<div class=\"elementor-element elementor-element-1f165ad elementor-widget elementor-widget-image\" data-id=\"1f165ad\" data-element_type=\"widget\" data-e-type=\"widget\" data-widget_type=\"image.default\">\n\t\t\t\t\t\t\t\t\t\t\t\t\t\t\t<img decoding=\"async\" width=\"150\" height=\"150\" src=\"https:\/\/www.archspm.org\/wp-content\/uploads\/2025\/07\/Archbishop-Hebda_sm-e1752783360797-150x150.jpg\" class=\"attachment-thumbnail size-thumbnail wp-image-9864\" alt=\"\" srcset=\"https:\/\/www.archspm.org\/wp-content\/uploads\/2025\/07\/Archbishop-Hebda_sm-e1752783360797-150x150.jpg 150w, https:\/\/www.archspm.org\/wp-content\/uploads\/2025\/07\/Archbishop-Hebda_sm-e1752783360797-300x300.jpg 300w, https:\/\/www.archspm.org\/wp-content\/uploads\/2025\/07\/Archbishop-Hebda_sm-e1752783360797-768x768.jpg 768w, https:\/\/www.archspm.org\/wp-content\/uploads\/2025\/07\/Archbishop-Hebda_sm-e1752783360797-12x12.jpg 12w, https:\/\/www.archspm.org\/wp-content\/uploads\/2025\/07\/Archbishop-Hebda_sm-e1752783360797-400x400.jpg 400w, https:\/\/www.archspm.org\/wp-content\/uploads\/2025\/07\/Archbishop-Hebda_sm-e1752783360797-600x600.jpg 600w, https:\/\/www.archspm.org\/wp-content\/uploads\/2025\/07\/Archbishop-Hebda_sm-e1752783360797.jpg 858w\" sizes=\"(max-width: 150px) 100vw, 150px\" \/>\t\t\t\t\t\t\t\t\t\t\t\t\t\t\t<\/div>\n\t\t\t\t<\/div>\n\t\t<div class=\"elementor-element elementor-element-e1c2170 e-con-full e-flex e-con e-child\" data-id=\"e1c2170\" data-element_type=\"container\" data-e-type=\"container\" data-settings=\"{&quot;jet_parallax_layout_list&quot;:[]}\">\n\t\t\t\t<div class=\"elementor-element elementor-element-c2be3c7 elementor-widget elementor-widget-text-editor\" data-id=\"c2be3c7\" data-element_type=\"widget\" data-e-type=\"widget\" data-widget_type=\"text-editor.default\">\n\t\t\t\t\t\t\t\t\t<h2 style=\"text-align: left;\"><span style=\"color: #c39519;\"><strong><a style=\"color: #c39519;\" href=\"https:\/\/www.archspm.org\/es\/togetheronthejourney\/\">\u00a1Suscr\u00edbase a Juntos en el viaje del arzobispo Hebda!<\/a><\/strong><\/span><\/h2><p><span class=\"ui-provider en ccw bzq ccx ccy ccz cda cdb cdc cdd cde cdf cdg cdh cdi cdj cdk cdl cdm cdn cdo cdp cdq cdr cds cdt cdu cdv cdw cdx cdy cdz cea ceb cec\" dir=\"ltr\" style=\"color: #ffffff;\"> Reciba un v\u00eddeo mensual y actualizaciones semanales del arzobispo Bernard Hebda. <span style=\"text-decoration: underline;\"><strong><a class=\"fui-Link ___1eya986 f3rmtva f1ewtqcl fyind8e f1k6fduh f1w7gpdv fk6fouc fjoy568 figsok6 f1hu3pq6 f11qmguv f19f4twv f1tyq0we f1g0x7ka fhxju0i f1qch9an f1cnd47f fqv5qza f1vmzxwi f1o700av f13mvf36 f1cmlufx f9n3di6 f1ids18y f1tx3yz7 f1deo86v f1eh06m1 f1iescvh fhgqx19 f1olyrje f1p93eir f1nev41a f1h8hb77 f1x7u7e9 f10aw75t fsle3fq f17ae5zn\" style=\"color: #ffffff; text-decoration: underline;\" title=\"https:\/\/www.archspm.org\/togetheronthejourney\" href=\"https:\/\/www.archspm.org\/es\/togetheronthejourney\/\" target=\"_blank\" rel=\"noreferrer noopener\" aria-label=\"Enlace \u00a1Inscr\u00edbete aqu\u00ed!\">Inscr\u00edbete aqu\u00ed<\/a><\/strong><\/span><\/span><\/p>\t\t\t\t\t\t\t\t<\/div>\n\t\t\t\t<\/div>\n\t\t\t\t\t<\/div>\n\t\t\t\t<\/div>\n\t\t<div class=\"elementor-element elementor-element-7765bc75 e-flex e-con-boxed e-con e-parent\" data-id=\"7765bc75\" data-element_type=\"container\" data-e-type=\"container\" data-settings=\"{&quot;jet_parallax_layout_list&quot;:[]}\">\n\t\t\t\t\t<div class=\"e-con-inner\">\n\t\t\t\t<div class=\"elementor-element elementor-element-1406c260 elementor-widget elementor-widget-text-editor\" data-id=\"1406c260\" data-element_type=\"widget\" data-e-type=\"widget\" data-widget_type=\"text-editor.default\">\n\t\t\t\t\t\t\t\t\t<h1 class=\"entry-title\">\u00bfQu\u00e9 es el Adviento y por qu\u00e9 es tan importante para nosotros como cat\u00f3licos?<\/h1><div class=\"entry-content\"><p>\u00a1Feliz A\u00f1o Nuevo! No, \u00a1no es el 1 de enero! El a\u00f1o lit\u00fargico no coincide con el d\u00eda de A\u00f1o Nuevo, el comienzo del a\u00f1o calendario, ni con el 1 de julio, el comienzo del a\u00f1o fiscal para muchas organizaciones. El a\u00f1o eclesi\u00e1stico es distinto. Siempre comienza el primer domingo de Adviento, y con \u00e9l llega un cambio en el ciclo de lecturas. La fiesta de Cristo Rey marc\u00f3 el final del Tiempo Ordinario.<\/p><p>El Adviento es el tiempo lit\u00fargico de cuatro semanas que precede a la Navidad. El t\u00e9rmino \u201cAdviento\u201d deriva de la palabra latina\u00a0<em>adventus<\/em>\u00a0que significa \u201cvenida\u201d, y se centra no solo en la venida pasada de Jes\u00fas en la primera Navidad, sino tambi\u00e9n en la venida presente de Jes\u00fas en los evangelios, los sacramentos, otras personas, la oraci\u00f3n, el amor, la verdad y la experiencia personal; y la venida futura de Jes\u00fas en la Segunda o \u00daltima Venida al final del mundo, la Parus\u00eda o el Juicio Final.<\/p><p>El Adviento no es la Cuaresma ni una versi\u00f3n en miniatura de la Cuaresma. De hecho, ambas temporadas son muy diferentes. El Adviento hace hincapi\u00e9 en la esperanza y la alegr\u00eda, mientras que la Cuaresma se centra en la penitencia y el dolor; el Adviento enfatiza lo que debemos a\u00f1adir a nuestras vidas (por ejemplo, la gracia, la luz, la alegr\u00eda), mientras que la Cuaresma enfatiza lo que debemos eliminar (es decir, el pecado); El Adviento dura cuatro domingos y 28 d\u00edas, la Cuaresma dura seis domingos y cuarenta d\u00edas; el Adviento es una temporada lit\u00fargica, la Cuaresma es una temporada asc\u00e9tica (es decir, ayuno, limosna, oraci\u00f3n, actos de caridad); el Adviento hace hincapi\u00e9 en la preparaci\u00f3n con festividad, la Cuaresma hace hincapi\u00e9 en la preparaci\u00f3n con cilicio y cenizas; el Adviento presenta al profeta Isa\u00edas, la Cuaresma presenta al profeta Jerem\u00edas.<\/p><p>El santo principal del Adviento es Juan el Bautista. \u00c9l es \u201cel profeta del Alt\u00edsimo\u201d (Lc 1, 76), el precursor inmediato de Jes\u00fas y el v\u00ednculo entre los profetas del Antiguo Testamento y el mismo Jes\u00fas. Su historia se relata en el segundo y tercer domingo de Adviento. El Bautista fue la voz que clamaba en el desierto: \u201cPreparad el camino del Se\u00f1or, enderezad sus sendas\u201d (Is 40, 3; Mt 3, 3), que es lo que estamos llamados a hacer durante este tiempo santo. Tambi\u00e9n dirigi\u00f3 la atenci\u00f3n de la gente de s\u00ed mismo a Jes\u00fas y dijo: \u2019He aqu\u00ed el Cordero de Dios\u201c (Jn 1, 29.36), y pronunci\u00f3 una de las frases m\u00e1s trascendentales de los evangelios al declarar: \u201dEs necesario que \u00e9l crezca, pero que yo disminuya\u201c (Jn 3, 30). Si queremos que el Adviento sea espiritualmente provechoso, debemos, al igual que Juan el Bautista, disminuir, mientras que Jes\u00fas crece en poder y esplendor en nuestras vidas.<\/p><p><em>\u00a9 2002 Rev. Michael A. Van Sloun<\/em><br \/><em>Utilizado con autorizaci\u00f3n.<\/em><\/p><\/div>\t\t\t\t\t\t\t\t<\/div>\n\t\t\t\t\t<\/div>\n\t\t\t\t<\/div>\n\t\t\t\t<\/div>","protected":false},"excerpt":{"rendered":"<p>Subscribe to Together on the Journey from Archbishop Hebda! Receive a monthly video plus weekly updates from Archbishop Bernard Hebda. Sign up here! What is Advent and why is it very important to us as Catholics? Happy New Year! No, it is not January 1! The liturgical year does not match New Year\u2019s Day, the [&hellip;]<\/p>\n","protected":false},"author":2,"featured_media":6955,"parent":0,"menu_order":0,"comment_status":"closed","ping_status":"closed","template":"","meta":{"footnotes":""},"class_list":["post-1361","page","type-page","status-publish","has-post-thumbnail","hentry"],"_links":{"self":[{"href":"https:\/\/www.archspm.org\/es\/wp-json\/wp\/v2\/pages\/1361","targetHints":{"allow":["GET"]}}],"collection":[{"href":"https:\/\/www.archspm.org\/es\/wp-json\/wp\/v2\/pages"}],"about":[{"href":"https:\/\/www.archspm.org\/es\/wp-json\/wp\/v2\/types\/page"}],"author":[{"embeddable":true,"href":"https:\/\/www.archspm.org\/es\/wp-json\/wp\/v2\/users\/2"}],"replies":[{"embeddable":true,"href":"https:\/\/www.archspm.org\/es\/wp-json\/wp\/v2\/comments?post=1361"}],"version-history":[{"count":0,"href":"https:\/\/www.archspm.org\/es\/wp-json\/wp\/v2\/pages\/1361\/revisions"}],"wp:featuredmedia":[{"embeddable":true,"href":"https:\/\/www.archspm.org\/es\/wp-json\/wp\/v2\/media\/6955"}],"wp:attachment":[{"href":"https:\/\/www.archspm.org\/es\/wp-json\/wp\/v2\/media?parent=1361"}],"curies":[{"name":"wp","href":"https:\/\/api.w.org\/{rel}","templated":true}]}}

¿Qué es el Adviento y por qué es tan importante para nosotros como católicos?

<div data-elementor-type="wp-page" data-elementor-id="1361" class="elementor elementor-1361" data-elementor-post-type="page">
				<div class="elementor-element elementor-element-0f0170f e-flex e-con-boxed e-con e-parent" data-id="0f0170f" data-element_type="container" data-e-type="container" data-settings="{&quot;background_background&quot;:&quot;classic&quot;,&quot;jet_parallax_layout_list&quot;:[]}">
					<div class="e-con-inner">
		<div class="elementor-element elementor-element-7d15ab3 e-con-full e-flex e-con e-child" data-id="7d15ab3" data-element_type="container" data-e-type="container" data-settings="{&quot;jet_parallax_layout_list&quot;:[]}">
				<div class="elementor-element elementor-element-1f165ad elementor-widget elementor-widget-image" data-id="1f165ad" data-element_type="widget" data-e-type="widget" data-widget_type="image.default">
															<img decoding="async" width="150" height="150" src="https://www.archspm.org/wp-content/uploads/2025/07/Archbishop-Hebda_sm-e1752783360797-150x150.jpg" class="attachment-thumbnail size-thumbnail wp-image-9864" alt="" srcset="https://www.archspm.org/wp-content/uploads/2025/07/Archbishop-Hebda_sm-e1752783360797-150x150.jpg 150w, https://www.archspm.org/wp-content/uploads/2025/07/Archbishop-Hebda_sm-e1752783360797-300x300.jpg 300w, https://www.archspm.org/wp-content/uploads/2025/07/Archbishop-Hebda_sm-e1752783360797-768x768.jpg 768w, https://www.archspm.org/wp-content/uploads/2025/07/Archbishop-Hebda_sm-e1752783360797-12x12.jpg 12w, https://www.archspm.org/wp-content/uploads/2025/07/Archbishop-Hebda_sm-e1752783360797-400x400.jpg 400w, https://www.archspm.org/wp-content/uploads/2025/07/Archbishop-Hebda_sm-e1752783360797-600x600.jpg 600w, https://www.archspm.org/wp-content/uploads/2025/07/Archbishop-Hebda_sm-e1752783360797.jpg 858w" sizes="(max-width: 150px) 100vw, 150px" />															</div>
				</div>
		<div class="elementor-element elementor-element-e1c2170 e-con-full e-flex e-con e-child" data-id="e1c2170" data-element_type="container" data-e-type="container" data-settings="{&quot;jet_parallax_layout_list&quot;:[]}">
				<div class="elementor-element elementor-element-c2be3c7 elementor-widget elementor-widget-text-editor" data-id="c2be3c7" data-element_type="widget" data-e-type="widget" data-widget_type="text-editor.default">
									<h2 style="text-align: left;"><span style="color: #c39519;"><strong><a style="color: #c39519;" href="https://www.archspm.org/es/togetheronthejourney/">¡Suscríbase a Juntos en el viaje del arzobispo Hebda!</a></strong></span></h2><p><span class="ui-provider en ccw bzq ccx ccy ccz cda cdb cdc cdd cde cdf cdg cdh cdi cdj cdk cdl cdm cdn cdo cdp cdq cdr cds cdt cdu cdv cdw cdx cdy cdz cea ceb cec" dir="ltr" style="color: #ffffff;"> Reciba un vídeo mensual y actualizaciones semanales del arzobispo Bernard Hebda. <span style="text-decoration: underline;"><strong><a class="fui-Link ___1eya986 f3rmtva f1ewtqcl fyind8e f1k6fduh f1w7gpdv fk6fouc fjoy568 figsok6 f1hu3pq6 f11qmguv f19f4twv f1tyq0we f1g0x7ka fhxju0i f1qch9an f1cnd47f fqv5qza f1vmzxwi f1o700av f13mvf36 f1cmlufx f9n3di6 f1ids18y f1tx3yz7 f1deo86v f1eh06m1 f1iescvh fhgqx19 f1olyrje f1p93eir f1nev41a f1h8hb77 f1x7u7e9 f10aw75t fsle3fq f17ae5zn" style="color: #ffffff; text-decoration: underline;" title="https://www.archspm.org/togetheronthejourney" href="https://www.archspm.org/es/togetheronthejourney/" target="_blank" rel="noreferrer noopener" aria-label="Enlace ¡Inscríbete aquí!">Inscríbete aquí</a></strong></span></span></p>								</div>
				</div>
					</div>
				</div>
		<div class="elementor-element elementor-element-7765bc75 e-flex e-con-boxed e-con e-parent" data-id="7765bc75" data-element_type="container" data-e-type="container" data-settings="{&quot;jet_parallax_layout_list&quot;:[]}">
					<div class="e-con-inner">
				<div class="elementor-element elementor-element-1406c260 elementor-widget elementor-widget-text-editor" data-id="1406c260" data-element_type="widget" data-e-type="widget" data-widget_type="text-editor.default">
									<h1 class="entry-title">¿Qué es el Adviento y por qué es tan importante para nosotros como católicos?</h1><div class="entry-content"><p>¡Feliz Año Nuevo! No, ¡no es el 1 de enero! El año litúrgico no coincide con el día de Año Nuevo, el comienzo del año calendario, ni con el 1 de julio, el comienzo del año fiscal para muchas organizaciones. El año eclesiástico es distinto. Siempre comienza el primer domingo de Adviento, y con él llega un cambio en el ciclo de lecturas. La fiesta de Cristo Rey marcó el final del Tiempo Ordinario.</p><p>El Adviento es el tiempo litúrgico de cuatro semanas que precede a la Navidad. El término “Adviento” deriva de la palabra latina <em>adventus</em> que significa “venida”, y se centra no solo en la venida pasada de Jesús en la primera Navidad, sino también en la venida presente de Jesús en los evangelios, los sacramentos, otras personas, la oración, el amor, la verdad y la experiencia personal; y la venida futura de Jesús en la Segunda o Última Venida al final del mundo, la Parusía o el Juicio Final.</p><p>El Adviento no es la Cuaresma ni una versión en miniatura de la Cuaresma. De hecho, ambas temporadas son muy diferentes. El Adviento hace hincapié en la esperanza y la alegría, mientras que la Cuaresma se centra en la penitencia y el dolor; el Adviento enfatiza lo que debemos añadir a nuestras vidas (por ejemplo, la gracia, la luz, la alegría), mientras que la Cuaresma enfatiza lo que debemos eliminar (es decir, el pecado); El Adviento dura cuatro domingos y 28 días, la Cuaresma dura seis domingos y cuarenta días; el Adviento es una temporada litúrgica, la Cuaresma es una temporada ascética (es decir, ayuno, limosna, oración, actos de caridad); el Adviento hace hincapié en la preparación con festividad, la Cuaresma hace hincapié en la preparación con cilicio y cenizas; el Adviento presenta al profeta Isaías, la Cuaresma presenta al profeta Jeremías.</p><p>El santo principal del Adviento es Juan el Bautista. Él es “el profeta del Altísimo” (Lc 1, 76), el precursor inmediato de Jesús y el vínculo entre los profetas del Antiguo Testamento y el mismo Jesús. Su historia se relata en el segundo y tercer domingo de Adviento. El Bautista fue la voz que clamaba en el desierto: “Preparad el camino del Señor, enderezad sus sendas” (Is 40, 3; Mt 3, 3), que es lo que estamos llamados a hacer durante este tiempo santo. También dirigió la atención de la gente de sí mismo a Jesús y dijo: ’He aquí el Cordero de Dios“ (Jn 1, 29.36), y pronunció una de las frases más trascendentales de los evangelios al declarar: ”Es necesario que él crezca, pero que yo disminuya“ (Jn 3, 30). Si queremos que el Adviento sea espiritualmente provechoso, debemos, al igual que Juan el Bautista, disminuir, mientras que Jesús crece en poder y esplendor en nuestras vidas.</p><p><em>© 2002 Rev. Michael A. Van Sloun</em><br /><em>Utilizado con autorización.</em></p></div>								</div>
					</div>
				</div>
				</div>
