{"id":1378,"date":"2020-05-13T17:47:55","date_gmt":"2020-05-13T21:47:55","guid":{"rendered":"https:\/\/www.archspm.org\/what-does-it-mean-to-repent-and-why-is-lent-such-a-powerful-time-to-do-so\/"},"modified":"2025-07-24T17:14:53","modified_gmt":"2025-07-24T21:14:53","slug":"what-does-it-mean-to-repent-and-why-is-lent-such-a-powerful-time-to-do-so","status":"publish","type":"page","link":"https:\/\/www.archspm.org\/es\/what-does-it-mean-to-repent-and-why-is-lent-such-a-powerful-time-to-do-so\/","title":{"rendered":"\u00bfQu\u00e9 significa \u201carrepentirse\u201d y por qu\u00e9 la Cuaresma es un momento tan propicio para hacerlo?"},"content":{"rendered":"<div data-elementor-type=\"wp-page\" data-elementor-id=\"1378\" class=\"elementor elementor-1378\" data-elementor-post-type=\"page\">\n\t\t\t\t<div class=\"elementor-element elementor-element-4865fb9 e-flex e-con-boxed e-con e-parent\" data-id=\"4865fb9\" data-element_type=\"container\" data-e-type=\"container\" data-settings=\"{&quot;background_background&quot;:&quot;classic&quot;,&quot;jet_parallax_layout_list&quot;:[]}\">\n\t\t\t\t\t<div class=\"e-con-inner\">\n\t\t<div class=\"elementor-element elementor-element-b281cf4 e-con-full e-flex e-con e-child\" data-id=\"b281cf4\" data-element_type=\"container\" data-e-type=\"container\" data-settings=\"{&quot;jet_parallax_layout_list&quot;:[]}\">\n\t\t\t\t<div class=\"elementor-element elementor-element-6b16c32 elementor-widget elementor-widget-image\" data-id=\"6b16c32\" data-element_type=\"widget\" data-e-type=\"widget\" data-widget_type=\"image.default\">\n\t\t\t\t\t\t\t\t\t\t\t\t\t\t\t<img decoding=\"async\" width=\"150\" height=\"150\" src=\"https:\/\/www.archspm.org\/wp-content\/uploads\/2025\/07\/Archbishop-Hebda_sm-e1752783360797-150x150.jpg\" class=\"attachment-thumbnail size-thumbnail wp-image-9864\" alt=\"\" srcset=\"https:\/\/www.archspm.org\/wp-content\/uploads\/2025\/07\/Archbishop-Hebda_sm-e1752783360797-150x150.jpg 150w, https:\/\/www.archspm.org\/wp-content\/uploads\/2025\/07\/Archbishop-Hebda_sm-e1752783360797-300x300.jpg 300w, https:\/\/www.archspm.org\/wp-content\/uploads\/2025\/07\/Archbishop-Hebda_sm-e1752783360797-768x768.jpg 768w, https:\/\/www.archspm.org\/wp-content\/uploads\/2025\/07\/Archbishop-Hebda_sm-e1752783360797-12x12.jpg 12w, https:\/\/www.archspm.org\/wp-content\/uploads\/2025\/07\/Archbishop-Hebda_sm-e1752783360797-400x400.jpg 400w, https:\/\/www.archspm.org\/wp-content\/uploads\/2025\/07\/Archbishop-Hebda_sm-e1752783360797-600x600.jpg 600w, https:\/\/www.archspm.org\/wp-content\/uploads\/2025\/07\/Archbishop-Hebda_sm-e1752783360797.jpg 858w\" sizes=\"(max-width: 150px) 100vw, 150px\" \/>\t\t\t\t\t\t\t\t\t\t\t\t\t\t\t<\/div>\n\t\t\t\t<\/div>\n\t\t<div class=\"elementor-element elementor-element-56db551 e-con-full e-flex e-con e-child\" data-id=\"56db551\" data-element_type=\"container\" data-e-type=\"container\" data-settings=\"{&quot;jet_parallax_layout_list&quot;:[]}\">\n\t\t\t\t<div class=\"elementor-element elementor-element-4eaceee elementor-widget elementor-widget-text-editor\" data-id=\"4eaceee\" data-element_type=\"widget\" data-e-type=\"widget\" data-widget_type=\"text-editor.default\">\n\t\t\t\t\t\t\t\t\t<h2 style=\"text-align: left;\"><span style=\"color: #c39519;\"><strong><a style=\"color: #c39519;\" href=\"https:\/\/www.archspm.org\/es\/togetheronthejourney\/\">\u00a1Suscr\u00edbase a Juntos en el viaje del arzobispo Hebda!<\/a><\/strong><\/span><\/h2><p><span class=\"ui-provider en ccw bzq ccx ccy ccz cda cdb cdc cdd cde cdf cdg cdh cdi cdj cdk cdl cdm cdn cdo cdp cdq cdr cds cdt cdu cdv cdw cdx cdy cdz cea ceb cec\" dir=\"ltr\" style=\"color: #ffffff;\"> Reciba un v\u00eddeo mensual y actualizaciones semanales del arzobispo Bernard Hebda. <span style=\"text-decoration: underline;\"><strong><a class=\"fui-Link ___1eya986 f3rmtva f1ewtqcl fyind8e f1k6fduh f1w7gpdv fk6fouc fjoy568 figsok6 f1hu3pq6 f11qmguv f19f4twv f1tyq0we f1g0x7ka fhxju0i f1qch9an f1cnd47f fqv5qza f1vmzxwi f1o700av f13mvf36 f1cmlufx f9n3di6 f1ids18y f1tx3yz7 f1deo86v f1eh06m1 f1iescvh fhgqx19 f1olyrje f1p93eir f1nev41a f1h8hb77 f1x7u7e9 f10aw75t fsle3fq f17ae5zn\" style=\"color: #ffffff; text-decoration: underline;\" title=\"https:\/\/www.archspm.org\/togetheronthejourney\" href=\"https:\/\/www.archspm.org\/es\/togetheronthejourney\/\" target=\"_blank\" rel=\"noreferrer noopener\" aria-label=\"Enlace \u00a1Inscr\u00edbete aqu\u00ed!\">Inscr\u00edbete aqu\u00ed<\/a><\/strong><\/span><\/span><\/p>\t\t\t\t\t\t\t\t<\/div>\n\t\t\t\t<\/div>\n\t\t\t\t\t<\/div>\n\t\t\t\t<\/div>\n\t\t<div class=\"elementor-element elementor-element-24785ef8 e-flex e-con-boxed e-con e-parent\" data-id=\"24785ef8\" data-element_type=\"container\" data-e-type=\"container\" data-settings=\"{&quot;jet_parallax_layout_list&quot;:[]}\">\n\t\t\t\t\t<div class=\"e-con-inner\">\n\t\t\t\t<div class=\"elementor-element elementor-element-72add45b elementor-widget elementor-widget-text-editor\" data-id=\"72add45b\" data-element_type=\"widget\" data-e-type=\"widget\" data-widget_type=\"text-editor.default\">\n\t\t\t\t\t\t\t\t\t<h1 class=\"entry-title\">\u00bfQu\u00e9 significa \u201carrepentirse\u201d y por qu\u00e9 la Cuaresma es un momento tan propicio para hacerlo?<\/h1><div class=\"entry-content\"><div><p>La Cuaresma es un momento ideal para acercarnos a Dios. Cuando Juan el Bautista ejerc\u00eda su ministerio de predicaci\u00f3n en el desierto, clamaba: \u201c\u00a1Arrepent\u00edos!\u201d (Mt 3,1), y cuando Jes\u00fas comenz\u00f3 a predicar en Galilea, dijo exactamente lo mismo: \u201c\u00a1Arrepent\u00edos!\u201d (Mc 1,15). De hecho, las primeras palabras que pronunci\u00f3 Jes\u00fas son las mismas que se utilizan cuando se nos impone la ceniza: \u201cConvert\u00edos (es decir, arrepent\u00edos) y creed en el Evangelio\u201d (Mc 1,15).<\/p><p>Arrepi\u00e9ntete. Arrepentirse es alejarse del pecado y del egocentrismo y volverse hacia Dios, \u00a1y la oraci\u00f3n es una de las mejores formas de volverse hacia Dios! Si nunca has rezado con verdadera seriedad, o si tu vida de oraci\u00f3n ha atravesado momentos dif\u00edciles, la Cuaresma es una ocasi\u00f3n maravillosa para iniciar o retomar una relaci\u00f3n c\u00e1lida y comunicativa con Dios.<\/p><p>La oraci\u00f3n se presenta en dos formas principales: comunitaria y privada. Al planificar una Cuaresma espiritualmente enriquecedora, te invitamos a que le des especial importancia a la oraci\u00f3n comunitaria. Los cat\u00f3licos consideramos que la Misa es nuestra forma m\u00e1s elevada de oraci\u00f3n comunitaria, as\u00ed que procura asistir a la Misa todos los domingos. Adem\u00e1s de los domingos, se celebra la Misa durante la semana. Otras opciones en la iglesia incluyen el V\u00eda Crucis, las horas santas y la bendici\u00f3n.<\/p><p>La oraci\u00f3n en comunidad tambi\u00e9n tiene lugar en casa, cuando rezamos con la familia o los amigos. Ya sea en la mesa, en la sala de estar o junto a la cama, considera la posibilidad de rezar con otra persona o con m\u00e1s personas, por ejemplo, la ofrenda matutina, las oraciones antes de las comidas o las oraciones de la noche. Adem\u00e1s de las oraciones memorizadas como el Padrenuestro o el Ave Mar\u00eda, intenta orar con tus propias palabras: cosas por las que te gustar\u00eda agradecer a Dios, razones por las que quieres alabar a Dios, personas a quienes quieres encomendar al cuidado de Dios, necesidades y peticiones especiales, as\u00ed como palabras de arrepentimiento por las formas en que puedas haber ofendido a Dios y al pr\u00f3jimo.<\/p><p>La oraci\u00f3n privada es la otra mitad de una vida de oraci\u00f3n equilibrada. Durante esta Cuaresma, reserva un rato cada d\u00eda para orar a solas. Algunas opciones son: la meditaci\u00f3n en silencio; la lectura y reflexi\u00f3n de las Escrituras; la Liturgia de las Horas; la adoraci\u00f3n eucar\u00edstica; el rosario, las letan\u00edas y otras oraciones compuestas; la lectura espiritual, incluidas las biograf\u00edas de los santos; escribir oraciones en un diario; cantar m\u00fasica sacra, en casa, en el auto o en cualquier lugar; dar un paseo de oraci\u00f3n al aire libre; estudiar un tema teol\u00f3gico; o ver o crear obras de arte religiosas. La comunicaci\u00f3n regular es clave para toda relaci\u00f3n de calidad. Si esperamos estar cerca de Dios, la oraci\u00f3n regular es indispensable.<\/p><p><em>\u00a9 Rev. Michael A. Van Sloun<\/em><br \/><em>Utilizado con autorizaci\u00f3n.<\/em><\/p><\/div><\/div>\t\t\t\t\t\t\t\t<\/div>\n\t\t\t\t\t<\/div>\n\t\t\t\t<\/div>\n\t\t\t\t<\/div>","protected":false},"excerpt":{"rendered":"<p>Subscribe to Together on the Journey from Archbishop Hebda! Receive a monthly video plus weekly updates from Archbishop Bernard Hebda. Sign up here! What does it mean to \u201crepent\u201d and why is Lent such a powerful time to do so? Lent is an ideal time for us to draw closer to God. When John the [&hellip;]<\/p>\n","protected":false},"author":2,"featured_media":6955,"parent":0,"menu_order":0,"comment_status":"closed","ping_status":"closed","template":"","meta":{"footnotes":""},"class_list":["post-1378","page","type-page","status-publish","has-post-thumbnail","hentry"],"_links":{"self":[{"href":"https:\/\/www.archspm.org\/es\/wp-json\/wp\/v2\/pages\/1378","targetHints":{"allow":["GET"]}}],"collection":[{"href":"https:\/\/www.archspm.org\/es\/wp-json\/wp\/v2\/pages"}],"about":[{"href":"https:\/\/www.archspm.org\/es\/wp-json\/wp\/v2\/types\/page"}],"author":[{"embeddable":true,"href":"https:\/\/www.archspm.org\/es\/wp-json\/wp\/v2\/users\/2"}],"replies":[{"embeddable":true,"href":"https:\/\/www.archspm.org\/es\/wp-json\/wp\/v2\/comments?post=1378"}],"version-history":[{"count":0,"href":"https:\/\/www.archspm.org\/es\/wp-json\/wp\/v2\/pages\/1378\/revisions"}],"wp:featuredmedia":[{"embeddable":true,"href":"https:\/\/www.archspm.org\/es\/wp-json\/wp\/v2\/media\/6955"}],"wp:attachment":[{"href":"https:\/\/www.archspm.org\/es\/wp-json\/wp\/v2\/media?parent=1378"}],"curies":[{"name":"wp","href":"https:\/\/api.w.org\/{rel}","templated":true}]}}

¿Qué significa “arrepentirse” y por qué la Cuaresma es un momento tan propicio para hacerlo?

<div data-elementor-type="wp-page" data-elementor-id="1378" class="elementor elementor-1378" data-elementor-post-type="page">
				<div class="elementor-element elementor-element-4865fb9 e-flex e-con-boxed e-con e-parent" data-id="4865fb9" data-element_type="container" data-e-type="container" data-settings="{&quot;background_background&quot;:&quot;classic&quot;,&quot;jet_parallax_layout_list&quot;:[]}">
					<div class="e-con-inner">
		<div class="elementor-element elementor-element-b281cf4 e-con-full e-flex e-con e-child" data-id="b281cf4" data-element_type="container" data-e-type="container" data-settings="{&quot;jet_parallax_layout_list&quot;:[]}">
				<div class="elementor-element elementor-element-6b16c32 elementor-widget elementor-widget-image" data-id="6b16c32" data-element_type="widget" data-e-type="widget" data-widget_type="image.default">
															<img decoding="async" width="150" height="150" src="https://www.archspm.org/wp-content/uploads/2025/07/Archbishop-Hebda_sm-e1752783360797-150x150.jpg" class="attachment-thumbnail size-thumbnail wp-image-9864" alt="" srcset="https://www.archspm.org/wp-content/uploads/2025/07/Archbishop-Hebda_sm-e1752783360797-150x150.jpg 150w, https://www.archspm.org/wp-content/uploads/2025/07/Archbishop-Hebda_sm-e1752783360797-300x300.jpg 300w, https://www.archspm.org/wp-content/uploads/2025/07/Archbishop-Hebda_sm-e1752783360797-768x768.jpg 768w, https://www.archspm.org/wp-content/uploads/2025/07/Archbishop-Hebda_sm-e1752783360797-12x12.jpg 12w, https://www.archspm.org/wp-content/uploads/2025/07/Archbishop-Hebda_sm-e1752783360797-400x400.jpg 400w, https://www.archspm.org/wp-content/uploads/2025/07/Archbishop-Hebda_sm-e1752783360797-600x600.jpg 600w, https://www.archspm.org/wp-content/uploads/2025/07/Archbishop-Hebda_sm-e1752783360797.jpg 858w" sizes="(max-width: 150px) 100vw, 150px" />															</div>
				</div>
		<div class="elementor-element elementor-element-56db551 e-con-full e-flex e-con e-child" data-id="56db551" data-element_type="container" data-e-type="container" data-settings="{&quot;jet_parallax_layout_list&quot;:[]}">
				<div class="elementor-element elementor-element-4eaceee elementor-widget elementor-widget-text-editor" data-id="4eaceee" data-element_type="widget" data-e-type="widget" data-widget_type="text-editor.default">
									<h2 style="text-align: left;"><span style="color: #c39519;"><strong><a style="color: #c39519;" href="https://www.archspm.org/es/togetheronthejourney/">¡Suscríbase a Juntos en el viaje del arzobispo Hebda!</a></strong></span></h2><p><span class="ui-provider en ccw bzq ccx ccy ccz cda cdb cdc cdd cde cdf cdg cdh cdi cdj cdk cdl cdm cdn cdo cdp cdq cdr cds cdt cdu cdv cdw cdx cdy cdz cea ceb cec" dir="ltr" style="color: #ffffff;"> Reciba un vídeo mensual y actualizaciones semanales del arzobispo Bernard Hebda. <span style="text-decoration: underline;"><strong><a class="fui-Link ___1eya986 f3rmtva f1ewtqcl fyind8e f1k6fduh f1w7gpdv fk6fouc fjoy568 figsok6 f1hu3pq6 f11qmguv f19f4twv f1tyq0we f1g0x7ka fhxju0i f1qch9an f1cnd47f fqv5qza f1vmzxwi f1o700av f13mvf36 f1cmlufx f9n3di6 f1ids18y f1tx3yz7 f1deo86v f1eh06m1 f1iescvh fhgqx19 f1olyrje f1p93eir f1nev41a f1h8hb77 f1x7u7e9 f10aw75t fsle3fq f17ae5zn" style="color: #ffffff; text-decoration: underline;" title="https://www.archspm.org/togetheronthejourney" href="https://www.archspm.org/es/togetheronthejourney/" target="_blank" rel="noreferrer noopener" aria-label="Enlace ¡Inscríbete aquí!">Inscríbete aquí</a></strong></span></span></p>								</div>
				</div>
					</div>
				</div>
		<div class="elementor-element elementor-element-24785ef8 e-flex e-con-boxed e-con e-parent" data-id="24785ef8" data-element_type="container" data-e-type="container" data-settings="{&quot;jet_parallax_layout_list&quot;:[]}">
					<div class="e-con-inner">
				<div class="elementor-element elementor-element-72add45b elementor-widget elementor-widget-text-editor" data-id="72add45b" data-element_type="widget" data-e-type="widget" data-widget_type="text-editor.default">
									<h1 class="entry-title">¿Qué significa “arrepentirse” y por qué la Cuaresma es un momento tan propicio para hacerlo?</h1><div class="entry-content"><div><p>La Cuaresma es un momento ideal para acercarnos a Dios. Cuando Juan el Bautista ejercía su ministerio de predicación en el desierto, clamaba: “¡Arrepentíos!” (Mt 3,1), y cuando Jesús comenzó a predicar en Galilea, dijo exactamente lo mismo: “¡Arrepentíos!” (Mc 1,15). De hecho, las primeras palabras que pronunció Jesús son las mismas que se utilizan cuando se nos impone la ceniza: “Convertíos (es decir, arrepentíos) y creed en el Evangelio” (Mc 1,15).</p><p>Arrepiéntete. Arrepentirse es alejarse del pecado y del egocentrismo y volverse hacia Dios, ¡y la oración es una de las mejores formas de volverse hacia Dios! Si nunca has rezado con verdadera seriedad, o si tu vida de oración ha atravesado momentos difíciles, la Cuaresma es una ocasión maravillosa para iniciar o retomar una relación cálida y comunicativa con Dios.</p><p>La oración se presenta en dos formas principales: comunitaria y privada. Al planificar una Cuaresma espiritualmente enriquecedora, te invitamos a que le des especial importancia a la oración comunitaria. Los católicos consideramos que la Misa es nuestra forma más elevada de oración comunitaria, así que procura asistir a la Misa todos los domingos. Además de los domingos, se celebra la Misa durante la semana. Otras opciones en la iglesia incluyen el Vía Crucis, las horas santas y la bendición.</p><p>La oración en comunidad también tiene lugar en casa, cuando rezamos con la familia o los amigos. Ya sea en la mesa, en la sala de estar o junto a la cama, considera la posibilidad de rezar con otra persona o con más personas, por ejemplo, la ofrenda matutina, las oraciones antes de las comidas o las oraciones de la noche. Además de las oraciones memorizadas como el Padrenuestro o el Ave María, intenta orar con tus propias palabras: cosas por las que te gustaría agradecer a Dios, razones por las que quieres alabar a Dios, personas a quienes quieres encomendar al cuidado de Dios, necesidades y peticiones especiales, así como palabras de arrepentimiento por las formas en que puedas haber ofendido a Dios y al prójimo.</p><p>La oración privada es la otra mitad de una vida de oración equilibrada. Durante esta Cuaresma, reserva un rato cada día para orar a solas. Algunas opciones son: la meditación en silencio; la lectura y reflexión de las Escrituras; la Liturgia de las Horas; la adoración eucarística; el rosario, las letanías y otras oraciones compuestas; la lectura espiritual, incluidas las biografías de los santos; escribir oraciones en un diario; cantar música sacra, en casa, en el auto o en cualquier lugar; dar un paseo de oración al aire libre; estudiar un tema teológico; o ver o crear obras de arte religiosas. La comunicación regular es clave para toda relación de calidad. Si esperamos estar cerca de Dios, la oración regular es indispensable.</p><p><em>© Rev. Michael A. Van Sloun</em><br /><em>Utilizado con autorización.</em></p></div></div>								</div>
					</div>
				</div>
				</div>
