{"id":1385,"date":"2020-06-14T04:43:35","date_gmt":"2020-06-14T08:43:35","guid":{"rendered":"https:\/\/www.archspm.org\/racism-response\/"},"modified":"2025-04-30T13:45:07","modified_gmt":"2025-04-30T17:45:07","slug":"racism-response","status":"publish","type":"page","link":"https:\/\/www.archspm.org\/es\/racism-response\/","title":{"rendered":"La respuesta cristiana al racismo"},"content":{"rendered":"<div data-elementor-type=\"wp-page\" data-elementor-id=\"1385\" class=\"elementor elementor-1385\" data-elementor-post-type=\"page\">\n\t\t\t\t<div class=\"elementor-element elementor-element-175535f e-flex e-con-boxed e-con e-parent\" data-id=\"175535f\" data-element_type=\"container\" data-e-type=\"container\" data-settings=\"{&quot;jet_parallax_layout_list&quot;:[]}\">\n\t\t\t\t\t<div class=\"e-con-inner\">\n\t\t<div class=\"elementor-element elementor-element-c935840 e-con-full e-flex e-con e-child\" data-id=\"c935840\" data-element_type=\"container\" data-e-type=\"container\" data-settings=\"{&quot;jet_parallax_layout_list&quot;:[]}\">\n\t\t\t\t<div class=\"elementor-element elementor-element-5949f3c elementor-widget elementor-widget-text-editor\" data-id=\"5949f3c\" data-element_type=\"widget\" data-e-type=\"widget\" data-widget_type=\"text-editor.default\">\n\t\t\t\t\t\t\t\t\t<blockquote><h5>\u201cNo podemos ser una iglesia fiel a las exigencias del Evangelio si no actuamos con justicia, si no tomamos medidas para erradicar el racismo de las estructuras de nuestra sociedad y de nuestra iglesia. Y no podemos alcanzar la santidad personal si no amamos con ternura, si no amamos y respetamos a todos los seres humanos, independientemente de su raza, idioma u origen \u00e9tnico\u201d.\u201d<\/h5><\/blockquote><p>Esas palabras del arzobispo Harry J. Flynn siguen siendo tan ciertas hoy como lo eran cuando las public\u00f3 en su <a href=\"https:\/\/www.archspm.org\/es\/in-gods-image-pastoral-letter-on-racism\/\">carta pastoral<\/a>, \u201cA imagen de Dios\u201d, en 2003. Como cristianos, estamos llamados a entrar en oraci\u00f3n y di\u00e1logo con nuestras hermanas y hermanos de todas las razas para escuchar las experiencias de los dem\u00e1s y trabajar juntos por el entendimiento, la paz y la justicia.<\/p>\t\t\t\t\t\t\t\t<\/div>\n\t\t\t\t<\/div>\n\t\t<div class=\"elementor-element elementor-element-4940412 e-con-full e-flex e-con e-child\" data-id=\"4940412\" data-element_type=\"container\" data-e-type=\"container\" data-settings=\"{&quot;jet_parallax_layout_list&quot;:[]}\">\n\t\t\t\t<div class=\"elementor-element elementor-element-e99fabb elementor-widget elementor-widget-video\" data-id=\"e99fabb\" data-element_type=\"widget\" data-e-type=\"widget\" data-settings=\"{&quot;youtube_url&quot;:&quot;https:\\\/\\\/www.youtube.com\\\/watch?v=hX8Lhc7gEps&quot;,&quot;video_type&quot;:&quot;youtube&quot;,&quot;controls&quot;:&quot;yes&quot;}\" data-widget_type=\"video.default\">\n\t\t\t\t\t\t\t<div class=\"elementor-wrapper elementor-open-inline\">\n\t\t\t<div class=\"elementor-video\"><\/div>\t\t<\/div>\n\t\t\t\t\t\t<\/div>\n\t\t\t\t<\/div>\n\t\t\t\t\t<\/div>\n\t\t\t\t<\/div>\n\t\t<div class=\"elementor-element elementor-element-640496b e-flex e-con-boxed e-con e-parent\" data-id=\"640496b\" data-element_type=\"container\" data-e-type=\"container\" data-settings=\"{&quot;jet_parallax_layout_list&quot;:[]}\">\n\t\t\t\t\t<div class=\"e-con-inner\">\n\t\t\t\t<div class=\"elementor-element elementor-element-4b785b3 elementor-widget elementor-widget-text-editor\" data-id=\"4b785b3\" data-element_type=\"widget\" data-e-type=\"widget\" data-widget_type=\"text-editor.default\">\n\t\t\t\t\t\t\t\t\t<p><strong>Archidi\u00f3cesis de Saint Paul y Minneapolis<\/strong><\/p><ul><li><a href=\"https:\/\/www.archspm.org\/es\/in-gods-image-pastoral-letter-on-racism\/\">A imagen de Dios: Carta pastoral sobre el racismo<\/a> por el arzobispo Harry Flynn<ul><li>Carta del arzobispo Harry Flynn (<a href=\"https:\/\/archspmmainsite.s3.amazonaws.com\/Pastoral+Letters\/In+Gods+Image_+Letter_English.pdf\" target=\"_blank\" rel=\"noopener\">Ingl\u00e9s<\/a>,\u00a0<a href=\"https:\/\/archspmmainsite.s3.amazonaws.com\/Pastoral+Letters\/In+Gods+Image_+Letter_Spanish.pdf\" target=\"_blank\" rel=\"noopener\">Espa\u00f1ol<\/a>)<\/li><li><a href=\"https:\/\/archspmmainsite.s3.amazonaws.com\/Pastoral+Letters\/In+Gods+Image_Discussionguide.PDF\" target=\"_blank\" rel=\"noopener\">Gu\u00eda de debate<\/a><\/li><li><a href=\"https:\/\/archspmmainsite.s3.amazonaws.com\/Pastoral+Letters\/In+Gods+image_Homily+help.PDF\" target=\"_blank\" rel=\"noopener\">Ayuda para la homil\u00eda<\/a><\/li><li><a href=\"https:\/\/archspmmainsite.s3.amazonaws.com\/Pastoral+Letters\/In+Gods+Image_Parish+Bulletin+Inserts.pdf\" target=\"_blank\" rel=\"noopener\">Suplementos del bolet\u00edn parroquial<\/a><\/li><li><a href=\"https:\/\/archspmmainsite.s3.amazonaws.com\/Pastoral+Letters\/In+Gods+Image_Spanish+Bilingual+Conversation+Resource+Guide.PDF\" target=\"_blank\" rel=\"noopener\">Gu\u00eda de recursos para la conversaci\u00f3n biling\u00fce en espa\u00f1ol<\/a><\/li><\/ul><\/li><\/ul><p><strong>Conferencia Episcopal de Estados Unidos<\/strong><\/p><ul><li><a href=\"http:\/\/usccb.org\/issues-and-action\/human-life-and-dignity\/racism\/upload\/open-wide-our-hearts.pdf\" target=\"_blank\" rel=\"noopener noreferrer\">Conferencia Episcopal de Estados Unidos (USCCB): Carta pastoral sobre el racismo, \u201cAbramos nuestros corazones: la llamada perdurable al amor\u201d<\/a><ul><li><a href=\"https:\/\/www.usccb.org\/issues-and-action\/human-life-and-dignity\/racism\/upload\/study-guide-open-hearts-2019-09.pdf\" target=\"_blank\" rel=\"noopener noreferrer\">Gu\u00eda de estudio<\/a><\/li><\/ul><\/li><\/ul><ul><li><a href=\"https:\/\/www.archspm.org\/es\/a-prayer-for-an-end-to-the-sin-of-racism\/\">Una oraci\u00f3n para acabar con el pecado del racismo<\/a><\/li><li><a href=\"https:\/\/www.archspm.org\/es\/novena-for-national-unity-and-an-end-to-racism-begins-june-7\/\">Novena por la unidad nacional y el fin del racismo (Caballeros de Col\u00f3n)<\/a><\/li><li><a href=\"http:\/\/usccb.org\/issues-and-action\/human-life-and-dignity\/racism\/upload\/stations-of-the-cross-overcoming-racism.pdf\" target=\"_blank\" rel=\"noopener noreferrer\">El V\u00eda Crucis: Superar el racismo (USCCB)<\/a><\/li><li><a href=\"http:\/\/www.usccb.org\/issues-and-action\/human-life-and-dignity\/racism\/\" target=\"_blank\" rel=\"noopener\">USCCB: Lucha contra el racismo<\/a><ul><li><a href=\"https:\/\/www.usccb.org\/committees\/ad-hoc-committee-against-racism\/combatting-racism-educational-resources\" target=\"_blank\" rel=\"noopener noreferrer\">Recursos para educadores<\/a><\/li><li><a href=\"https:\/\/www.usccb.org\/committees\/ad-hoc-committee-against-racism\/combatting-racism-parish-resources\" target=\"_blank\" rel=\"noopener noreferrer\">Recursos parroquiales<\/a><\/li><\/ul><\/li><\/ul><p>En respuesta a la agitaci\u00f3n y los disturbios que se produjeron en nuestra comunidad a ra\u00edz de la muerte injusta de George Floyd, el Fondo Cat\u00f3lico de Ayuda de Minnesota (MCRF) ofreci\u00f3 la oportunidad de apoyar a nuestros vecinos necesitados. <a href=\"https:\/\/www.ccf-mn.org\/relief\/\" target=\"_blank\" rel=\"noopener\">M\u00e1s informaci\u00f3n sobre \u00abVecinos en necesidad\u00bb<\/a>.<\/p>\t\t\t\t\t\t\t\t<\/div>\n\t\t\t\t\t<\/div>\n\t\t\t\t<\/div>\n\t\t\t\t<\/div>","protected":false},"excerpt":{"rendered":"<p>\u201cWe cannot be a church that is true to the demands of the Gospel if we do not act justly, if we do not act to root out racism in the structures of our society and our church. And we cannot achieve personal holiness if we do not love tenderly, if we do not love [&hellip;]<\/p>\n","protected":false},"author":2,"featured_media":7136,"parent":0,"menu_order":0,"comment_status":"closed","ping_status":"closed","template":"","meta":{"footnotes":""},"class_list":["post-1385","page","type-page","status-publish","has-post-thumbnail","hentry"],"_links":{"self":[{"href":"https:\/\/www.archspm.org\/es\/wp-json\/wp\/v2\/pages\/1385","targetHints":{"allow":["GET"]}}],"collection":[{"href":"https:\/\/www.archspm.org\/es\/wp-json\/wp\/v2\/pages"}],"about":[{"href":"https:\/\/www.archspm.org\/es\/wp-json\/wp\/v2\/types\/page"}],"author":[{"embeddable":true,"href":"https:\/\/www.archspm.org\/es\/wp-json\/wp\/v2\/users\/2"}],"replies":[{"embeddable":true,"href":"https:\/\/www.archspm.org\/es\/wp-json\/wp\/v2\/comments?post=1385"}],"version-history":[{"count":0,"href":"https:\/\/www.archspm.org\/es\/wp-json\/wp\/v2\/pages\/1385\/revisions"}],"wp:featuredmedia":[{"embeddable":true,"href":"https:\/\/www.archspm.org\/es\/wp-json\/wp\/v2\/media\/7136"}],"wp:attachment":[{"href":"https:\/\/www.archspm.org\/es\/wp-json\/wp\/v2\/media?parent=1385"}],"curies":[{"name":"wp","href":"https:\/\/api.w.org\/{rel}","templated":true}]}}

<div data-elementor-type="wp-page" data-elementor-id="1385" class="elementor elementor-1385" data-elementor-post-type="page">
				<div class="elementor-element elementor-element-175535f e-flex e-con-boxed e-con e-parent" data-id="175535f" data-element_type="container" data-e-type="container" data-settings="{&quot;jet_parallax_layout_list&quot;:[]}">
					<div class="e-con-inner">
		<div class="elementor-element elementor-element-c935840 e-con-full e-flex e-con e-child" data-id="c935840" data-element_type="container" data-e-type="container" data-settings="{&quot;jet_parallax_layout_list&quot;:[]}">
				<div class="elementor-element elementor-element-5949f3c elementor-widget elementor-widget-text-editor" data-id="5949f3c" data-element_type="widget" data-e-type="widget" data-widget_type="text-editor.default">
									<blockquote><h5>“No podemos ser una iglesia fiel a las exigencias del Evangelio si no actuamos con justicia, si no tomamos medidas para erradicar el racismo de las estructuras de nuestra sociedad y de nuestra iglesia. Y no podemos alcanzar la santidad personal si no amamos con ternura, si no amamos y respetamos a todos los seres humanos, independientemente de su raza, idioma u origen étnico”.”</h5></blockquote><p>Esas palabras del arzobispo Harry J. Flynn siguen siendo tan ciertas hoy como lo eran cuando las publicó en su <a href="https://www.archspm.org/es/in-gods-image-pastoral-letter-on-racism/">carta pastoral</a>, “A imagen de Dios”, en 2003. Como cristianos, estamos llamados a entrar en oración y diálogo con nuestras hermanas y hermanos de todas las razas para escuchar las experiencias de los demás y trabajar juntos por el entendimiento, la paz y la justicia.</p>								</div>
				</div>
		<div class="elementor-element elementor-element-4940412 e-con-full e-flex e-con e-child" data-id="4940412" data-element_type="container" data-e-type="container" data-settings="{&quot;jet_parallax_layout_list&quot;:[]}">
				<div class="elementor-element elementor-element-e99fabb elementor-widget elementor-widget-video" data-id="e99fabb" data-element_type="widget" data-e-type="widget" data-settings="{&quot;youtube_url&quot;:&quot;https:\/\/www.youtube.com\/watch?v=hX8Lhc7gEps&quot;,&quot;video_type&quot;:&quot;youtube&quot;,&quot;controls&quot;:&quot;yes&quot;}" data-widget_type="video.default">
							<div class="elementor-wrapper elementor-open-inline">
			<div class="elementor-video"></div>		</div>
						</div>
				</div>
					</div>
				</div>
		<div class="elementor-element elementor-element-640496b e-flex e-con-boxed e-con e-parent" data-id="640496b" data-element_type="container" data-e-type="container" data-settings="{&quot;jet_parallax_layout_list&quot;:[]}">
					<div class="e-con-inner">
				<div class="elementor-element elementor-element-4b785b3 elementor-widget elementor-widget-text-editor" data-id="4b785b3" data-element_type="widget" data-e-type="widget" data-widget_type="text-editor.default">
									<p><strong>Archidiócesis de Saint Paul y Minneapolis</strong></p><ul><li><a href="https://www.archspm.org/es/in-gods-image-pastoral-letter-on-racism/">A imagen de Dios: Carta pastoral sobre el racismo</a> por el arzobispo Harry Flynn<ul><li>Carta del arzobispo Harry Flynn (<a href="https://archspmmainsite.s3.amazonaws.com/Pastoral+Letters/In+Gods+Image_+Letter_English.pdf" target="_blank" rel="noopener">Inglés</a>, <a href="https://archspmmainsite.s3.amazonaws.com/Pastoral+Letters/In+Gods+Image_+Letter_Spanish.pdf" target="_blank" rel="noopener">Español</a>)</li><li><a href="https://archspmmainsite.s3.amazonaws.com/Pastoral+Letters/In+Gods+Image_Discussionguide.PDF" target="_blank" rel="noopener">Guía de debate</a></li><li><a href="https://archspmmainsite.s3.amazonaws.com/Pastoral+Letters/In+Gods+image_Homily+help.PDF" target="_blank" rel="noopener">Ayuda para la homilía</a></li><li><a href="https://archspmmainsite.s3.amazonaws.com/Pastoral+Letters/In+Gods+Image_Parish+Bulletin+Inserts.pdf" target="_blank" rel="noopener">Suplementos del boletín parroquial</a></li><li><a href="https://archspmmainsite.s3.amazonaws.com/Pastoral+Letters/In+Gods+Image_Spanish+Bilingual+Conversation+Resource+Guide.PDF" target="_blank" rel="noopener">Guía de recursos para la conversación bilingüe en español</a></li></ul></li></ul><p><strong>Conferencia Episcopal de Estados Unidos</strong></p><ul><li><a href="http://usccb.org/issues-and-action/human-life-and-dignity/racism/upload/open-wide-our-hearts.pdf" target="_blank" rel="noopener noreferrer">Conferencia Episcopal de Estados Unidos (USCCB): Carta pastoral sobre el racismo, “Abramos nuestros corazones: la llamada perdurable al amor”</a><ul><li><a href="https://www.usccb.org/issues-and-action/human-life-and-dignity/racism/upload/study-guide-open-hearts-2019-09.pdf" target="_blank" rel="noopener noreferrer">Guía de estudio</a></li></ul></li></ul><ul><li><a href="https://www.archspm.org/es/a-prayer-for-an-end-to-the-sin-of-racism/">Una oración para acabar con el pecado del racismo</a></li><li><a href="https://www.archspm.org/es/novena-for-national-unity-and-an-end-to-racism-begins-june-7/">Novena por la unidad nacional y el fin del racismo (Caballeros de Colón)</a></li><li><a href="http://usccb.org/issues-and-action/human-life-and-dignity/racism/upload/stations-of-the-cross-overcoming-racism.pdf" target="_blank" rel="noopener noreferrer">El Vía Crucis: Superar el racismo (USCCB)</a></li><li><a href="http://www.usccb.org/issues-and-action/human-life-and-dignity/racism/" target="_blank" rel="noopener">USCCB: Lucha contra el racismo</a><ul><li><a href="https://www.usccb.org/committees/ad-hoc-committee-against-racism/combatting-racism-educational-resources" target="_blank" rel="noopener noreferrer">Recursos para educadores</a></li><li><a href="https://www.usccb.org/committees/ad-hoc-committee-against-racism/combatting-racism-parish-resources" target="_blank" rel="noopener noreferrer">Recursos parroquiales</a></li></ul></li></ul><p>En respuesta a la agitación y los disturbios que se produjeron en nuestra comunidad a raíz de la muerte injusta de George Floyd, el Fondo Católico de Ayuda de Minnesota (MCRF) ofreció la oportunidad de apoyar a nuestros vecinos necesitados. <a href="https://www.ccf-mn.org/relief/" target="_blank" rel="noopener">Más información sobre «Vecinos en necesidad»</a>.</p>								</div>
					</div>
				</div>
				</div>
