{"id":1477,"date":"2021-02-18T06:49:07","date_gmt":"2021-02-18T11:49:07","guid":{"rendered":"https:\/\/www.archspm.org\/pray\/"},"modified":"2024-12-19T22:24:20","modified_gmt":"2024-12-20T03:24:20","slug":"pray","status":"publish","type":"page","link":"https:\/\/www.archspm.org\/es\/pray\/","title":{"rendered":"Oremos por el S\u00ednodo Arquidiocesano"},"content":{"rendered":"<h2>Oremos por el S\u00ednodo Arquidiocesano<\/h2>\n<h5><span data-contrast=\"auto\">Esp\u00edritu Santo,<\/span><span data-ccp-props=\"{&quot;335551550&quot;:2,&quot;335551620&quot;:2}\">\u00a0<\/span><\/h5>\n<h5><span data-contrast=\"auto\">renueva tus prodigios en nuestro tiempo, como en un nuevo Pentecost\u00e9s,<\/span><span data-ccp-props=\"{&quot;335551550&quot;:2,&quot;335551620&quot;:2}\">\u00a0<\/span><\/h5>\n<h5><span data-contrast=\"auto\">y conceder que esta Archidi\u00f3cesis,<\/span><span data-ccp-props=\"{&quot;335551550&quot;:2,&quot;335551620&quot;:2}\">\u00a0<\/span><\/h5>\n<h5><span data-contrast=\"auto\">unidos en oraci\u00f3n en torno a Mar\u00eda, la Madre de Jes\u00fas,<\/span><span data-ccp-props=\"{&quot;335551550&quot;:2,&quot;335551620&quot;:2}\">\u00a0<\/span><\/h5>\n<h5><span data-contrast=\"auto\">y guiado por San Pedro,<\/span><span data-ccp-props=\"{&quot;335551550&quot;:2,&quot;335551620&quot;:2}\">\u00a0<\/span><\/h5>\n<h5><span data-contrast=\"auto\">pueda difundir el Reino del divino Salvador,<\/span><span data-ccp-props=\"{&quot;335551550&quot;:2,&quot;335551620&quot;:2}\">\u00a0<\/span><\/h5>\n<h5><span data-contrast=\"auto\">un Reino de verdad, de justicia, de amor y de paz.<\/span><\/h5>\n<h5><span data-contrast=\"auto\">Am\u00e9n.<\/span><span data-ccp-props=\"{&quot;335551550&quot;:2,&quot;335551620&quot;:2}\">\u00a0<\/span><\/h5>\n<h5><\/h5>\n<h5><span data-contrast=\"auto\">San Pablo, nuestro gran patrono misionero, \u00a1ruega por nosotros!<\/span><span data-ccp-props=\"{&quot;335551550&quot;:2,&quot;335551620&quot;:2}\">\u00a0<\/span><\/h5>\n<hr \/>\n<p><em><span class=\"NormalTextRun SCXW258154035 BCX0\">Adaptaci\u00f3n de la Oraci\u00f3n de San Juan XXIII en la convocatoria del Concilio Vaticano II<\/span><span class=\"NormalTextRun SCXW258154035 BCX0\">.<\/span><\/em><\/p>\n<hr \/>\n<h5>Esp\u00edritu Santo,<br \/>\nrenueva tus maravillas en nuestro tiempo, como en un nuevo Pentecost\u00e9s,<br \/>\ny concede que esta Arquidi\u00f3cesis,<br \/>\nunida en oraci\u00f3n en torno a Mar\u00eda, la Madre de Jes\u00fas,<br \/>\ny guiada por San Pedro,<br \/>\npueda extender el Reino del divino Salvador,<br \/>\nun Reino de verdad, de justicia, de amor y de paz<br \/>\nAm\u00e9n.<\/h5>\n<h5><\/h5>\n<h5>San Pablo, nuestro gran patr\u00f3n misionero, \u00a1ruega por nosotros!<\/h5>\n<hr \/>\n<p><em>Adaptado de la Oraci\u00f3n de San Juan XXIII convocada por el Concilio Vaticano II<\/em><span class=\"NormalTextRun SCXW83627994 BCX0\">Te invitamos a orar junto con los cat\u00f3licos de toda la Arquidi\u00f3cesis y los representantes de tu parroquia el <a href=\"https:\/\/archspmmainsite.s3.amazonaws.com\/Synod\/Assembly.Novena.Apr19.2022.pdf\" target=\"_blank\" rel=\"noopener\">Novena al Esp\u00edritu Santo<\/a>. <\/span><span class=\"NormalTextRun SCXW83627994 BCX0\">\u00a1El Esp\u00edritu Santo es fundamental para el \u00e9xito de nuestro S\u00ednodo! <a href=\"https:\/\/archspmmainsite.s3.amazonaws.com\/Synod\/Assembly.Novena.Apr19.2022.pdf\" target=\"_blank\" rel=\"noopener\">Lea la novena.<\/a>.<\/span><\/p>\n<hr \/>\n<p>Le invitamos a rezar la <a href=\"https:\/\/archspmmainsite.s3.amazonaws.com\/Synod\/PSLT.Novena.Feb10.2022.Esp.Final-FSBL+(1).pdf\" target=\"_blank\" rel=\"noopener\">Novena al Esp\u00edritu Santo<\/a> con cat\u00f3licos de toda la Arquidi\u00f3cesis y con los representantes sinodales de su parroquia. \u00a1El Esp\u00edritu Santo es fundamental para el \u00e9xito de nuestro S\u00ednodo! Por favor, recen la Oraci\u00f3n del S\u00ednodo 2022. Pueden leer la oraci\u00f3n <a href=\"https:\/\/archspmmainsite.s3.amazonaws.com\/Synod\/Synod+Year+3_prayer_text+only_English+Spanish_formatted.docx\" target=\"_blank\" rel=\"noopener\">aqu\u00ed<\/a> en ingl\u00e9s y espa\u00f1ol, y descargar tarjetas de oraci\u00f3n (<a href=\"https:\/\/archspmmainsite.s3.amazonaws.com\/Synod\/Synod+Year+3_prayer+card_English.pdf\" target=\"_blank\" rel=\"noopener\">Ingl\u00e9s<\/a>, <a href=\"https:\/\/archspmmainsite.s3.amazonaws.com\/Synod\/Synod+Year+3_prayer+card_Spanish.pdf\" target=\"_blank\" rel=\"noopener\">Espa\u00f1ol<\/a>).<\/p>\n<h5><a href=\"https:\/\/archspmmainsite.s3.amazonaws.com\/Synod\/SynodPrayerIntentions_April-June2022.docx\" target=\"_blank\" rel=\"noopener\">Haga clic para descargar las intenciones mensuales, abril-junio de 2022.<\/a><\/h5>\n<p><strong>Abril de 2022: Rendici\u00f3n<\/strong><\/p>\n<p>Para que en nuestro camino juntos por la senda de la sinodalidad, podamos entregarnos con valent\u00eda a Dios todo lo que nos impide alcanzar la unidad en el Cuerpo de Cristo, roguemos al Se\u00f1or.<\/p>\n<p><strong>Mayo de 2022: Agradecimiento<\/strong><\/p>\n<p>Para que, al un\u00edsono con el C\u00e1ntico de Mar\u00eda, podamos ofrecer nuestra gratitud a Dios por las bendiciones recibidas y las gracias esperadas en nuestro pr\u00f3ximo S\u00ednodo, oremos al Se\u00f1or.<\/p>\n<p><strong>Junio de 2022: Pentecost\u00e9s<\/strong><\/p>\n<p>Que al entrar y salir de la Asamblea Sinodal en este Pentecost\u00e9s, el Esp\u00edritu Santo inflame nuestros corazones para proclamar la Buena Nueva de Jesucristo con m\u00e1s energ\u00eda en toda la Arquidi\u00f3cesis, se lo pedimos al Se\u00f1or.<strong>Oraci\u00f3n por el A\u00f1o de San Jos\u00e9<\/strong><\/p>\n<p>Padre Celestial,<\/p>\n<p>\u00bfQui\u00e9n entreg\u00f3 a San Jos\u00e9 a Jes\u00fas y Mar\u00eda?<\/p>\n<p>Como protector y gu\u00eda,<\/p>\n<p>Concede que nuestro S\u00ednodo Arquidiocesano,<\/p>\n<p>Bajo su protecci\u00f3n y gu\u00eda,<\/p>\n<p>Que nos ayude a discernir su direcci\u00f3n para nuestra Iglesia.<\/p>\n<p>Que podamos escuchar como \u00e9l escuchaba,<\/p>\n<p>Conf\u00eda como \u00e9l confi\u00f3,<\/p>\n<p>Obedecer como \u00e9l obedeci\u00f3,<\/p>\n<p>Recibe como \u00e9l recibi\u00f3,<\/p>\n<p>Ama como \u00e9l am\u00f3,<\/p>\n<p>Y compartir su vida de devoci\u00f3n a Jes\u00fas y Mar\u00eda.<\/p>\n<p>Am\u00e9n.<\/p>\n<p>San Jos\u00e9, ruega por nosotros.<\/p>\n<p><em><a href=\"https:\/\/www.archspm.org\/es\/synod\/stjoseph\/prayer-to-saint-joseph-order-prayer-cards\/\">Ver tarjetas de oraci\u00f3n y traducciones<\/a>.<\/em><\/p>\n<p><iframe title=\"S\u00ednodo Arquidiocesano: Video de oraci\u00f3n para marzo de 2020\" width=\"800\" height=\"450\" src=\"https:\/\/www.youtube.com\/embed\/jejVnMg3Vmg?feature=oembed\" frameborder=\"0\" allow=\"accelerometer; autoplay; clipboard-write; encrypted-media; gyroscope; picture-in-picture; web-share\" referrerpolicy=\"strict-origin-when-cross-origin\" allowfullscreen><\/iframe><\/p>\n<p>Ven Esp\u00edritu Santo<\/p>\n<p>Haz que nuestros o\u00eddos escuchen<\/p>\n<p>Haz que nuestros ojos vean<\/p>\n<p>Haz que nuestras bocas hablen<\/p>\n<p>Haz que nuestros corazones busquen<\/p>\n<p>Haz que nuestras manos se extiendan<\/p>\n<p>Y toca el mundo con tu amor.<\/p>\n<p>Am\u00e9n.<\/p>\n<p>&nbsp;<\/p>\n<p>Mar\u00eda, Madre de la Iglesia,<\/p>\n<p>Ruega por nosotros.<\/p>\n<audio class=\"wp-audio-shortcode\" id=\"audio-1477-1\" preload=\"none\" style=\"width: 100%;\" controls=\"controls\"><source type=\"audio\/mpeg\" src=\"https:\/\/archspmmainsite.s3.amazonaws.com\/Synod\/Pre-synod+Prayer+audio+mix.mp3?_=1\" \/><a href=\"https:\/\/archspmmainsite.s3.amazonaws.com\/Synod\/Pre-synod+Prayer+audio+mix.mp3\" target=\"_blank\" rel=\"noopener\">https:\/\/archspmmainsite.s3.amazonaws.com\/Synod\/Pre-synod+Prayer+audio+mix.mp3<\/a><\/audio>\n<p>Escucha \u201cCome Holy Spirit\u201d (Canci\u00f3n previa al S\u00ednodo), del padre Michael Joncas.<\/p>","protected":false},"excerpt":{"rendered":"<p>Pray for the Archdiocesan Synod Holy Spirit,\u00a0 renew your wonders in our time, as though in a new Pentecost,\u00a0 and grant that this Archdiocese,\u00a0 united in prayer around Mary, the Mother of Jesus,\u00a0 and guided by St. Peter,\u00a0 may spread the Kingdom of the divine Savior,\u00a0 a Kingdom of truth, of justice, of love, and [&hellip;]<\/p>\n","protected":false},"author":2,"featured_media":0,"parent":0,"menu_order":0,"comment_status":"closed","ping_status":"closed","template":"","meta":{"footnotes":""},"class_list":["post-1477","page","type-page","status-publish","hentry"],"_links":{"self":[{"href":"https:\/\/www.archspm.org\/es\/wp-json\/wp\/v2\/pages\/1477","targetHints":{"allow":["GET"]}}],"collection":[{"href":"https:\/\/www.archspm.org\/es\/wp-json\/wp\/v2\/pages"}],"about":[{"href":"https:\/\/www.archspm.org\/es\/wp-json\/wp\/v2\/types\/page"}],"author":[{"embeddable":true,"href":"https:\/\/www.archspm.org\/es\/wp-json\/wp\/v2\/users\/2"}],"replies":[{"embeddable":true,"href":"https:\/\/www.archspm.org\/es\/wp-json\/wp\/v2\/comments?post=1477"}],"version-history":[{"count":0,"href":"https:\/\/www.archspm.org\/es\/wp-json\/wp\/v2\/pages\/1477\/revisions"}],"wp:attachment":[{"href":"https:\/\/www.archspm.org\/es\/wp-json\/wp\/v2\/media?parent=1477"}],"curies":[{"name":"wp","href":"https:\/\/api.w.org\/{rel}","templated":true}]}}

Oremos por el Sínodo Arquidiocesano

<h2>Oremos por el Sínodo Arquidiocesano</h2>
<h5><span data-contrast="auto">Espíritu Santo,</span><span data-ccp-props="{&quot;335551550&quot;:2,&quot;335551620&quot;:2}"> </span></h5>
<h5><span data-contrast="auto">renueva tus prodigios en nuestro tiempo, como en un nuevo Pentecostés,</span><span data-ccp-props="{&quot;335551550&quot;:2,&quot;335551620&quot;:2}"> </span></h5>
<h5><span data-contrast="auto">y conceder que esta Archidiócesis,</span><span data-ccp-props="{&quot;335551550&quot;:2,&quot;335551620&quot;:2}"> </span></h5>
<h5><span data-contrast="auto">unidos en oración en torno a María, la Madre de Jesús,</span><span data-ccp-props="{&quot;335551550&quot;:2,&quot;335551620&quot;:2}"> </span></h5>
<h5><span data-contrast="auto">y guiado por San Pedro,</span><span data-ccp-props="{&quot;335551550&quot;:2,&quot;335551620&quot;:2}"> </span></h5>
<h5><span data-contrast="auto">pueda difundir el Reino del divino Salvador,</span><span data-ccp-props="{&quot;335551550&quot;:2,&quot;335551620&quot;:2}"> </span></h5>
<h5><span data-contrast="auto">un Reino de verdad, de justicia, de amor y de paz.</span></h5>
<h5><span data-contrast="auto">Amén.</span><span data-ccp-props="{&quot;335551550&quot;:2,&quot;335551620&quot;:2}"> </span></h5>
<h5></h5>
<h5><span data-contrast="auto">San Pablo, nuestro gran patrono misionero, ¡ruega por nosotros!</span><span data-ccp-props="{&quot;335551550&quot;:2,&quot;335551620&quot;:2}"> </span></h5>
<hr />
<p><em><span class="NormalTextRun SCXW258154035 BCX0">Adaptación de la Oración de San Juan XXIII en la convocatoria del Concilio Vaticano II</span><span class="NormalTextRun SCXW258154035 BCX0">.</span></em></p>
<hr />
<h5>Espíritu Santo,<br />
renueva tus maravillas en nuestro tiempo, como en un nuevo Pentecostés,<br />
y concede que esta Arquidiócesis,<br />
unida en oración en torno a María, la Madre de Jesús,<br />
y guiada por San Pedro,<br />
pueda extender el Reino del divino Salvador,<br />
un Reino de verdad, de justicia, de amor y de paz<br />
Amén.</h5>
<h5></h5>
<h5>San Pablo, nuestro gran patrón misionero, ¡ruega por nosotros!</h5>
<hr />
<p><em>Adaptado de la Oración de San Juan XXIII convocada por el Concilio Vaticano II</em><span class="NormalTextRun SCXW83627994 BCX0">Te invitamos a orar junto con los católicos de toda la Arquidiócesis y los representantes de tu parroquia el <a href="https://archspmmainsite.s3.amazonaws.com/Synod/Assembly.Novena.Apr19.2022.pdf" target="_blank" rel="noopener">Novena al Espíritu Santo</a>. </span><span class="NormalTextRun SCXW83627994 BCX0">¡El Espíritu Santo es fundamental para el éxito de nuestro Sínodo! <a href="https://archspmmainsite.s3.amazonaws.com/Synod/Assembly.Novena.Apr19.2022.pdf" target="_blank" rel="noopener">Lea la novena.</a>.</span></p>
<hr />
<p>Le invitamos a rezar la <a href="https://archspmmainsite.s3.amazonaws.com/Synod/PSLT.Novena.Feb10.2022.Esp.Final-FSBL+(1).pdf" target="_blank" rel="noopener">Novena al Espíritu Santo</a> con católicos de toda la Arquidiócesis y con los representantes sinodales de su parroquia. ¡El Espíritu Santo es fundamental para el éxito de nuestro Sínodo! Por favor, recen la Oración del Sínodo 2022. Pueden leer la oración <a href="https://archspmmainsite.s3.amazonaws.com/Synod/Synod+Year+3_prayer_text+only_English+Spanish_formatted.docx" target="_blank" rel="noopener">aquí</a> en inglés y español, y descargar tarjetas de oración (<a href="https://archspmmainsite.s3.amazonaws.com/Synod/Synod+Year+3_prayer+card_English.pdf" target="_blank" rel="noopener">Inglés</a>, <a href="https://archspmmainsite.s3.amazonaws.com/Synod/Synod+Year+3_prayer+card_Spanish.pdf" target="_blank" rel="noopener">Español</a>).</p>
<h5><a href="https://archspmmainsite.s3.amazonaws.com/Synod/SynodPrayerIntentions_April-June2022.docx" target="_blank" rel="noopener">Haga clic para descargar las intenciones mensuales, abril-junio de 2022.</a></h5>
<p><strong>Abril de 2022: Rendición</strong></p>
<p>Para que en nuestro camino juntos por la senda de la sinodalidad, podamos entregarnos con valentía a Dios todo lo que nos impide alcanzar la unidad en el Cuerpo de Cristo, roguemos al Señor.</p>
<p><strong>Mayo de 2022: Agradecimiento</strong></p>
<p>Para que, al unísono con el Cántico de María, podamos ofrecer nuestra gratitud a Dios por las bendiciones recibidas y las gracias esperadas en nuestro próximo Sínodo, oremos al Señor.</p>
<p><strong>Junio de 2022: Pentecostés</strong></p>
<p>Que al entrar y salir de la Asamblea Sinodal en este Pentecostés, el Espíritu Santo inflame nuestros corazones para proclamar la Buena Nueva de Jesucristo con más energía en toda la Arquidiócesis, se lo pedimos al Señor.<strong>Oración por el Año de San José</strong></p>
<p>Padre Celestial,</p>
<p>¿Quién entregó a San José a Jesús y María?</p>
<p>Como protector y guía,</p>
<p>Concede que nuestro Sínodo Arquidiocesano,</p>
<p>Bajo su protección y guía,</p>
<p>Que nos ayude a discernir su dirección para nuestra Iglesia.</p>
<p>Que podamos escuchar como él escuchaba,</p>
<p>Confía como él confió,</p>
<p>Obedecer como él obedeció,</p>
<p>Recibe como él recibió,</p>
<p>Ama como él amó,</p>
<p>Y compartir su vida de devoción a Jesús y María.</p>
<p>Amén.</p>
<p>San José, ruega por nosotros.</p>
<p><em><a href="https://www.archspm.org/es/synod/stjoseph/prayer-to-saint-joseph-order-prayer-cards/">Ver tarjetas de oración y traducciones</a>.</em></p>
<p><iframe title="Sínodo Arquidiocesano: Video de oración para marzo de 2020" width="800" height="450" src="https://www.youtube.com/embed/jejVnMg3Vmg?feature=oembed" frameborder="0" allow="accelerometer; autoplay; clipboard-write; encrypted-media; gyroscope; picture-in-picture; web-share" referrerpolicy="strict-origin-when-cross-origin" allowfullscreen></iframe></p>
<p>Ven Espíritu Santo</p>
<p>Haz que nuestros oídos escuchen</p>
<p>Haz que nuestros ojos vean</p>
<p>Haz que nuestras bocas hablen</p>
<p>Haz que nuestros corazones busquen</p>
<p>Haz que nuestras manos se extiendan</p>
<p>Y toca el mundo con tu amor.</p>
<p>Amén.</p>
<p>&nbsp;</p>
<p>María, Madre de la Iglesia,</p>
<p>Ruega por nosotros.</p>
<audio class="wp-audio-shortcode" id="audio-1477-1" preload="none" style="width: 100%;" controls="controls"><source type="audio/mpeg" src="https://archspmmainsite.s3.amazonaws.com/Synod/Pre-synod+Prayer+audio+mix.mp3?_=1" /><a href="https://archspmmainsite.s3.amazonaws.com/Synod/Pre-synod+Prayer+audio+mix.mp3" target="_blank" rel="noopener">https://archspmmainsite.s3.amazonaws.com/Synod/Pre-synod+Prayer+audio+mix.mp3</a></audio>
<p>Escucha “Come Holy Spirit” (Canción previa al Sínodo), del padre Michael Joncas.</p>
