{"id":1556,"date":"2022-11-19T17:35:07","date_gmt":"2022-11-19T22:35:07","guid":{"rendered":"https:\/\/www.archspm.org\/synodprayer\/"},"modified":"2025-04-16T10:17:29","modified_gmt":"2025-04-16T14:17:29","slug":"synodprayer","status":"publish","type":"page","link":"https:\/\/www.archspm.org\/es\/synodprayer\/","title":{"rendered":"Oraci\u00f3n arquidiocesana de evangelizaci\u00f3n"},"content":{"rendered":"<h2>Oraci\u00f3n arquidiocesana de evangelizaci\u00f3n<\/h2>\n<p>El Arzobispo Hebda anunci\u00f3 la Oraci\u00f3n Arquidiocesana de Evangelizaci\u00f3n (disponible en ingl\u00e9s y espa\u00f1ol m\u00e1s abajo) en su carta pastoral, <em>Ser\u00e9is mis testigos<\/em>que sigui\u00f3 a un proceso sinodal arquidiocesano de tres a\u00f1os. <a href=\"\/es\/synodletter\/\">Leer la carta<\/a>.<\/p>\n<h5><span data-contrast=\"auto\">Esp\u00edritu Santo,<\/span><span data-ccp-props=\"{&quot;335551550&quot;:2,&quot;335551620&quot;:2}\">\u00a0<\/span><\/h5>\n<h5><span data-contrast=\"auto\">renueva tus prodigios en nuestro tiempo, como en un nuevo Pentecost\u00e9s,<\/span><span data-ccp-props=\"{&quot;335551550&quot;:2,&quot;335551620&quot;:2}\">\u00a0<\/span><\/h5>\n<h5><span data-contrast=\"auto\">y conceder que esta Archidi\u00f3cesis,<\/span><span data-ccp-props=\"{&quot;335551550&quot;:2,&quot;335551620&quot;:2}\">\u00a0<\/span><\/h5>\n<h5><span data-contrast=\"auto\">unidos en oraci\u00f3n en torno a Mar\u00eda, la Madre de Jes\u00fas,<\/span><span data-ccp-props=\"{&quot;335551550&quot;:2,&quot;335551620&quot;:2}\">\u00a0<\/span><\/h5>\n<h5><span data-contrast=\"auto\">y guiado por San Pedro,<\/span><span data-ccp-props=\"{&quot;335551550&quot;:2,&quot;335551620&quot;:2}\">\u00a0<\/span><\/h5>\n<h5><span data-contrast=\"auto\">pueda difundir el Reino del divino Salvador,<\/span><span data-ccp-props=\"{&quot;335551550&quot;:2,&quot;335551620&quot;:2}\">\u00a0<\/span><\/h5>\n<h5><span data-contrast=\"auto\">un Reino de verdad, de justicia, de amor y de paz.<\/span><\/h5>\n<h5><span data-contrast=\"auto\">Am\u00e9n.<\/span><span data-ccp-props=\"{&quot;335551550&quot;:2,&quot;335551620&quot;:2}\">\u00a0<\/span><\/h5>\n<h5><span data-contrast=\"auto\">San Pablo, nuestro gran patrono misionero, \u00a1ruega por nosotros!<\/span><span data-ccp-props=\"{&quot;335551550&quot;:2,&quot;335551620&quot;:2}\">\u00a0<\/span><\/h5>\n<hr \/>\n<p><em><span class=\"NormalTextRun SCXW258154035 BCX0\">Adaptaci\u00f3n de la Oraci\u00f3n de San Juan XXIII en la convocatoria del Concilio Vaticano II<\/span><span class=\"NormalTextRun SCXW258154035 BCX0\">.<\/span><\/em><\/p>\n<h5>Esp\u00edritu Santo,<br \/>\nrenueva tus maravillas en nuestro tiempo, como en un nuevo Pentecost\u00e9s,<br \/>\ny concede que esta Arquidi\u00f3cesis,<br \/>\nunida en oraci\u00f3n en torno a Mar\u00eda, la Madre de Jes\u00fas,<br \/>\ny guiada por San Pedro,<br \/>\npueda extender el Reino del divino Salvador,<br \/>\nun Reino de verdad, de justicia, de amor y de paz<br \/>\nAm\u00e9n.<\/h5>\n<h5>San Pablo, nuestro gran patr\u00f3n misionero, \u00a1ruega por nosotros!<\/h5>\n<hr \/>\n<p><em>Adaptado de la Oraci\u00f3n de San Juan XXIII convocada por el Concilio Vaticano II<\/em><\/p>\n<p>&nbsp;<\/p>\n<p><iframe title=\"Oraci\u00f3n arquidiocesana de evangelizaci\u00f3n\" width=\"800\" height=\"450\" src=\"https:\/\/www.youtube.com\/embed\/Jv3pHkaxISQ?feature=oembed\" frameborder=\"0\" allow=\"accelerometer; autoplay; clipboard-write; encrypted-media; gyroscope; picture-in-picture; web-share\" referrerpolicy=\"strict-origin-when-cross-origin\" allowfullscreen><\/iframe><\/p>\n<p><iframe title=\"Oraci\u00f3n de Evangelizaci\u00f3n Arquidiocesana\" width=\"800\" height=\"450\" src=\"https:\/\/www.youtube.com\/embed\/L1Qbh-JdRLU?feature=oembed\" frameborder=\"0\" allow=\"accelerometer; autoplay; clipboard-write; encrypted-media; gyroscope; picture-in-picture; web-share\" referrerpolicy=\"strict-origin-when-cross-origin\" allowfullscreen><\/iframe><\/p>","protected":false},"excerpt":{"rendered":"<p>Archdiocesan Evangelization Prayer Archbishop Hebda announced the Archdiocesan Evangelization Prayer (available in English and Spanish below) in his pastoral letter, You Will Be My Witnesses, which followed a three-year Archdiocesan Synod process. Read the letter. Holy Spirit,\u00a0 renew your wonders in our time, as though in a new Pentecost,\u00a0 and grant that this Archdiocese,\u00a0 united [&hellip;]<\/p>\n","protected":false},"author":2,"featured_media":6498,"parent":0,"menu_order":0,"comment_status":"closed","ping_status":"closed","template":"","meta":{"footnotes":""},"class_list":["post-1556","page","type-page","status-publish","has-post-thumbnail","hentry"],"_links":{"self":[{"href":"https:\/\/www.archspm.org\/es\/wp-json\/wp\/v2\/pages\/1556","targetHints":{"allow":["GET"]}}],"collection":[{"href":"https:\/\/www.archspm.org\/es\/wp-json\/wp\/v2\/pages"}],"about":[{"href":"https:\/\/www.archspm.org\/es\/wp-json\/wp\/v2\/types\/page"}],"author":[{"embeddable":true,"href":"https:\/\/www.archspm.org\/es\/wp-json\/wp\/v2\/users\/2"}],"replies":[{"embeddable":true,"href":"https:\/\/www.archspm.org\/es\/wp-json\/wp\/v2\/comments?post=1556"}],"version-history":[{"count":0,"href":"https:\/\/www.archspm.org\/es\/wp-json\/wp\/v2\/pages\/1556\/revisions"}],"wp:featuredmedia":[{"embeddable":true,"href":"https:\/\/www.archspm.org\/es\/wp-json\/wp\/v2\/media\/6498"}],"wp:attachment":[{"href":"https:\/\/www.archspm.org\/es\/wp-json\/wp\/v2\/media?parent=1556"}],"curies":[{"name":"wp","href":"https:\/\/api.w.org\/{rel}","templated":true}]}}

Oración arquidiocesana de evangelización

<h2>Oración arquidiocesana de evangelización</h2>
<p>El Arzobispo Hebda anunció la Oración Arquidiocesana de Evangelización (disponible en inglés y español más abajo) en su carta pastoral, <em>Seréis mis testigos</em>que siguió a un proceso sinodal arquidiocesano de tres años. <a href="/es/synodletter/">Leer la carta</a>.</p>
<h5><span data-contrast="auto">Espíritu Santo,</span><span data-ccp-props="{&quot;335551550&quot;:2,&quot;335551620&quot;:2}"> </span></h5>
<h5><span data-contrast="auto">renueva tus prodigios en nuestro tiempo, como en un nuevo Pentecostés,</span><span data-ccp-props="{&quot;335551550&quot;:2,&quot;335551620&quot;:2}"> </span></h5>
<h5><span data-contrast="auto">y conceder que esta Archidiócesis,</span><span data-ccp-props="{&quot;335551550&quot;:2,&quot;335551620&quot;:2}"> </span></h5>
<h5><span data-contrast="auto">unidos en oración en torno a María, la Madre de Jesús,</span><span data-ccp-props="{&quot;335551550&quot;:2,&quot;335551620&quot;:2}"> </span></h5>
<h5><span data-contrast="auto">y guiado por San Pedro,</span><span data-ccp-props="{&quot;335551550&quot;:2,&quot;335551620&quot;:2}"> </span></h5>
<h5><span data-contrast="auto">pueda difundir el Reino del divino Salvador,</span><span data-ccp-props="{&quot;335551550&quot;:2,&quot;335551620&quot;:2}"> </span></h5>
<h5><span data-contrast="auto">un Reino de verdad, de justicia, de amor y de paz.</span></h5>
<h5><span data-contrast="auto">Amén.</span><span data-ccp-props="{&quot;335551550&quot;:2,&quot;335551620&quot;:2}"> </span></h5>
<h5><span data-contrast="auto">San Pablo, nuestro gran patrono misionero, ¡ruega por nosotros!</span><span data-ccp-props="{&quot;335551550&quot;:2,&quot;335551620&quot;:2}"> </span></h5>
<hr />
<p><em><span class="NormalTextRun SCXW258154035 BCX0">Adaptación de la Oración de San Juan XXIII en la convocatoria del Concilio Vaticano II</span><span class="NormalTextRun SCXW258154035 BCX0">.</span></em></p>
<h5>Espíritu Santo,<br />
renueva tus maravillas en nuestro tiempo, como en un nuevo Pentecostés,<br />
y concede que esta Arquidiócesis,<br />
unida en oración en torno a María, la Madre de Jesús,<br />
y guiada por San Pedro,<br />
pueda extender el Reino del divino Salvador,<br />
un Reino de verdad, de justicia, de amor y de paz<br />
Amén.</h5>
<h5>San Pablo, nuestro gran patrón misionero, ¡ruega por nosotros!</h5>
<hr />
<p><em>Adaptado de la Oración de San Juan XXIII convocada por el Concilio Vaticano II</em></p>
<p>&nbsp;</p>
<p><iframe title="Oración arquidiocesana de evangelización" width="800" height="450" src="https://www.youtube.com/embed/Jv3pHkaxISQ?feature=oembed" frameborder="0" allow="accelerometer; autoplay; clipboard-write; encrypted-media; gyroscope; picture-in-picture; web-share" referrerpolicy="strict-origin-when-cross-origin" allowfullscreen></iframe></p>
<p><iframe title="Oración de Evangelización Arquidiocesana" width="800" height="450" src="https://www.youtube.com/embed/L1Qbh-JdRLU?feature=oembed" frameborder="0" allow="accelerometer; autoplay; clipboard-write; encrypted-media; gyroscope; picture-in-picture; web-share" referrerpolicy="strict-origin-when-cross-origin" allowfullscreen></iframe></p>
