{"id":6230,"date":"2014-10-23T15:00:02","date_gmt":"2014-10-23T19:00:02","guid":{"rendered":"https:\/\/www.archspm.org\/new-safe-environment-page-hierarchy\/harry-majerus\/"},"modified":"2014-10-23T15:00:02","modified_gmt":"2014-10-23T19:00:02","slug":"harry-majerus","status":"publish","type":"page","link":"https:\/\/www.archspm.org\/es\/new-safe-environment-page-hierarchy\/harry-majerus\/","title":{"rendered":"Harry Majerus"},"content":{"rendered":"<p><strong>Harry Majerus<\/strong><\/p>\n<p>Fecha de nacimiento: 26 de julio de 1917<\/p>\n<p>Fecha de ordenaci\u00f3n: 26 de septiembre de 1942<\/p>\n<p>Historial de asignaciones de Majerus:<\/p>\n<ul>\n<li>Pastor adjunto, St. Columba, St. Paul, 1943-1944<\/li>\n<li>Subdirector de la Cofrad\u00eda de la Doctrina Cristiana, 1944-?<\/li>\n<li>Pastor adjunto, Catedral de San Pablo, 1944<\/li>\n<li>Capell\u00e1n del Hospital St. Joseph, St. Paul, 1944-1946<\/li>\n<li>Pastor adjunto, Iglesia de la Anunciaci\u00f3n, Minneapolis, 1946-1947<\/li>\n<li>Pastor adjunto, Holy Redeemer, Marshall, 1947-1949<\/li>\n<li>Pastor adjunto, Parroquia de Santo Tom\u00e1s Ap\u00f3stol, Minneapolis, 1949<\/li>\n<li>Pastor adjunto, St. Joseph, Hopkins, 1949<\/li>\n<li>Pastor adjunto, St. Stephen, Minneapolis, 1949-1952<\/li>\n<li>Pastor adjunto, Holy Redeemer, Marshall, 1952-1953<\/li>\n<li>Pastor adjunto, Iglesia de la Encarnaci\u00f3n, Minneapolis, 1953-1954<\/li>\n<li>P\u00e1rroco de Sagrado Coraz\u00f3n, Franklin, y San Patricio, Birch Coulee (San Patricio cerr\u00f3 en 1958), 1954-1966<\/li>\n<li>Diversos cargos en la Di\u00f3cesis de New Ulm tras su creaci\u00f3n en 1957\n<ul>\n<li>Director de Acci\u00f3n Cat\u00f3lica y de la Cofrad\u00eda de la Doctrina Cristiana, 1958-1966<\/li>\n<li>P\u00e1rroco de Santa Catalina, Redwood Falls (Di\u00f3cesis de New Ulm), 1966-1971<\/li>\n<\/ul>\n<\/li>\n<li>Permiso de ausencia, 1971<\/li>\n<li>Pastor adjunto, Mar\u00eda, Madre de la Iglesia, Burnsville, 1971-1980<\/li>\n<li>P\u00e1rroco de la Iglesia de la Inmaculada Concepci\u00f3n, San Pedro (Di\u00f3cesis de New Ulm), 1980-1991<\/li>\n<li>Director de la Oficina de Formaci\u00f3n Continua del Clero (Di\u00f3cesis de New Ulm), 1981-1987<\/li>\n<\/ul>\n<p>Di\u00f3cesis u orden religiosa: Arquidi\u00f3cesis de Saint Paul y Minneapolis; posteriormente, se incardin\u0101 a la Di\u00f3cesis de New Ulm tras su creaci\u00f3n en 1957.<\/p>\n<p>Situaci\u00f3n actual: Falleci\u00f3 en 1995<\/p>\n<p>Fecha en que la Arquidi\u00f3cesis de Saint Paul y Minneapolis public\u00f3 el nombre de esta persona en una lista de personas con denuncias fundamentadas de abuso en su contra: 23 de octubre de 2014.<\/p>\n<p>&nbsp;<\/p>\n<p>&nbsp;<\/p>","protected":false},"excerpt":{"rendered":"<p>Harry Majerus Date of birth: 7\/26\/1917 Date of ordination: 9\/26\/1942 Majerus\u2019 assignment history: Associate Pastor, St. Columba, St. Paul, 1943-1944 Assistant Director, Confraternity of Christian Doctrine 1944-? Associate\u00a0Pastor, Cathedral of Saint Paul, 1944 Chaplain, St. Joseph\u2019s Hospital, St. Paul, 1944-1946 Associate\u00a0Pastor, Annunciation, Minneapolis, 1946-1947 Associate\u00a0Pastor, Holy Redeemer, Marshall, 1947-1949 Associate\u00a0Pastor, St. Thomas the Apostle, Minneapolis, [&hellip;]<\/p>\n","protected":false},"author":4,"featured_media":0,"parent":6130,"menu_order":0,"comment_status":"open","ping_status":"open","template":"","meta":{"footnotes":""},"class_list":["post-6230","page","type-page","status-publish","hentry"],"_links":{"self":[{"href":"https:\/\/www.archspm.org\/es\/wp-json\/wp\/v2\/pages\/6230","targetHints":{"allow":["GET"]}}],"collection":[{"href":"https:\/\/www.archspm.org\/es\/wp-json\/wp\/v2\/pages"}],"about":[{"href":"https:\/\/www.archspm.org\/es\/wp-json\/wp\/v2\/types\/page"}],"author":[{"embeddable":true,"href":"https:\/\/www.archspm.org\/es\/wp-json\/wp\/v2\/users\/4"}],"replies":[{"embeddable":true,"href":"https:\/\/www.archspm.org\/es\/wp-json\/wp\/v2\/comments?post=6230"}],"version-history":[{"count":0,"href":"https:\/\/www.archspm.org\/es\/wp-json\/wp\/v2\/pages\/6230\/revisions"}],"up":[{"embeddable":true,"href":"https:\/\/www.archspm.org\/es\/wp-json\/wp\/v2\/pages\/6130"}],"wp:attachment":[{"href":"https:\/\/www.archspm.org\/es\/wp-json\/wp\/v2\/media?parent=6230"}],"curies":[{"name":"wp","href":"https:\/\/api.w.org\/{rel}","templated":true}]}}

<p><strong>Harry Majerus</strong></p>
<p>Fecha de nacimiento: 26 de julio de 1917</p>
<p>Fecha de ordenación: 26 de septiembre de 1942</p>
<p>Historial de asignaciones de Majerus:</p>
<ul>
<li>Pastor adjunto, St. Columba, St. Paul, 1943-1944</li>
<li>Subdirector de la Cofradía de la Doctrina Cristiana, 1944-?</li>
<li>Pastor adjunto, Catedral de San Pablo, 1944</li>
<li>Capellán del Hospital St. Joseph, St. Paul, 1944-1946</li>
<li>Pastor adjunto, Iglesia de la Anunciación, Minneapolis, 1946-1947</li>
<li>Pastor adjunto, Holy Redeemer, Marshall, 1947-1949</li>
<li>Pastor adjunto, Parroquia de Santo Tomás Apóstol, Minneapolis, 1949</li>
<li>Pastor adjunto, St. Joseph, Hopkins, 1949</li>
<li>Pastor adjunto, St. Stephen, Minneapolis, 1949-1952</li>
<li>Pastor adjunto, Holy Redeemer, Marshall, 1952-1953</li>
<li>Pastor adjunto, Iglesia de la Encarnación, Minneapolis, 1953-1954</li>
<li>Párroco de Sagrado Corazón, Franklin, y San Patricio, Birch Coulee (San Patricio cerró en 1958), 1954-1966</li>
<li>Diversos cargos en la Diócesis de New Ulm tras su creación en 1957
<ul>
<li>Director de Acción Católica y de la Cofradía de la Doctrina Cristiana, 1958-1966</li>
<li>Párroco de Santa Catalina, Redwood Falls (Diócesis de New Ulm), 1966-1971</li>
</ul>
</li>
<li>Permiso de ausencia, 1971</li>
<li>Pastor adjunto, María, Madre de la Iglesia, Burnsville, 1971-1980</li>
<li>Párroco de la Iglesia de la Inmaculada Concepción, San Pedro (Diócesis de New Ulm), 1980-1991</li>
<li>Director de la Oficina de Formación Continua del Clero (Diócesis de New Ulm), 1981-1987</li>
</ul>
<p>Diócesis u orden religiosa: Arquidiócesis de Saint Paul y Minneapolis; posteriormente, se incardinā a la Diócesis de New Ulm tras su creación en 1957.</p>
<p>Situación actual: Falleció en 1995</p>
<p>Fecha en que la Arquidiócesis de Saint Paul y Minneapolis publicó el nombre de esta persona en una lista de personas con denuncias fundamentadas de abuso en su contra: 23 de octubre de 2014.</p>
<p>&nbsp;</p>
<p>&nbsp;</p>
